{"id":2,"date":"2025-02-26T14:02:14","date_gmt":"2025-02-26T13:02:14","guid":{"rendered":"https:\/\/seal.transport-manager.net\/skibusbelledonne\/?page_id=2"},"modified":"2026-03-04T08:05:04","modified_gmt":"2026-03-04T07:05:04","slug":"infotrafic","status":"publish","type":"page","link":"https:\/\/seal.transport-manager.net\/IsereSKI\/vos-deplacement\/infotrafic\/","title":{"rendered":"Infotrafic"},"content":{"rendered":"\n<div style=\"white-space:nowrap;overflow:auto;padding:12px 0\">\n\n <a href=\"#c2\">\n  <img decoding=\"async\" src=\"https:\/\/i.postimg.cc\/RFLBhLVp\/Capture-d-e-cran-2025-11-01-a-14-28-58.png\" style=\"width:42px;height:42px;margin-right:8px;border-radius:8px\">\n<\/a>\n <a href=\"#9\">\n  <img decoding=\"async\" src=\"https:\/\/seal.transport-manager.net\/IsereSKI\/wp-content\/uploads\/sites\/549\/2026\/03\/Capture-decran-2026-03-04-a-08.04.24.png\" style=\"width:42px;height:42px;margin-right:8px;border-radius:8px\">\n<\/a>\n\n\n<\/div>\n\n\n\n<table style=\"width:100%;border-collapse:separate;border-spacing:16px 0\">\n<tr>\n\n<div id=\"c2\">\n<td style=\"width:33%;vertical-align:top\">\n<div style=\"background:#fff;border-radius:14px;padding:16px\">\n<strong>C2 : Travaux Meylan<\/strong>\n<div style=\"color:#E67E22;font-weight:600;margin-top:8px\">Perturb\u00e9<\/div>\n<div style=\"font-size:14px;margin-top:6px;line-height:1.5\">\nEn raison de travaux sur le secteur des Buclos, la ligne est d\u00e9vi\u00e9e entre les arr\u00eats \u00ab\u00a0La Revir\u00e9e\u00a0\u00bb et \u00ab\u00a0Meylan Mairie\u00a0\u00bb. Arr\u00eat non desservi : Buclos\n<\/div>\n<\/div>\n<\/td>\n\n<div id=\"9\">\n<td style=\"width:33%;vertical-align:top\">\n<div style=\"background:#fff;border-radius:14px;padding:16px\">\n<strong>9 : Contraintes d&rsquo;exploitations<\/strong>\n<div style=\"color:#E67E22;font-weight:600;margin-top:8px\">Perturb\u00e9<\/div>\n<div style=\"font-size:14px;margin-top:6px;line-height:1.5\">\nEn raison d&rsquo;un probl\u00e8me de bus, les fr\u00e9quences sont augment\u00e9es avec des plus moins capacitaires. La fr\u00e9quence reste donc provisoire en l&rsquo;attente de remise en service de plus gros v\u00e9hicules.\n<\/div>\n<\/div>\n<\/td>\n\n<\/tr>\n<\/table>\n\n\n\n<p><\/p>\n","protected":false},"excerpt":{"rendered":"<p>C2 : Travaux Meylan Perturb\u00e9 En raison de travaux sur le secteur des Buclos, la ligne est d\u00e9vi\u00e9e entre les arr\u00eats \u00ab\u00a0La Revir\u00e9e\u00a0\u00bb et \u00ab\u00a0Meylan Mairie\u00a0\u00bb. Arr\u00eat non desservi : Buclos 9 : Contraintes d&rsquo;exploitations Perturb\u00e9 En raison d&rsquo;un probl\u00e8me de bus, les fr\u00e9quences sont augment\u00e9es avec des plus moins capacitaires. La fr\u00e9quence reste donc&nbsp;&hellip;<\/p>\n","protected":false},"author":510,"featured_media":0,"parent":177,"menu_order":0,"comment_status":"closed","ping_status":"closed","template":"page-templates\/page-with-right-sidebar.php","meta":{"footnotes":""},"class_list":["post-2","page","type-page","status-publish","hentry"],"_links":{"self":[{"href":"https:\/\/seal.transport-manager.net\/IsereSKI\/wp-json\/wp\/v2\/pages\/2","targetHints":{"allow":["GET"]}}],"collection":[{"href":"https:\/\/seal.transport-manager.net\/IsereSKI\/wp-json\/wp\/v2\/pages"}],"about":[{"href":"https:\/\/seal.transport-manager.net\/IsereSKI\/wp-json\/wp\/v2\/types\/page"}],"author":[{"embeddable":true,"href":"https:\/\/seal.transport-manager.net\/IsereSKI\/wp-json\/wp\/v2\/users\/510"}],"replies":[{"embeddable":true,"href":"https:\/\/seal.transport-manager.net\/IsereSKI\/wp-json\/wp\/v2\/comments?post=2"}],"version-history":[{"count":44,"href":"https:\/\/seal.transport-manager.net\/IsereSKI\/wp-json\/wp\/v2\/pages\/2\/revisions"}],"predecessor-version":[{"id":901,"href":"https:\/\/seal.transport-manager.net\/IsereSKI\/wp-json\/wp\/v2\/pages\/2\/revisions\/901"}],"up":[{"embeddable":true,"href":"https:\/\/seal.transport-manager.net\/IsereSKI\/wp-json\/wp\/v2\/pages\/177"}],"wp:attachment":[{"href":"https:\/\/seal.transport-manager.net\/IsereSKI\/wp-json\/wp\/v2\/media?parent=2"}],"curies":[{"name":"wp","href":"https:\/\/api.w.org\/{rel}","templated":true}]}}

<div style="white-space:nowrap;overflow:auto;padding:12px 0">

 <a href="#c2">
  <img decoding="async" src="https://i.postimg.cc/RFLBhLVp/Capture-d-e-cran-2025-11-01-a-14-28-58.png" style="width:42px;height:42px;margin-right:8px;border-radius:8px">
</a>
 <a href="#9">
  <img decoding="async" src="https://seal.transport-manager.net/IsereSKI/wp-content/uploads/sites/549/2026/03/Capture-decran-2026-03-04-a-08.04.24.png" style="width:42px;height:42px;margin-right:8px;border-radius:8px">
</a>


</div>



<table style="width:100%;border-collapse:separate;border-spacing:16px 0">
<tr>

<div id="c2">
<td style="width:33%;vertical-align:top">
<div style="background:#fff;border-radius:14px;padding:16px">
<strong>C2 : Travaux Meylan</strong>
<div style="color:#E67E22;font-weight:600;margin-top:8px">Perturbé</div>
<div style="font-size:14px;margin-top:6px;line-height:1.5">
En raison de travaux sur le secteur des Buclos, la ligne est déviée entre les arrêts « La Revirée » et « Meylan Mairie ». Arrêt non desservi : Buclos
</div>
</div>
</td>

<div id="9">
<td style="width:33%;vertical-align:top">
<div style="background:#fff;border-radius:14px;padding:16px">
<strong>9 : Contraintes d&rsquo;exploitations</strong>
<div style="color:#E67E22;font-weight:600;margin-top:8px">Perturbé</div>
<div style="font-size:14px;margin-top:6px;line-height:1.5">
En raison d&rsquo;un problème de bus, les fréquences sont augmentées avec des plus moins capacitaires. La fréquence reste donc provisoire en l&rsquo;attente de remise en service de plus gros véhicules.
</div>
</div>
</td>

</tr>
</table>



<p></p>

<p>C2 : Travaux Meylan Perturbé En raison de travaux sur le secteur des Buclos, la ligne est déviée entre les arrêts « La Revirée » et « Meylan Mairie ». Arrêt non desservi : Buclos 9 : Contraintes d&rsquo;exploitations Perturbé En raison d&rsquo;un problème de bus, les fréquences sont augmentées avec des plus moins capacitaires. La fréquence reste donc&nbsp;&hellip;</p>
