{"id":342,"date":"2025-08-26T18:59:01","date_gmt":"2025-08-26T16:59:01","guid":{"rendered":"https:\/\/seal.transport-manager.net\/IsereSKI\/?page_id=342"},"modified":"2026-03-15T11:48:35","modified_gmt":"2026-03-15T10:48:35","slug":"les-lignes-tad","status":"publish","type":"page","link":"https:\/\/seal.transport-manager.net\/IsereSKI\/vos-deplacement\/les-lignes-tad\/","title":{"rendered":"Lignes TAD"},"content":{"rendered":"\n<p>Actuellement, le r\u00e9seau comporte 2 lignes sur r\u00e9servation appel\u00e9 lignes TAD, ces deux lignes poss\u00e8de au moins une correspondance avec une ligne structurante du r\u00e9seau afin de faciliter vos d\u00e9placements domicile &lt;&gt; centre-ville.<\/p>\n\n\n\n<div class=\"wp-block-columns is-layout-flex wp-container-core-columns-is-layout-9d6595d7 wp-block-columns-is-layout-flex\">\n<div class=\"wp-block-column is-layout-flow wp-block-column-is-layout-flow\">\n<div style=\"max-width:720px;margin:20px auto;background:#efe4d6;padding:16px;border-radius:14px;align-items:center;gap:12px\">\n<div style=\"background:#f5f5dc;padding:16px;margin:14px 0;border-radius:12px;align-items:center;gap:12px\">\n\n  <img decoding=\"async\" src=\"https:\/\/seal.transport-manager.net\/IsereSKI\/wp-content\/uploads\/sites\/549\/2025\/11\/Capture-decran-2025-11-03-a-19.02.27.png\" style=\"width:42px;height:42px;border-radius:8px;object-fit:cover\">\n\n  <div style=\"flex:1\">\n    <div style=\"font-weight:700\">Ligne 901 \u2014 Montfleury \u2194 Grand Sablon<\/div>\n    <div style=\"font-size:14px;color:#555\">\ud83d\ude8d 3,8 km \u2022 8 min \u2022 14 arr\u00eats<\/div>\n<div style=\"margin-top:8px;font-weight:700;color:#E39B38\">\n<\/div>\n<\/div>\n\n   \n <a href=\"\" style=\"margin-top:10px;padding:8px 14px;background:#E39B38;color:white;text-decoration:none;border-radius:8px;font-size:14px;font-weight:600\">\n      Voir la ligne \u2192 (Indisponible actuellement)\n    <\/a>\n  <\/div>\n\n<\/div>\n<\/div>\n\n\n\n<div class=\"wp-block-column is-layout-flow wp-block-column-is-layout-flow\">\n<div style=\"max-width:720px;margin:20px auto;background:#efe4d6;padding:16px;border-radius:14px;align-items:center;gap:12px\">\n<div style=\"background:#f5f5dc;padding:16px;margin:14px 0;border-radius:12px;align-items:center;gap:12px\">\n\n  <img decoding=\"async\" src=\"https:\/\/seal.transport-manager.net\/IsereSKI\/wp-content\/uploads\/sites\/549\/2025\/11\/Capture-decran-2025-11-03-a-19.06.10.png\" style=\"width:42px;height:42px;border-radius:8px;object-fit:cover\">\n\n  <div style=\"flex:1\">\n    <div style=\"font-weight:700\">Ligne 901 \u2014 Hauts de Seyssins \u2194 Le Prisme<\/div>\n    <div style=\"font-size:14px;color:#555\">\ud83d\ude8d 6,8 km \u2022 10 min \u2022 8 arr\u00eats<\/div>\n<div style=\"margin-top:8px;font-weight:700;color:#E39B38\">\n<\/div>\n<\/div>\n\n   \n <a href=\"\" style=\"margin-top:10px;padding:8px 14px;background:#E39B38;color:white;text-decoration:none;border-radius:8px;font-size:14px;font-weight:600\">\n      Voir la ligne \u2192 (Indisponible actuellement)\n    <\/a>\n  <\/div>\n\n<\/div>\n<\/div>\n<\/div>\n\n\n\n<div class=\"wp-block-buttons is-layout-flex wp-block-buttons-is-layout-flex\">\n<div class=\"wp-block-button\"><a class=\"wp-block-button__link has-text-align-center wp-element-button\" href=\"https:\/\/seal.transport-manager.net\/IsereSKI\/vos-deplacement\/les-lignes-tad\/reservez\/\">R\u00e9server un trajet d&rsquo;une ligne TAD<\/a><\/div>\n<\/div>\n","protected":false},"excerpt":{"rendered":"<p>Actuellement, le r\u00e9seau comporte 2 lignes sur r\u00e9servation appel\u00e9 lignes TAD, ces deux lignes poss\u00e8de au moins une correspondance avec une ligne structurante du r\u00e9seau afin de faciliter vos d\u00e9placements domicile &lt;&gt; centre-ville. Ligne 901 \u2014 Montfleury \u2194 Grand Sablon \ud83d\ude8d 3,8 km \u2022 8 min \u2022 14 arr\u00eats Voir la ligne \u2192 (Indisponible actuellement)&nbsp;&hellip;<\/p>\n","protected":false},"author":510,"featured_media":0,"parent":177,"menu_order":0,"comment_status":"closed","ping_status":"closed","template":"","meta":{"footnotes":""},"class_list":["post-342","page","type-page","status-publish","hentry"],"_links":{"self":[{"href":"https:\/\/seal.transport-manager.net\/IsereSKI\/wp-json\/wp\/v2\/pages\/342","targetHints":{"allow":["GET"]}}],"collection":[{"href":"https:\/\/seal.transport-manager.net\/IsereSKI\/wp-json\/wp\/v2\/pages"}],"about":[{"href":"https:\/\/seal.transport-manager.net\/IsereSKI\/wp-json\/wp\/v2\/types\/page"}],"author":[{"embeddable":true,"href":"https:\/\/seal.transport-manager.net\/IsereSKI\/wp-json\/wp\/v2\/users\/510"}],"replies":[{"embeddable":true,"href":"https:\/\/seal.transport-manager.net\/IsereSKI\/wp-json\/wp\/v2\/comments?post=342"}],"version-history":[{"count":12,"href":"https:\/\/seal.transport-manager.net\/IsereSKI\/wp-json\/wp\/v2\/pages\/342\/revisions"}],"predecessor-version":[{"id":913,"href":"https:\/\/seal.transport-manager.net\/IsereSKI\/wp-json\/wp\/v2\/pages\/342\/revisions\/913"}],"up":[{"embeddable":true,"href":"https:\/\/seal.transport-manager.net\/IsereSKI\/wp-json\/wp\/v2\/pages\/177"}],"wp:attachment":[{"href":"https:\/\/seal.transport-manager.net\/IsereSKI\/wp-json\/wp\/v2\/media?parent=342"}],"curies":[{"name":"wp","href":"https:\/\/api.w.org\/{rel}","templated":true}]}}

<p>Actuellement, le réseau comporte 2 lignes sur réservation appelé lignes TAD, ces deux lignes possède au moins une correspondance avec une ligne structurante du réseau afin de faciliter vos déplacements domicile &lt;&gt; centre-ville.</p>



<div class="wp-block-columns is-layout-flex wp-container-core-columns-is-layout-9d6595d7 wp-block-columns-is-layout-flex">
<div class="wp-block-column is-layout-flow wp-block-column-is-layout-flow">
<div style="max-width:720px;margin:20px auto;background:#efe4d6;padding:16px;border-radius:14px;align-items:center;gap:12px">
<div style="background:#f5f5dc;padding:16px;margin:14px 0;border-radius:12px;align-items:center;gap:12px">

  <img decoding="async" src="https://seal.transport-manager.net/IsereSKI/wp-content/uploads/sites/549/2025/11/Capture-decran-2025-11-03-a-19.02.27.png" style="width:42px;height:42px;border-radius:8px;object-fit:cover">

  <div style="flex:1">
    <div style="font-weight:700">Ligne 901 — Montfleury ↔ Grand Sablon</div>
    <div style="font-size:14px;color:#555">🚍 3,8 km • 8 min • 14 arrêts</div>
<div style="margin-top:8px;font-weight:700;color:#E39B38">
</div>
</div>

   
 <a href="" style="margin-top:10px;padding:8px 14px;background:#E39B38;color:white;text-decoration:none;border-radius:8px;font-size:14px;font-weight:600">
      Voir la ligne → (Indisponible actuellement)
    </a>
  </div>

</div>
</div>



<div class="wp-block-column is-layout-flow wp-block-column-is-layout-flow">
<div style="max-width:720px;margin:20px auto;background:#efe4d6;padding:16px;border-radius:14px;align-items:center;gap:12px">
<div style="background:#f5f5dc;padding:16px;margin:14px 0;border-radius:12px;align-items:center;gap:12px">

  <img decoding="async" src="https://seal.transport-manager.net/IsereSKI/wp-content/uploads/sites/549/2025/11/Capture-decran-2025-11-03-a-19.06.10.png" style="width:42px;height:42px;border-radius:8px;object-fit:cover">

  <div style="flex:1">
    <div style="font-weight:700">Ligne 901 — Hauts de Seyssins ↔ Le Prisme</div>
    <div style="font-size:14px;color:#555">🚍 6,8 km • 10 min • 8 arrêts</div>
<div style="margin-top:8px;font-weight:700;color:#E39B38">
</div>
</div>

   
 <a href="" style="margin-top:10px;padding:8px 14px;background:#E39B38;color:white;text-decoration:none;border-radius:8px;font-size:14px;font-weight:600">
      Voir la ligne → (Indisponible actuellement)
    </a>
  </div>

</div>
</div>
</div>



<div class="wp-block-buttons is-layout-flex wp-block-buttons-is-layout-flex">
<div class="wp-block-button"><a class="wp-block-button__link has-text-align-center wp-element-button" href="https://seal.transport-manager.net/IsereSKI/vos-deplacement/les-lignes-tad/reservez/">Réserver un trajet d&rsquo;une ligne TAD</a></div>
</div>

<p>Actuellement, le réseau comporte 2 lignes sur réservation appelé lignes TAD, ces deux lignes possède au moins une correspondance avec une ligne structurante du réseau afin de faciliter vos déplacements domicile &lt;&gt; centre-ville. Ligne 901 — Montfleury ↔ Grand Sablon 🚍 3,8 km • 8 min • 14 arrêts Voir la ligne → (Indisponible actuellement)&nbsp;&hellip;</p>
