{"id":599,"date":"2025-10-20T17:56:39","date_gmt":"2025-10-20T15:56:39","guid":{"rendered":"https:\/\/seal.transport-manager.net\/IsereSKI\/?page_id=599"},"modified":"2026-03-18T17:38:56","modified_gmt":"2026-03-18T16:38:56","slug":"agences-de-mobilites","status":"publish","type":"page","link":"https:\/\/seal.transport-manager.net\/IsereSKI\/agences-de-mobilites\/","title":{"rendered":"Agences de mobilit\u00e9s"},"content":{"rendered":"\n<figure class=\"wp-block-image size-large\"><img loading=\"lazy\" decoding=\"async\" width=\"1024\" height=\"683\" src=\"https:\/\/seal.transport-manager.net\/IsereSKI\/wp-content\/uploads\/sites\/549\/2025\/10\/ChatGPT-Image-20-oct.-2025-17_46_46-1-1024x683.png\" alt=\"\" class=\"wp-image-600\" srcset=\"https:\/\/seal.transport-manager.net\/IsereSKI\/wp-content\/uploads\/sites\/549\/2025\/10\/ChatGPT-Image-20-oct.-2025-17_46_46-1-1024x683.png 1024w, https:\/\/seal.transport-manager.net\/IsereSKI\/wp-content\/uploads\/sites\/549\/2025\/10\/ChatGPT-Image-20-oct.-2025-17_46_46-1-300x200.png 300w, https:\/\/seal.transport-manager.net\/IsereSKI\/wp-content\/uploads\/sites\/549\/2025\/10\/ChatGPT-Image-20-oct.-2025-17_46_46-1-768x512.png 768w, https:\/\/seal.transport-manager.net\/IsereSKI\/wp-content\/uploads\/sites\/549\/2025\/10\/ChatGPT-Image-20-oct.-2025-17_46_46-1-1232x821.png 1232w, https:\/\/seal.transport-manager.net\/IsereSKI\/wp-content\/uploads\/sites\/549\/2025\/10\/ChatGPT-Image-20-oct.-2025-17_46_46-1.png 1536w\" sizes=\"auto, (max-width: 1024px) 100vw, 1024px\" \/><figcaption class=\"wp-element-caption\">Agence de Vizille<\/figcaption><\/figure>\n\n\n\n<p class=\"has-black-color has-text-color has-link-color wp-elements-3124e9d79b9b4ebe169daa7922d06d1f\">GG Mobilit\u00e9s a install\u00e9 des agences de mobilit\u00e9s sur toute l\u2019agglom\u00e9ration Grenobloise afin de pouvoir vous renseigner, vous aider &#8230;<\/p>\n\n\n\n<p class=\"has-black-color has-text-color has-link-color wp-elements-1dbdb2274371ee5e473d44defdaf2b3a\">5 agences de mobilit\u00e9s sont implant\u00e9es \u00e0 des points strat\u00e9giques : <\/p>\n\n\n\n<ul class=\"wp-block-list has-black-color has-text-color has-link-color wp-elements-30041f941628535cbb553226850a0c41\">\n<li>Agence de la Gare (ouverte du lundi au samedi de 7h30 \u00e0 20h30 et le dimanche de 9h \u00e0 12h)<\/li>\n\n\n\n<li>Agence de Grand&rsquo;Place (ouverte du lundi au samedi de 7h30 \u00e0 20h30 et le dimanche de 9h \u00e0 12h)<\/li>\n\n\n\n<li>Agence des Claverins (ouverte du lundi au samedi de 7h30 \u00e0 20h30 et le dimanche de 9h \u00e0 12h)<\/li>\n\n\n\n<li>Agence du domaine universitaire (ouverte du lundi au vendredi de 7h30 \u00e0 20h30 et le dimanche de 9h \u00e0 12h)<\/li>\n\n\n\n<li>Agence de Vizille (ouverte du lundi au vendredi de 7h30 \u00e0 20h30 et le dimanche de 9h \u00e0 12h)<\/li>\n<\/ul>\n","protected":false},"excerpt":{"rendered":"<p>GG Mobilit\u00e9s a install\u00e9 des agences de mobilit\u00e9s sur toute l\u2019agglom\u00e9ration Grenobloise afin de pouvoir vous renseigner, vous aider &#8230; 5 agences de mobilit\u00e9s sont implant\u00e9es \u00e0 des points strat\u00e9giques :<\/p>\n","protected":false},"author":510,"featured_media":597,"parent":0,"menu_order":0,"comment_status":"closed","ping_status":"closed","template":"","meta":{"footnotes":""},"class_list":["post-599","page","type-page","status-publish","has-post-thumbnail","hentry"],"_links":{"self":[{"href":"https:\/\/seal.transport-manager.net\/IsereSKI\/wp-json\/wp\/v2\/pages\/599","targetHints":{"allow":["GET"]}}],"collection":[{"href":"https:\/\/seal.transport-manager.net\/IsereSKI\/wp-json\/wp\/v2\/pages"}],"about":[{"href":"https:\/\/seal.transport-manager.net\/IsereSKI\/wp-json\/wp\/v2\/types\/page"}],"author":[{"embeddable":true,"href":"https:\/\/seal.transport-manager.net\/IsereSKI\/wp-json\/wp\/v2\/users\/510"}],"replies":[{"embeddable":true,"href":"https:\/\/seal.transport-manager.net\/IsereSKI\/wp-json\/wp\/v2\/comments?post=599"}],"version-history":[{"count":3,"href":"https:\/\/seal.transport-manager.net\/IsereSKI\/wp-json\/wp\/v2\/pages\/599\/revisions"}],"predecessor-version":[{"id":934,"href":"https:\/\/seal.transport-manager.net\/IsereSKI\/wp-json\/wp\/v2\/pages\/599\/revisions\/934"}],"wp:featuredmedia":[{"embeddable":true,"href":"https:\/\/seal.transport-manager.net\/IsereSKI\/wp-json\/wp\/v2\/media\/597"}],"wp:attachment":[{"href":"https:\/\/seal.transport-manager.net\/IsereSKI\/wp-json\/wp\/v2\/media?parent=599"}],"curies":[{"name":"wp","href":"https:\/\/api.w.org\/{rel}","templated":true}]}}

Agences de mobilités

<figure class="wp-block-image size-large"><img loading="lazy" decoding="async" width="1024" height="683" src="https://seal.transport-manager.net/IsereSKI/wp-content/uploads/sites/549/2025/10/ChatGPT-Image-20-oct.-2025-17_46_46-1-1024x683.png" alt="" class="wp-image-600" srcset="https://seal.transport-manager.net/IsereSKI/wp-content/uploads/sites/549/2025/10/ChatGPT-Image-20-oct.-2025-17_46_46-1-1024x683.png 1024w, https://seal.transport-manager.net/IsereSKI/wp-content/uploads/sites/549/2025/10/ChatGPT-Image-20-oct.-2025-17_46_46-1-300x200.png 300w, https://seal.transport-manager.net/IsereSKI/wp-content/uploads/sites/549/2025/10/ChatGPT-Image-20-oct.-2025-17_46_46-1-768x512.png 768w, https://seal.transport-manager.net/IsereSKI/wp-content/uploads/sites/549/2025/10/ChatGPT-Image-20-oct.-2025-17_46_46-1-1232x821.png 1232w, https://seal.transport-manager.net/IsereSKI/wp-content/uploads/sites/549/2025/10/ChatGPT-Image-20-oct.-2025-17_46_46-1.png 1536w" sizes="auto, (max-width: 1024px) 100vw, 1024px" /><figcaption class="wp-element-caption">Agence de Vizille</figcaption></figure>



<p class="has-black-color has-text-color has-link-color wp-elements-3124e9d79b9b4ebe169daa7922d06d1f">GG Mobilités a installé des agences de mobilités sur toute l’agglomération Grenobloise afin de pouvoir vous renseigner, vous aider &#8230;</p>



<p class="has-black-color has-text-color has-link-color wp-elements-1dbdb2274371ee5e473d44defdaf2b3a">5 agences de mobilités sont implantées à des points stratégiques : </p>



<ul class="wp-block-list has-black-color has-text-color has-link-color wp-elements-30041f941628535cbb553226850a0c41">
<li>Agence de la Gare (ouverte du lundi au samedi de 7h30 à 20h30 et le dimanche de 9h à 12h)</li>



<li>Agence de Grand&rsquo;Place (ouverte du lundi au samedi de 7h30 à 20h30 et le dimanche de 9h à 12h)</li>



<li>Agence des Claverins (ouverte du lundi au samedi de 7h30 à 20h30 et le dimanche de 9h à 12h)</li>



<li>Agence du domaine universitaire (ouverte du lundi au vendredi de 7h30 à 20h30 et le dimanche de 9h à 12h)</li>



<li>Agence de Vizille (ouverte du lundi au vendredi de 7h30 à 20h30 et le dimanche de 9h à 12h)</li>
</ul>

<p>GG Mobilités a installé des agences de mobilités sur toute l’agglomération Grenobloise afin de pouvoir vous renseigner, vous aider &#8230; 5 agences de mobilités sont implantées à des points stratégiques :</p>
