{"id":641,"date":"2025-10-29T21:35:28","date_gmt":"2025-10-29T20:35:28","guid":{"rendered":"https:\/\/seal.transport-manager.net\/IsereSKI\/?page_id=641"},"modified":"2026-03-18T17:39:55","modified_gmt":"2026-03-18T16:39:55","slug":"vente-de-vehicules","status":"publish","type":"page","link":"https:\/\/seal.transport-manager.net\/IsereSKI\/vente-de-vehicules\/","title":{"rendered":"Vente de v\u00e9hicules"},"content":{"rendered":"\n<p class=\"has-black-color has-text-color has-link-color wp-elements-81cd2aa25eadac36d72bf72dad3972e5\">GG Mobilit\u00e9s vous propose plusieurs v\u00e9hicules \u00e0 la vente, vous pouvez les r\u00e9server.<\/p>\n\n\n\n<div class=\"wp-block-columns is-layout-flex wp-container-core-columns-is-layout-9d6595d7 wp-block-columns-is-layout-flex\">\n<div class=\"wp-block-column is-layout-flow wp-block-column-is-layout-flow\" style=\"flex-basis:66.66%\">\n<p class=\"has-black-color has-text-color has-link-color wp-elements-5c0d9a801b4c07d8f8544432ad182dbd\">Afin de connaitre les diff\u00e9rents v\u00e9hicules qui vont \u00eatre vendu prochainement : consultez ce fichier.<\/p>\n<\/div>\n\n\n\n<div class=\"wp-block-column is-layout-flow wp-block-column-is-layout-flow\" style=\"flex-basis:33.33%\">\n<div class=\"wp-block-buttons is-layout-flex wp-block-buttons-is-layout-flex\">\n<div class=\"wp-block-button\"><a class=\"wp-block-button__link wp-element-button\" href=\"https:\/\/docs.google.com\/spreadsheets\/d\/1793NieCdk5v9w8jJ3Nk0LrR3CIqyVJnZgtp5idMlwcI\/edit?resourcekey=&amp;gid=0#gid=0\">V\u00e9hicules bient\u00f4t en vente<\/a><\/div>\n<\/div>\n<\/div>\n<\/div>\n\n\n\n<div class=\"wp-block-columns is-layout-flex wp-container-core-columns-is-layout-9d6595d7 wp-block-columns-is-layout-flex\">\n<div class=\"wp-block-column is-layout-flow wp-block-column-is-layout-flow\" style=\"flex-basis:66.66%\">\n<p class=\"has-black-color has-text-color has-link-color wp-elements-1a2234b73545f7b72ed0409d89436561\">Pour r\u00e9server un v\u00e9hicule, merci de bien vouloir remplir ce formulaire.<\/p>\n<\/div>\n\n\n\n<div class=\"wp-block-column is-layout-flow wp-block-column-is-layout-flow\" style=\"flex-basis:33.33%\">\n<div class=\"wp-block-buttons is-layout-flex wp-block-buttons-is-layout-flex\">\n<div class=\"wp-block-button\"><a class=\"wp-block-button__link wp-element-button\" href=\"https:\/\/docs.google.com\/forms\/d\/e\/1FAIpQLSdkj06poP8FHYJ2H_jA2YgCJquShS3lVmDYNeH84_gyzruRkQ\/viewform?usp=header\">Je r\u00e9serve un\/des v\u00e9hicules<\/a><\/div>\n<\/div>\n<\/div>\n<\/div>\n","protected":false},"excerpt":{"rendered":"<p>GG Mobilit\u00e9s vous propose plusieurs v\u00e9hicules \u00e0 la vente, vous pouvez les r\u00e9server. Afin de connaitre les diff\u00e9rents v\u00e9hicules qui vont \u00eatre vendu prochainement : consultez ce fichier. Pour r\u00e9server un v\u00e9hicule, merci de bien vouloir remplir ce formulaire.<\/p>\n","protected":false},"author":510,"featured_media":0,"parent":0,"menu_order":0,"comment_status":"closed","ping_status":"closed","template":"","meta":{"footnotes":""},"class_list":["post-641","page","type-page","status-publish","hentry"],"_links":{"self":[{"href":"https:\/\/seal.transport-manager.net\/IsereSKI\/wp-json\/wp\/v2\/pages\/641","targetHints":{"allow":["GET"]}}],"collection":[{"href":"https:\/\/seal.transport-manager.net\/IsereSKI\/wp-json\/wp\/v2\/pages"}],"about":[{"href":"https:\/\/seal.transport-manager.net\/IsereSKI\/wp-json\/wp\/v2\/types\/page"}],"author":[{"embeddable":true,"href":"https:\/\/seal.transport-manager.net\/IsereSKI\/wp-json\/wp\/v2\/users\/510"}],"replies":[{"embeddable":true,"href":"https:\/\/seal.transport-manager.net\/IsereSKI\/wp-json\/wp\/v2\/comments?post=641"}],"version-history":[{"count":7,"href":"https:\/\/seal.transport-manager.net\/IsereSKI\/wp-json\/wp\/v2\/pages\/641\/revisions"}],"predecessor-version":[{"id":936,"href":"https:\/\/seal.transport-manager.net\/IsereSKI\/wp-json\/wp\/v2\/pages\/641\/revisions\/936"}],"wp:attachment":[{"href":"https:\/\/seal.transport-manager.net\/IsereSKI\/wp-json\/wp\/v2\/media?parent=641"}],"curies":[{"name":"wp","href":"https:\/\/api.w.org\/{rel}","templated":true}]}}