{"id":558,"date":"2022-06-23T21:09:57","date_gmt":"2022-06-23T19:09:57","guid":{"rendered":"https:\/\/seal.transport-manager.net\/titi\/?page_id=558"},"modified":"2025-04-03T16:09:23","modified_gmt":"2025-04-03T14:09:23","slug":"plan-du-reseau","status":"publish","type":"page","link":"https:\/\/seal.transport-manager.net\/TIM3500\/plan-du-reseau\/","title":{"rendered":"Plan du R\u00e9seau"},"content":{"rendered":"\n<p>Plan du r\u00e9seau urbain:<\/p>\n\n\n\n<p>Plan du r\u00e9seau p\u00e9ri-urbain:<\/p>\n\n\n\n<p>Plan du r\u00e9seau scolaire:<\/p>\n\n\n\n<p><\/p>\n","protected":false},"excerpt":{"rendered":"<p>Plan du r\u00e9seau urbain: Plan du r\u00e9seau p\u00e9ri-urbain: Plan du r\u00e9seau scolaire:<\/p>\n","protected":false},"author":41,"featured_media":0,"parent":0,"menu_order":0,"comment_status":"closed","ping_status":"closed","template":"","meta":{"footnotes":""},"class_list":["post-558","page","type-page","status-publish","hentry"],"_links":{"self":[{"href":"https:\/\/seal.transport-manager.net\/TIM3500\/wp-json\/wp\/v2\/pages\/558","targetHints":{"allow":["GET"]}}],"collection":[{"href":"https:\/\/seal.transport-manager.net\/TIM3500\/wp-json\/wp\/v2\/pages"}],"about":[{"href":"https:\/\/seal.transport-manager.net\/TIM3500\/wp-json\/wp\/v2\/types\/page"}],"author":[{"embeddable":true,"href":"https:\/\/seal.transport-manager.net\/TIM3500\/wp-json\/wp\/v2\/users\/41"}],"replies":[{"embeddable":true,"href":"https:\/\/seal.transport-manager.net\/TIM3500\/wp-json\/wp\/v2\/comments?post=558"}],"version-history":[{"count":9,"href":"https:\/\/seal.transport-manager.net\/TIM3500\/wp-json\/wp\/v2\/pages\/558\/revisions"}],"predecessor-version":[{"id":1320,"href":"https:\/\/seal.transport-manager.net\/TIM3500\/wp-json\/wp\/v2\/pages\/558\/revisions\/1320"}],"wp:attachment":[{"href":"https:\/\/seal.transport-manager.net\/TIM3500\/wp-json\/wp\/v2\/media?parent=558"}],"curies":[{"name":"wp","href":"https:\/\/api.w.org\/{rel}","templated":true}]}}