{"id":103,"date":"2022-06-24T14:10:34","date_gmt":"2022-06-24T12:10:34","guid":{"rendered":"https:\/\/seal.transport-manager.net\/Tibo_lyon\/?page_id=103"},"modified":"2023-02-23T22:23:37","modified_gmt":"2023-02-23T21:23:37","slug":"ligne-1","status":"publish","type":"page","link":"https:\/\/seal.transport-manager.net\/Tibo_lyon\/ligne-1\/","title":{"rendered":"Ligne 1"},"content":{"rendered":"\n<figure class=\"wp-block-image size-large\"><img decoding=\"async\" src=\"https:\/\/transport-manager.net\/assets\/img\/lignes\/N2_L1_trans2.png\" alt=\"\" \/><\/figure>\n\n\n\n<hr class=\"wp-block-separator has-css-opacity\" \/>\n\n\n\n<h2 class=\"wp-block-heading\">Les Actualit\u00e9s de la ligne<\/h2>\n\n\n<ul class=\"wp-block-latest-posts__list is-grid columns-3 has-dates alignwide wp-block-latest-posts\"><li><div class=\"wp-block-latest-posts__featured-image\"><a href=\"https:\/\/seal.transport-manager.net\/Tibo_lyon\/2023\/09\/14\/%f0%9f%9a%80-des-balises-de-priorite-aux-feux-pour-des-trajets-plus-rapides-%f0%9f%9a%a6\/\" aria-label=\"\ud83d\ude80 Des Balises de Priorit\u00e9 aux Feux pour des Trajets Plus Rapides ! \ud83d\udea6\"><img loading=\"lazy\" decoding=\"async\" width=\"150\" height=\"150\" src=\"https:\/\/seal.transport-manager.net\/Tibo_lyon\/wp-content\/uploads\/sites\/223\/2023\/09\/trafic-150x150.png\" class=\"attachment-thumbnail size-thumbnail wp-post-image\" alt=\"\" style=\"\" \/><\/a><\/div><a class=\"wp-block-latest-posts__post-title\" href=\"https:\/\/seal.transport-manager.net\/Tibo_lyon\/2023\/09\/14\/%f0%9f%9a%80-des-balises-de-priorite-aux-feux-pour-des-trajets-plus-rapides-%f0%9f%9a%a6\/\">\ud83d\ude80 Des Balises de Priorit\u00e9 aux Feux pour des Trajets Plus Rapides ! \ud83d\udea6<\/a><time datetime=\"2023-09-14T15:53:52+02:00\" class=\"wp-block-latest-posts__post-date\">14 septembre 2023<\/time><div class=\"wp-block-latest-posts__post-excerpt\">Chers voyageurs des lignes 1 \u00e0 11 (\u00e0 l&rsquo;exception des lignes 2 et 3), Nous avons une excellente nouvelle \u00e0 partager avec vous ! Chez TCM, nous aimons la vitesse et la fluidit\u00e9, tout comme vous. C&rsquo;est pourquoi nous avons entrepris une initiative passionnante pour am\u00e9liorer encore vos trajets. Nous installons des balises de priorit\u00e9&nbsp;&hellip;<\/div><\/li>\n<li><div class=\"wp-block-latest-posts__featured-image\"><a href=\"https:\/\/seal.transport-manager.net\/Tibo_lyon\/2023\/02\/08\/11-02-2023\/\" aria-label=\"Mouvement national &#8211; 11\/02\/2023\"><img loading=\"lazy\" decoding=\"async\" width=\"150\" height=\"150\" src=\"https:\/\/seal.transport-manager.net\/Tibo_lyon\/wp-content\/uploads\/sites\/223\/2023\/02\/greve-11-02-150x150.png\" class=\"attachment-thumbnail size-thumbnail wp-post-image\" alt=\"\" style=\"\" \/><\/a><\/div><a class=\"wp-block-latest-posts__post-title\" href=\"https:\/\/seal.transport-manager.net\/Tibo_lyon\/2023\/02\/08\/11-02-2023\/\">Mouvement national &#8211; 11\/02\/2023<\/a><time datetime=\"2023-02-08T08:42:10+01:00\" class=\"wp-block-latest-posts__post-date\">8 f\u00e9vrier 2023<\/time><div class=\"wp-block-latest-posts__post-excerpt\">Chers voyageurs, Les syndicats appellent \u00e0 une gr\u00e8ve g\u00e9n\u00e9rale et nationale le samedi 11 f\u00e9vrier 2023. Les revendications concernent le projet de r\u00e9forme des retraites du gouvernement. Nous allons tout donner pour vous pr\u00e9venir le plus t\u00f4t possible et r\u00e9duire au maximum les incidents sur votre temps de trajet. Une ligne pour la manifestation sera&nbsp;&hellip;<\/div><\/li>\n<li><a class=\"wp-block-latest-posts__post-title\" href=\"https:\/\/seal.transport-manager.net\/Tibo_lyon\/2023\/02\/07\/surprise\/\">1\/04\/2023<\/a><time datetime=\"2023-02-07T00:15:16+01:00\" class=\"wp-block-latest-posts__post-date\">7 f\u00e9vrier 2023<\/time><div class=\"wp-block-latest-posts__post-excerpt\">Vous \u00eates pr\u00eats \u00e0 vous lancer dans une aventure hors du commun ? Le 1er avril \u00e0 7h du matin sur le r\u00e9seau de transports en commun de Transport Clermont M\u00e9tropole, vous aurez l&rsquo;occasion de d\u00e9couvrir un \u00e9v\u00e9nement unique en son genre ! Venez vivre une exp\u00e9rience excitante, riche en surprises, et qui vous fera&nbsp;&hellip;<\/div><\/li>\n<li><div class=\"wp-block-latest-posts__featured-image\"><a href=\"https:\/\/seal.transport-manager.net\/Tibo_lyon\/2023\/02\/06\/7-02-2023\/\" aria-label=\"Mouvement national &#8211; 7\/02\/2023\"><img loading=\"lazy\" decoding=\"async\" width=\"150\" height=\"150\" src=\"https:\/\/seal.transport-manager.net\/Tibo_lyon\/wp-content\/uploads\/sites\/223\/2023\/02\/greve-1-150x150.png\" class=\"attachment-thumbnail size-thumbnail wp-post-image\" alt=\"\" style=\"\" \/><\/a><\/div><a class=\"wp-block-latest-posts__post-title\" href=\"https:\/\/seal.transport-manager.net\/Tibo_lyon\/2023\/02\/06\/7-02-2023\/\">Mouvement national &#8211; 7\/02\/2023<\/a><time datetime=\"2023-02-06T15:06:04+01:00\" class=\"wp-block-latest-posts__post-date\">6 f\u00e9vrier 2023<\/time><div class=\"wp-block-latest-posts__post-excerpt\">Chers voyageurs, Les syndicats appellent \u00e0 une gr\u00e8ve g\u00e9n\u00e9rale et nationale le mardi 7 f\u00e9vrier 2023. Les revendications concernent le projet de r\u00e9forme des retraites du gouvernement. Nous allons tout donner pour vous pr\u00e9venir le plus t\u00f4t possible et r\u00e9duire au maximum les incidents sur votre temps de trajet. Une ligne pour la manifestation sera&nbsp;&hellip;<\/div><\/li>\n<li><div class=\"wp-block-latest-posts__featured-image\"><a href=\"https:\/\/seal.transport-manager.net\/Tibo_lyon\/2023\/02\/04\/vacances-de-fevrier-2023\/\" aria-label=\"Vacances de f\u00e9vrier 2023\"><img loading=\"lazy\" decoding=\"async\" width=\"150\" height=\"150\" src=\"https:\/\/seal.transport-manager.net\/Tibo_lyon\/wp-content\/uploads\/sites\/223\/2023\/02\/vacances-1-150x150.jpg\" class=\"attachment-thumbnail size-thumbnail wp-post-image\" alt=\"\" style=\"\" \/><\/a><\/div><a class=\"wp-block-latest-posts__post-title\" href=\"https:\/\/seal.transport-manager.net\/Tibo_lyon\/2023\/02\/04\/vacances-de-fevrier-2023\/\">Vacances de f\u00e9vrier 2023<\/a><time datetime=\"2023-02-04T03:03:54+01:00\" class=\"wp-block-latest-posts__post-date\">4 f\u00e9vrier 2023<\/time><div class=\"wp-block-latest-posts__post-excerpt\">Du samedi 4 f\u00e9vrier au dimanche 19 f\u00e9vrier 2023 inclus, TCM passe en horaire vacances scolaires. Bonnes vacances \u00e0 tous et on se retrouve en pleine forme \u00e0 la rentr\u00e9e !<\/div><\/li>\n<\/ul>","protected":false},"excerpt":{"rendered":"<p>Les Actualit\u00e9s de la ligne<\/p>\n","protected":false},"author":249,"featured_media":333,"parent":0,"menu_order":0,"comment_status":"closed","ping_status":"closed","template":"","meta":{"footnotes":""},"class_list":["post-103","page","type-page","status-publish","has-post-thumbnail","hentry"],"_links":{"self":[{"href":"https:\/\/seal.transport-manager.net\/Tibo_lyon\/wp-json\/wp\/v2\/pages\/103","targetHints":{"allow":["GET"]}}],"collection":[{"href":"https:\/\/seal.transport-manager.net\/Tibo_lyon\/wp-json\/wp\/v2\/pages"}],"about":[{"href":"https:\/\/seal.transport-manager.net\/Tibo_lyon\/wp-json\/wp\/v2\/types\/page"}],"author":[{"embeddable":true,"href":"https:\/\/seal.transport-manager.net\/Tibo_lyon\/wp-json\/wp\/v2\/users\/249"}],"replies":[{"embeddable":true,"href":"https:\/\/seal.transport-manager.net\/Tibo_lyon\/wp-json\/wp\/v2\/comments?post=103"}],"version-history":[{"count":4,"href":"https:\/\/seal.transport-manager.net\/Tibo_lyon\/wp-json\/wp\/v2\/pages\/103\/revisions"}],"predecessor-version":[{"id":334,"href":"https:\/\/seal.transport-manager.net\/Tibo_lyon\/wp-json\/wp\/v2\/pages\/103\/revisions\/334"}],"wp:featuredmedia":[{"embeddable":true,"href":"https:\/\/seal.transport-manager.net\/Tibo_lyon\/wp-json\/wp\/v2\/media\/333"}],"wp:attachment":[{"href":"https:\/\/seal.transport-manager.net\/Tibo_lyon\/wp-json\/wp\/v2\/media?parent=103"}],"curies":[{"name":"wp","href":"https:\/\/api.w.org\/{rel}","templated":true}]}}

<figure class="wp-block-image size-large"><img decoding="async" src="https://transport-manager.net/assets/img/lignes/N2_L1_trans2.png" alt="" /></figure>



<hr class="wp-block-separator has-css-opacity" />



<h2 class="wp-block-heading">Les Actualités de la ligne</h2>


<ul class="wp-block-latest-posts__list is-grid columns-3 has-dates alignwide wp-block-latest-posts"><li><div class="wp-block-latest-posts__featured-image"><a href="https://seal.transport-manager.net/Tibo_lyon/2023/09/14/%f0%9f%9a%80-des-balises-de-priorite-aux-feux-pour-des-trajets-plus-rapides-%f0%9f%9a%a6/" aria-label="🚀 Des Balises de Priorité aux Feux pour des Trajets Plus Rapides ! 🚦"><img loading="lazy" decoding="async" width="150" height="150" src="https://seal.transport-manager.net/Tibo_lyon/wp-content/uploads/sites/223/2023/09/trafic-150x150.png" class="attachment-thumbnail size-thumbnail wp-post-image" alt="" style="" /></a></div><a class="wp-block-latest-posts__post-title" href="https://seal.transport-manager.net/Tibo_lyon/2023/09/14/%f0%9f%9a%80-des-balises-de-priorite-aux-feux-pour-des-trajets-plus-rapides-%f0%9f%9a%a6/">🚀 Des Balises de Priorité aux Feux pour des Trajets Plus Rapides ! 🚦</a><time datetime="2023-09-14T15:53:52+02:00" class="wp-block-latest-posts__post-date">14 septembre 2023</time><div class="wp-block-latest-posts__post-excerpt">Chers voyageurs des lignes 1 à 11 (à l&rsquo;exception des lignes 2 et 3), Nous avons une excellente nouvelle à partager avec vous ! Chez TCM, nous aimons la vitesse et la fluidité, tout comme vous. C&rsquo;est pourquoi nous avons entrepris une initiative passionnante pour améliorer encore vos trajets. Nous installons des balises de priorité&nbsp;&hellip;</div></li>
<li><div class="wp-block-latest-posts__featured-image"><a href="https://seal.transport-manager.net/Tibo_lyon/2023/02/08/11-02-2023/" aria-label="Mouvement national &#8211; 11/02/2023"><img loading="lazy" decoding="async" width="150" height="150" src="https://seal.transport-manager.net/Tibo_lyon/wp-content/uploads/sites/223/2023/02/greve-11-02-150x150.png" class="attachment-thumbnail size-thumbnail wp-post-image" alt="" style="" /></a></div><a class="wp-block-latest-posts__post-title" href="https://seal.transport-manager.net/Tibo_lyon/2023/02/08/11-02-2023/">Mouvement national &#8211; 11/02/2023</a><time datetime="2023-02-08T08:42:10+01:00" class="wp-block-latest-posts__post-date">8 février 2023</time><div class="wp-block-latest-posts__post-excerpt">Chers voyageurs, Les syndicats appellent à une grève générale et nationale le samedi 11 février 2023. Les revendications concernent le projet de réforme des retraites du gouvernement. Nous allons tout donner pour vous prévenir le plus tôt possible et réduire au maximum les incidents sur votre temps de trajet. Une ligne pour la manifestation sera&nbsp;&hellip;</div></li>
<li><a class="wp-block-latest-posts__post-title" href="https://seal.transport-manager.net/Tibo_lyon/2023/02/07/surprise/">1/04/2023</a><time datetime="2023-02-07T00:15:16+01:00" class="wp-block-latest-posts__post-date">7 février 2023</time><div class="wp-block-latest-posts__post-excerpt">Vous êtes prêts à vous lancer dans une aventure hors du commun ? Le 1er avril à 7h du matin sur le réseau de transports en commun de Transport Clermont Métropole, vous aurez l&rsquo;occasion de découvrir un événement unique en son genre ! Venez vivre une expérience excitante, riche en surprises, et qui vous fera&nbsp;&hellip;</div></li>
<li><div class="wp-block-latest-posts__featured-image"><a href="https://seal.transport-manager.net/Tibo_lyon/2023/02/06/7-02-2023/" aria-label="Mouvement national &#8211; 7/02/2023"><img loading="lazy" decoding="async" width="150" height="150" src="https://seal.transport-manager.net/Tibo_lyon/wp-content/uploads/sites/223/2023/02/greve-1-150x150.png" class="attachment-thumbnail size-thumbnail wp-post-image" alt="" style="" /></a></div><a class="wp-block-latest-posts__post-title" href="https://seal.transport-manager.net/Tibo_lyon/2023/02/06/7-02-2023/">Mouvement national &#8211; 7/02/2023</a><time datetime="2023-02-06T15:06:04+01:00" class="wp-block-latest-posts__post-date">6 février 2023</time><div class="wp-block-latest-posts__post-excerpt">Chers voyageurs, Les syndicats appellent à une grève générale et nationale le mardi 7 février 2023. Les revendications concernent le projet de réforme des retraites du gouvernement. Nous allons tout donner pour vous prévenir le plus tôt possible et réduire au maximum les incidents sur votre temps de trajet. Une ligne pour la manifestation sera&nbsp;&hellip;</div></li>
<li><div class="wp-block-latest-posts__featured-image"><a href="https://seal.transport-manager.net/Tibo_lyon/2023/02/04/vacances-de-fevrier-2023/" aria-label="Vacances de février 2023"><img loading="lazy" decoding="async" width="150" height="150" src="https://seal.transport-manager.net/Tibo_lyon/wp-content/uploads/sites/223/2023/02/vacances-1-150x150.jpg" class="attachment-thumbnail size-thumbnail wp-post-image" alt="" style="" /></a></div><a class="wp-block-latest-posts__post-title" href="https://seal.transport-manager.net/Tibo_lyon/2023/02/04/vacances-de-fevrier-2023/">Vacances de février 2023</a><time datetime="2023-02-04T03:03:54+01:00" class="wp-block-latest-posts__post-date">4 février 2023</time><div class="wp-block-latest-posts__post-excerpt">Du samedi 4 février au dimanche 19 février 2023 inclus, TCM passe en horaire vacances scolaires. Bonnes vacances à tous et on se retrouve en pleine forme à la rentrée !</div></li>
</ul>

<p>Les Actualités de la ligne</p>
