{"id":1518,"date":"2025-10-22T16:22:10","date_gmt":"2025-10-22T14:22:10","guid":{"rendered":"https:\/\/seal.transport-manager.net\/antonin\/?page_id=1518"},"modified":"2025-10-23T13:46:44","modified_gmt":"2025-10-23T11:46:44","slug":"la-metropole","status":"publish","type":"page","link":"https:\/\/seal.transport-manager.net\/antonin\/la-metropole\/","title":{"rendered":"Pr\u00e9sentation de la M\u00e9tropole"},"content":{"rendered":"\n<div class=\"wp-block-columns is-layout-flex wp-container-core-columns-is-layout-28f84493 wp-block-columns-is-layout-flex\">\n<div class=\"wp-block-column is-layout-flow wp-block-column-is-layout-flow\" style=\"flex-basis:33.33%\">\n<figure class=\"wp-block-image size-full\"><img loading=\"lazy\" decoding=\"async\" width=\"807\" height=\"336\" src=\"https:\/\/seal.transport-manager.net\/antonin\/wp-content\/uploads\/sites\/87\/2024\/09\/Logo-Metro.png\" alt=\"\" class=\"wp-image-457\" srcset=\"https:\/\/seal.transport-manager.net\/antonin\/wp-content\/uploads\/sites\/87\/2024\/09\/Logo-Metro.png 807w, https:\/\/seal.transport-manager.net\/antonin\/wp-content\/uploads\/sites\/87\/2024\/09\/Logo-Metro-300x125.png 300w, https:\/\/seal.transport-manager.net\/antonin\/wp-content\/uploads\/sites\/87\/2024\/09\/Logo-Metro-768x320.png 768w\" sizes=\"auto, (max-width: 807px) 100vw, 807px\" \/><\/figure>\n<\/div>\n\n\n\n<div class=\"wp-block-column is-layout-flow wp-block-column-is-layout-flow\" style=\"flex-basis:66.66%\">\n<p>La M\u00e9tropole Mont Ludorgue, C\u00f4te, Fleuve et \u00c9tangs est l&rsquo;Autorit\u00e9 Organisatrice des Mobilit\u00e9s (AOM). Elle regroupe les communes de la Ville-Centre, Arronay, Asquillay, Brinte, Canta, Chatonmeow, Clorent, Lacanac, Le Roto, Ludorgue, Lusignol, Minia, Mourlin, Naubourg, Rothil, Salanbourg, Saviens, Tutillus et Vantigue.<\/p>\n<\/div>\n<\/div>\n\n\n\n<p>R\u00e9put\u00e9e pour son attrait universitaire, la M\u00e9tropole est un territoire dynamique. Sa situation unique, entre mer et montagne, offre un \u00e9cosyst\u00e8me environnemental de haute qualit\u00e9 : la protection de ces plages, bois, parcs et for\u00eats est une priorit\u00e9. Le patrimoine culturel m\u00e9tropolitain est \u00e9galement riche : mus\u00e9es, th\u00e9\u00e2tres, architecture&#8230; Enfin, le dynamisme en mati\u00e8re d&#8217;emploi, alli\u00e9 \u00e0 cet environnement attractif, fait de la M\u00e9tropole un territoire o\u00f9 la qualit\u00e9 de vie est excellente.<\/p>\n","protected":false},"excerpt":{"rendered":"<p>La M\u00e9tropole Mont Ludorgue, C\u00f4te, Fleuve et \u00c9tangs est l&rsquo;Autorit\u00e9 Organisatrice des Mobilit\u00e9s (AOM). Elle regroupe les communes de la Ville-Centre, Arronay, Asquillay, Brinte, Canta, Chatonmeow, Clorent, Lacanac, Le Roto, Ludorgue, Lusignol, Minia, Mourlin, Naubourg, Rothil, Salanbourg, Saviens, Tutillus et Vantigue. R\u00e9put\u00e9e pour son attrait universitaire, la M\u00e9tropole est un [&hellip;]<\/p>\n","protected":false},"author":87,"featured_media":0,"parent":0,"menu_order":0,"comment_status":"closed","ping_status":"closed","template":"","meta":{"footnotes":""},"class_list":["post-1518","page","type-page","status-publish","hentry"],"_links":{"self":[{"href":"https:\/\/seal.transport-manager.net\/antonin\/wp-json\/wp\/v2\/pages\/1518","targetHints":{"allow":["GET"]}}],"collection":[{"href":"https:\/\/seal.transport-manager.net\/antonin\/wp-json\/wp\/v2\/pages"}],"about":[{"href":"https:\/\/seal.transport-manager.net\/antonin\/wp-json\/wp\/v2\/types\/page"}],"author":[{"embeddable":true,"href":"https:\/\/seal.transport-manager.net\/antonin\/wp-json\/wp\/v2\/users\/87"}],"replies":[{"embeddable":true,"href":"https:\/\/seal.transport-manager.net\/antonin\/wp-json\/wp\/v2\/comments?post=1518"}],"version-history":[{"count":3,"href":"https:\/\/seal.transport-manager.net\/antonin\/wp-json\/wp\/v2\/pages\/1518\/revisions"}],"predecessor-version":[{"id":1602,"href":"https:\/\/seal.transport-manager.net\/antonin\/wp-json\/wp\/v2\/pages\/1518\/revisions\/1602"}],"wp:attachment":[{"href":"https:\/\/seal.transport-manager.net\/antonin\/wp-json\/wp\/v2\/media?parent=1518"}],"curies":[{"name":"wp","href":"https:\/\/api.w.org\/{rel}","templated":true}]}}