{"id":189,"date":"2024-09-10T15:16:00","date_gmt":"2024-09-10T13:16:00","guid":{"rendered":"https:\/\/seal.transport-manager.net\/antonin\/?page_id=189"},"modified":"2025-11-27T23:42:24","modified_gmt":"2025-11-27T22:42:24","slug":"centres-operationnels-bus","status":"publish","type":"page","link":"https:\/\/seal.transport-manager.net\/antonin\/centres-operationnels-bus\/","title":{"rendered":"Centres Op\u00e9rationnels Bus et Tram"},"content":{"rendered":"\n<p>Koalabus dispose d&rsquo;infrastructures mises \u00e0 sa disposition par l&rsquo;Autorit\u00e9 Organisatrice des Mobilit\u00e9s de la m\u00e9tropole afin d&rsquo;offrir \u00e0 ses utilisateurs un r\u00e9seau fiable et moderne.<\/p>\n\n\n\n<figure class=\"wp-block-image size-full wp-duotone-rgb22211853-rgba2042042040-1\"><img loading=\"lazy\" decoding=\"async\" width=\"826\" height=\"313\" src=\"https:\/\/seal.transport-manager.net\/antonin\/wp-content\/uploads\/sites\/87\/2024\/09\/Depot.jpg\" alt=\"\" class=\"wp-image-492\" srcset=\"https:\/\/seal.transport-manager.net\/antonin\/wp-content\/uploads\/sites\/87\/2024\/09\/Depot.jpg 826w, https:\/\/seal.transport-manager.net\/antonin\/wp-content\/uploads\/sites\/87\/2024\/09\/Depot-300x114.jpg 300w, https:\/\/seal.transport-manager.net\/antonin\/wp-content\/uploads\/sites\/87\/2024\/09\/Depot-768x291.jpg 768w\" sizes=\"auto, (max-width: 826px) 100vw, 826px\" \/><figcaption class=\"wp-element-caption\"><sup>(image M. Riegler CC BY 3.0)<\/sup><\/figcaption><\/figure>\n\n\n\n<hr class=\"wp-block-separator has-alpha-channel-opacity is-style-wide\" \/>\n\n\n\n<h2 class=\"wp-block-heading\"><img loading=\"lazy\" decoding=\"async\" width=\"27\" height=\"27\" class=\"wp-image-1720\" style=\"width: 27px\" src=\"https:\/\/seal.transport-manager.net\/antonin\/wp-content\/uploads\/sites\/87\/2025\/10\/picto_garerout.png\" alt=\"\"> COB Chemin Neuf<\/h2>\n\n\n\n<p>Desservi par les lignes <img loading=\"lazy\" decoding=\"async\" width=\"97\" height=\"97\" class=\"wp-image-1287\" style=\"width: 20px\" src=\"https:\/\/seal.transport-manager.net\/antonin\/wp-content\/uploads\/sites\/87\/2025\/10\/logo_bus.png\" alt=\"\"><img loading=\"lazy\" decoding=\"async\" width=\"97\" height=\"97\" class=\"wp-image-162\" style=\"width: 20px\" src=\"https:\/\/seal.transport-manager.net\/antonin\/wp-content\/uploads\/sites\/87\/2024\/09\/L4.png\" alt=\"\"><img loading=\"lazy\" decoding=\"async\" width=\"97\" height=\"97\" class=\"wp-image-156\" style=\"width: 20px\" src=\"https:\/\/seal.transport-manager.net\/antonin\/wp-content\/uploads\/sites\/87\/2024\/09\/L10.png\" alt=\"\">, arr\u00eat \u00ab\u00a0Chemin Neuf\u00a0\u00bb<\/p>\n\n\n\n<p>Si\u00e8ge social de Koalabus \u2014 <img loading=\"lazy\" decoding=\"async\" width=\"27\" height=\"27\" class=\"wp-image-1722\" style=\"width: 20px\" src=\"https:\/\/seal.transport-manager.net\/antonin\/wp-content\/uploads\/sites\/87\/2025\/10\/picto_musee.png\" alt=\"\"> <a href=\"https:\/\/seal.transport-manager.net\/antonin\/vehicules-de-collection\/\" data-type=\"page\" data-id=\"929\">Mus\u00e9e Koalabus<\/a><\/p>\n\n\n\n<p>300 emplacements de garage bus \u2014 10 ateliers bus \u2014 Station de compression GNV \u2014 5 bornes de recharges \u00e9lectriques<\/p>\n\n\n\n<p><strong>\u00c9quipements :<\/strong> Tunnel de lavage bus &amp; cars \u2014 R\u00e9cup\u00e9rateur d&rsquo;eau de lavage \u2014 Panneaux photovolta\u00efques \u2014 Cam\u00e9ras de vid\u00e9osurveillance \u2014 \u00c9clairage LED<\/p>\n\n\n\n<hr class=\"wp-block-separator has-alpha-channel-opacity is-style-wide\" \/>\n\n\n\n<h2 class=\"wp-block-heading\"><img loading=\"lazy\" decoding=\"async\" width=\"27\" height=\"27\" class=\"wp-image-1720\" style=\"width: 27px\" src=\"https:\/\/seal.transport-manager.net\/antonin\/wp-content\/uploads\/sites\/87\/2025\/10\/picto_garerout.png\" alt=\"\"> COBT Orgeval<\/h2>\n\n\n\n<p>Desservi par la ligne <img loading=\"lazy\" decoding=\"async\" width=\"97\" height=\"97\" class=\"wp-image-1286\" style=\"width: 20px\" src=\"https:\/\/seal.transport-manager.net\/antonin\/wp-content\/uploads\/sites\/87\/2025\/10\/logo_tram.png\" alt=\"\"><img loading=\"lazy\" decoding=\"async\" width=\"97\" height=\"97\" class=\"wp-image-146\" style=\"width: 20px\" src=\"https:\/\/seal.transport-manager.net\/antonin\/wp-content\/uploads\/sites\/87\/2024\/09\/L1.png\" alt=\"\">, arr\u00eat \u00ab\u00a0Orgeval\u00a0\u00bb<\/p>\n\n\n\n<p>Le COB a ouvert le 10 avril 2025 et le COT a \u00e9t\u00e9 inaugur\u00e9 le 17 novembre 2025.<\/p>\n\n\n\n<p>150 emplacements de garage bus \u2014 5 ateliers bus \u2014 Station de compression GNV<br>30 emplacements de garage tramways \u2014 2 ateliers tramways<\/p>\n\n\n\n<p><strong>\u00c9quipements COB :<\/strong> Tunnel de lavage bus &amp; cars \u2014 R\u00e9cup\u00e9rateur d&rsquo;eau de lavage \u2014 Panneaux photovolta\u00efques \u2014 Cam\u00e9ras de vid\u00e9osurveillance \u2014 \u00c9clairage LED<\/p>\n\n\n\n<p><strong>\u00c9quipements COT :<\/strong> &#8230;<\/p>\n\n\n\n<p><\/p>\n\n\n\n<p><\/p>\n","protected":false},"excerpt":{"rendered":"<p>Koalabus dispose d&rsquo;infrastructures mises \u00e0 sa disposition par l&rsquo;Autorit\u00e9 Organisatrice des Mobilit\u00e9s de la m\u00e9tropole afin d&rsquo;offrir \u00e0 ses utilisateurs un r\u00e9seau fiable et moderne. COB Chemin Neuf Desservi par les lignes , arr\u00eat \u00ab\u00a0Chemin Neuf\u00a0\u00bb Si\u00e8ge social de Koalabus \u2014 Mus\u00e9e Koalabus 300 emplacements de garage bus \u2014 10 [&hellip;]<\/p>\n","protected":false},"author":87,"featured_media":0,"parent":0,"menu_order":0,"comment_status":"closed","ping_status":"closed","template":"","meta":{"footnotes":""},"class_list":["post-189","page","type-page","status-publish","hentry"],"_links":{"self":[{"href":"https:\/\/seal.transport-manager.net\/antonin\/wp-json\/wp\/v2\/pages\/189","targetHints":{"allow":["GET"]}}],"collection":[{"href":"https:\/\/seal.transport-manager.net\/antonin\/wp-json\/wp\/v2\/pages"}],"about":[{"href":"https:\/\/seal.transport-manager.net\/antonin\/wp-json\/wp\/v2\/types\/page"}],"author":[{"embeddable":true,"href":"https:\/\/seal.transport-manager.net\/antonin\/wp-json\/wp\/v2\/users\/87"}],"replies":[{"embeddable":true,"href":"https:\/\/seal.transport-manager.net\/antonin\/wp-json\/wp\/v2\/comments?post=189"}],"version-history":[{"count":32,"href":"https:\/\/seal.transport-manager.net\/antonin\/wp-json\/wp\/v2\/pages\/189\/revisions"}],"predecessor-version":[{"id":1885,"href":"https:\/\/seal.transport-manager.net\/antonin\/wp-json\/wp\/v2\/pages\/189\/revisions\/1885"}],"wp:attachment":[{"href":"https:\/\/seal.transport-manager.net\/antonin\/wp-json\/wp\/v2\/media?parent=189"}],"curies":[{"name":"wp","href":"https:\/\/api.w.org\/{rel}","templated":true}]}}