{"id":24,"date":"2023-08-23T13:29:58","date_gmt":"2023-08-23T11:29:58","guid":{"rendered":"https:\/\/seal.transport-manager.net\/antonin\/?page_id=24"},"modified":"2024-11-26T17:03:16","modified_gmt":"2024-11-26T16:03:16","slug":"titres-tarifs","status":"publish","type":"page","link":"https:\/\/seal.transport-manager.net\/antonin\/titres-tarifs\/","title":{"rendered":"Titres &amp; tarifs"},"content":{"rendered":"\n<p>Pour voyager en r\u00e8gle sur le r\u00e9seau Koalabus, vous devez \u00eatre en possession d&rsquo;un titre de transport valide. Il existe plusieurs titres de transport et abonnements.<\/p>\n\n\n\n<hr class=\"wp-block-separator has-alpha-channel-opacity is-style-wide\" \/>\n\n\n\n<h2 class=\"wp-block-heading\">Les diff\u00e9rents titres de transport<\/h2>\n\n\n\n<ul class=\"wp-block-list\">\n<li><strong>Ticket unitaire<\/strong> (valable 1h apr\u00e8s la premi\u00e8re validation, aller-retour interdit) : 1,80 \u20ac<\/li>\n<\/ul>\n\n\n\n<ul class=\"wp-block-list\">\n<li><strong>Ticket journ\u00e9e<\/strong> (valable en illimit\u00e9 pendant 24h apr\u00e8s la premi\u00e8re validation) : 5,30 \u20ac<\/li>\n<\/ul>\n\n\n<div class=\"wp-block-image\">\n<figure class=\"aligncenter size-full is-resized\"><img loading=\"lazy\" decoding=\"async\" width=\"758\" height=\"543\" src=\"https:\/\/seal.transport-manager.net\/antonin\/wp-content\/uploads\/sites\/87\/2024\/11\/koalaticket.png\" alt=\"\" class=\"wp-image-1094\" style=\"width:259px;height:auto\" srcset=\"https:\/\/seal.transport-manager.net\/antonin\/wp-content\/uploads\/sites\/87\/2024\/11\/koalaticket.png 758w, https:\/\/seal.transport-manager.net\/antonin\/wp-content\/uploads\/sites\/87\/2024\/11\/koalaticket-300x215.png 300w\" sizes=\"auto, (max-width: 758px) 100vw, 758px\" \/><figcaption class=\"wp-element-caption\"><sub>Support tickets unitaire et journ\u00e9e<\/sub><\/figcaption><\/figure>\n<\/div>\n\n\n<ul class=\"wp-block-list\">\n<li><strong>Ko\u00e0lacarte<\/strong> (abonnement mensuel tout public) : 62 \u20ac\/mois<\/li>\n\n\n\n<li><strong>Ko\u00e0lacarte<\/strong> (abonnement annuel tout public) : 682 \u20ac\/an (soit 57 \u20ac\/mois avec ao\u00fbt offert)<\/li>\n<\/ul>\n\n\n\n<ul class=\"wp-block-list\">\n<li><strong>Ko\u00e0lacarte Jeunes <\/strong>(abonnement annuel 6-25 ans) : 444 \u20ac\/an (soit 37 \u20ac\/mois avec juillet et ao\u00fbt offert)<\/li>\n<\/ul>\n\n\n<div class=\"wp-block-image\">\n<figure class=\"aligncenter size-full is-resized\"><img loading=\"lazy\" decoding=\"async\" width=\"758\" height=\"542\" src=\"https:\/\/seal.transport-manager.net\/antonin\/wp-content\/uploads\/sites\/87\/2024\/11\/koalacarte1.png\" alt=\"\" class=\"wp-image-1097\" style=\"width:259px;height:auto\" srcset=\"https:\/\/seal.transport-manager.net\/antonin\/wp-content\/uploads\/sites\/87\/2024\/11\/koalacarte1.png 758w, https:\/\/seal.transport-manager.net\/antonin\/wp-content\/uploads\/sites\/87\/2024\/11\/koalacarte1-300x215.png 300w\" sizes=\"auto, (max-width: 758px) 100vw, 758px\" \/><figcaption class=\"wp-element-caption\"><sub>Support koal\u00e0carte (abonnements)<\/sub><\/figcaption><\/figure>\n<\/div>\n\n\n<p>Les tarifs sont fix\u00e9s par l&rsquo;Autorit\u00e9 Organisatrice des Mobilit\u00e9s (AOM) de la M\u00e9tropole.<br>Les voyages sont gratuits pour les enfants de moins de 6 ans accompagn\u00e9s par un adulte.<\/p>\n\n\n\n<hr class=\"wp-block-separator has-alpha-channel-opacity is-style-wide\" \/>\n\n\n\n<h2 class=\"wp-block-heading\">Validation<\/h2>\n\n\n\n<p>La validation de votre ticket ou la pr\u00e9sentation de votre abonnement au conducteur est obligatoire.<\/p>\n\n\n\n<div class=\"wp-block-columns is-layout-flex wp-container-core-columns-is-layout-28f84493 wp-block-columns-is-layout-flex\">\n<div class=\"wp-block-column is-layout-flow wp-block-column-is-layout-flow\" style=\"flex-basis:20%\">\n<figure class=\"wp-block-image size-full\"><img loading=\"lazy\" decoding=\"async\" width=\"141\" height=\"263\" src=\"https:\/\/seal.transport-manager.net\/antonin\/wp-content\/uploads\/sites\/87\/2024\/09\/Valid-Magn.png\" alt=\"\" class=\"wp-image-347\" \/><\/figure>\n<\/div>\n\n\n\n<div class=\"wp-block-column is-layout-flow wp-block-column-is-layout-flow\" style=\"flex-basis:20%\">\n<figure class=\"wp-block-image size-full\"><img loading=\"lazy\" decoding=\"async\" width=\"139\" height=\"284\" src=\"https:\/\/seal.transport-manager.net\/antonin\/wp-content\/uploads\/sites\/87\/2024\/09\/Valid-Puce.png\" alt=\"\" class=\"wp-image-708\" \/><\/figure>\n<\/div>\n\n\n\n<div class=\"wp-block-column is-layout-flow wp-block-column-is-layout-flow\" style=\"flex-basis:60%\">\n<p>Le r\u00e9seau est actuellement \u00e9quip\u00e9 de composteurs de tickets papier au standard ISO avec une bande magn\u00e9tique (syst\u00e8me de gauche).<br><br>Le d\u00e9ploiement d&rsquo;une billettique plus moderne avec un syst\u00e8me de cartes plastifi\u00e9es \u00e9quip\u00e9es d&rsquo;une puce \u00e9lectronique est en cours (syst\u00e8me de droite). La plupart des lignes urbaines sont d\u00e9sormais \u00e9quip\u00e9es. Le d\u00e9ploiement se poursuivra jusqu&rsquo;\u00e0 mi-2025.<\/p>\n<\/div>\n<\/div>\n\n\n\n<p>En absence de titre de transport, les \u00e9quipes de contr\u00f4le sont autoris\u00e9es \u00e0 verbaliser les contrevenants (voir \u00ab\u00a0Infractions\u00a0\u00bb ci-dessous). Ces \u00e9quipes mobiles contr\u00f4lent sur tout le r\u00e9seau, 7 jours sur 7.<\/p>\n\n\n\n<hr class=\"wp-block-separator has-alpha-channel-opacity is-style-wide\" \/>\n\n\n\n<h2 class=\"wp-block-heading\">O\u00f9 acheter votre titre de transport ?<\/h2>\n\n\n\n<p><strong>Au Distributeur Automatique de Titres<\/strong> install\u00e9 dans les stations des lignes <img loading=\"lazy\" decoding=\"async\" width=\"97\" height=\"97\" class=\"wp-image-146\" style=\"width: 20px\" src=\"https:\/\/seal.transport-manager.net\/antonin\/wp-content\/uploads\/sites\/87\/2024\/09\/L1.png\" alt=\"\"><img loading=\"lazy\" decoding=\"async\" width=\"97\" height=\"97\" class=\"wp-image-149\" style=\"width: 20px\" src=\"https:\/\/seal.transport-manager.net\/antonin\/wp-content\/uploads\/sites\/87\/2024\/09\/L2.png\" alt=\"\"><img loading=\"lazy\" decoding=\"async\" width=\"97\" height=\"97\" class=\"wp-image-148\" style=\"width: 20px\" src=\"https:\/\/seal.transport-manager.net\/antonin\/wp-content\/uploads\/sites\/87\/2024\/09\/L3.png\" alt=\"\"> et dans quelques stations principales du r\u00e9seau (tickets unitaire et 24h, paiement en esp\u00e8ce et en CB)<\/p>\n\n\n\n<p><strong>Aupr\u00e8s du chauffeur de bus<\/strong> (ticket unitaire, sauf dans les lignes <img loading=\"lazy\" decoding=\"async\" width=\"97\" height=\"97\" class=\"wp-image-146\" style=\"width: 20px\" src=\"https:\/\/seal.transport-manager.net\/antonin\/wp-content\/uploads\/sites\/87\/2024\/09\/L1.png\" alt=\"\"><img loading=\"lazy\" decoding=\"async\" width=\"97\" height=\"97\" class=\"wp-image-149\" style=\"width: 20px\" src=\"https:\/\/seal.transport-manager.net\/antonin\/wp-content\/uploads\/sites\/87\/2024\/09\/L2.png\" alt=\"\"><img loading=\"lazy\" decoding=\"async\" width=\"97\" height=\"97\" class=\"wp-image-148\" style=\"width: 20px\" src=\"https:\/\/seal.transport-manager.net\/antonin\/wp-content\/uploads\/sites\/87\/2024\/09\/L3.png\" alt=\"\">, paiement en esp\u00e8ce uniquement, merci de faire l&rsquo;appoint)<\/p>\n\n\n\n<p><strong>En <a href=\"https:\/\/seal.transport-manager.net\/antonin\/agences-commerciales\/\" data-type=\"page\" data-id=\"25\">agence commerciale<\/a><\/strong> (tous types de tickets et d&rsquo;abonnements, paiement en esp\u00e8ce, CB, ch\u00e8que, virement, pr\u00e9l\u00e8vement automatique)<\/p>\n\n\n\n<hr class=\"wp-block-separator has-alpha-channel-opacity is-style-wide\" \/>\n\n\n\n<h2 class=\"wp-block-heading\">Infractions<\/h2>\n\n\n\n<p>Les infractions relev\u00e9es par les \u00e9quipes de contr\u00f4le sont soumises \u00e0 contravention. Les tarifs des contravention sont fix\u00e9s forfaitairement, en accord avec l&rsquo;Autorit\u00e9 Organisatrice des Mobilit\u00e9s (AOM) de la M\u00e9tropole.<\/p>\n\n\n\n<p>Les diff\u00e9rents motifs d&rsquo;infraction sont les suivants :<\/p>\n\n\n\n<ul class=\"wp-block-list\">\n<li>Absence de titre de transport : 80 \u20ac<\/li>\n\n\n\n<li>Non pr\u00e9sentation d&rsquo;un abonnement : 5 \u20ac<\/li>\n\n\n\n<li>Violation de l&rsquo;interdiction de fumer : 68 \u20ac (fix\u00e9 par le code de la sant\u00e9 publique, non soumis \u00e0 r\u00e9duction)<\/li>\n\n\n\n<li>Souillures (ex : pied sur les banquettes) : 80 \u20ac<\/li>\n\n\n\n<li>Incivilit\u00e9 (ex : utilisation d&rsquo;un appareil sonore) : 80 \u20ac<\/li>\n\n\n\n<li>D\u00e9terioration ou entrave \u00e0 la circulation : 200 \u20ac<\/li>\n<\/ul>\n\n\n\n<p>En cas de refus d&rsquo;obtemp\u00e9rer, les \u00e9quipes de contr\u00f4le sollicitent les forces de l&rsquo;ordre.<\/p>\n\n\n\n<p>Le paiement de la contravention se fait de plusieurs mani\u00e8res :<\/p>\n\n\n\n<ul class=\"wp-block-list\">\n<li><strong>Paiement imm\u00e9diat \u00e0 l&rsquo;agent de contr\u00f4le :<\/strong><br>R\u00e9duction de 20% du montant de la contravention (sauf interdiction de fumer)<br>(paiement en CB uniquement)<\/li>\n\n\n\n<li><strong>Paiement en agence sous 30 jours<\/strong><br>(paiement en esp\u00e8ces, CB, ch\u00e8que, virement)<\/li>\n\n\n\n<li><strong>Paiement au del\u00e0 de 30 jours :<\/strong><br>Majoration de 20% du montant de la contravention<br>(paiement en esp\u00e8ces, CB, ch\u00e8que, virement)<\/li>\n<\/ul>\n\n\n\n<p>Toute r\u00e9clamation est \u00e0 effectuer en <a href=\"https:\/\/seal.transport-manager.net\/antonin\/agences-commerciales\/\" data-type=\"page\" data-id=\"25\">agence commerciale<\/a>.<\/p>\n","protected":false},"excerpt":{"rendered":"<p>Pour voyager en r\u00e8gle sur le r\u00e9seau Koalabus, vous devez \u00eatre en possession d&rsquo;un titre de transport valide. Il existe plusieurs titres de transport et abonnements. Les diff\u00e9rents titres de transport Les tarifs sont fix\u00e9s par l&rsquo;Autorit\u00e9 Organisatrice des Mobilit\u00e9s (AOM) de la M\u00e9tropole.Les voyages sont gratuits pour les enfants [&hellip;]<\/p>\n","protected":false},"author":87,"featured_media":0,"parent":0,"menu_order":0,"comment_status":"closed","ping_status":"closed","template":"","meta":{"footnotes":""},"class_list":["post-24","page","type-page","status-publish","hentry"],"_links":{"self":[{"href":"https:\/\/seal.transport-manager.net\/antonin\/wp-json\/wp\/v2\/pages\/24","targetHints":{"allow":["GET"]}}],"collection":[{"href":"https:\/\/seal.transport-manager.net\/antonin\/wp-json\/wp\/v2\/pages"}],"about":[{"href":"https:\/\/seal.transport-manager.net\/antonin\/wp-json\/wp\/v2\/types\/page"}],"author":[{"embeddable":true,"href":"https:\/\/seal.transport-manager.net\/antonin\/wp-json\/wp\/v2\/users\/87"}],"replies":[{"embeddable":true,"href":"https:\/\/seal.transport-manager.net\/antonin\/wp-json\/wp\/v2\/comments?post=24"}],"version-history":[{"count":24,"href":"https:\/\/seal.transport-manager.net\/antonin\/wp-json\/wp\/v2\/pages\/24\/revisions"}],"predecessor-version":[{"id":1100,"href":"https:\/\/seal.transport-manager.net\/antonin\/wp-json\/wp\/v2\/pages\/24\/revisions\/1100"}],"wp:attachment":[{"href":"https:\/\/seal.transport-manager.net\/antonin\/wp-json\/wp\/v2\/media?parent=24"}],"curies":[{"name":"wp","href":"https:\/\/api.w.org\/{rel}","templated":true}]}}