{"id":982,"date":"2024-10-15T22:08:39","date_gmt":"2024-10-15T20:08:39","guid":{"rendered":"https:\/\/seal.transport-manager.net\/antonin\/?page_id=982"},"modified":"2025-10-21T15:46:53","modified_gmt":"2025-10-21T13:46:53","slug":"formulaire-de-reservation-de-tad","status":"publish","type":"page","link":"https:\/\/seal.transport-manager.net\/antonin\/formulaire-de-reservation-de-tad\/","title":{"rendered":"Formulaire de r\u00e9servation de TAD"},"content":{"rendered":"\n<p>Merci de remplir le formulaire ci-dessous afin de r\u00e9server votre trajet sur les lignes <img loading=\"lazy\" decoding=\"async\" width=\"97\" height=\"97\" class=\"wp-image-172\" style=\"width: 20px\" src=\"https:\/\/seal.transport-manager.net\/antonin\/wp-content\/uploads\/sites\/87\/2024\/09\/L901.png\" alt=\"\">, <img loading=\"lazy\" decoding=\"async\" width=\"97\" height=\"97\" class=\"wp-image-171\" style=\"width: 20px\" src=\"https:\/\/seal.transport-manager.net\/antonin\/wp-content\/uploads\/sites\/87\/2024\/09\/L902.png\" alt=\"\">, <img loading=\"lazy\" decoding=\"async\" width=\"97\" height=\"97\" class=\"wp-image-1371\" style=\"width: 20px\" src=\"https:\/\/seal.transport-manager.net\/antonin\/wp-content\/uploads\/sites\/87\/2025\/10\/L903.png\" alt=\"\"> et <img loading=\"lazy\" decoding=\"async\" width=\"97\" height=\"97\" class=\"wp-image-1372\" style=\"width: 20px\" src=\"https:\/\/seal.transport-manager.net\/antonin\/wp-content\/uploads\/sites\/87\/2025\/10\/L941.png\" alt=\"\">. <br>Nos \u00e9quipes vous contacteront par mail et par SMS pour confirmer votre r\u00e9servation.<\/p>\n\n\n\n<hr class=\"wp-block-separator has-alpha-channel-opacity\" style=\"margin-top:60px;margin-bottom:60px\" \/>\n\n\n<style id=\"wpforms-css-vars-13\">\n\t\t\t\t#wpforms-13 {\n\t\t\t\t--wpforms-container-padding: 0px;\n--wpforms-container-border-width: 1px;\n--wpforms-container-border-radius: 3px;\n--wpforms-background-color: rgba(0, 0, 0, 0);\n--wpforms-field-size-input-height: 43px;\n--wpforms-field-size-input-spacing: 15px;\n--wpforms-field-size-font-size: 16px;\n--wpforms-field-size-line-height: 19px;\n--wpforms-field-size-padding-h: 14px;\n--wpforms-field-size-checkbox-size: 16px;\n--wpforms-field-size-sublabel-spacing: 5px;\n--wpforms-field-size-icon-size: 1;\n--wpforms-label-size-font-size: 16px;\n--wpforms-label-size-line-height: 19px;\n--wpforms-label-size-sublabel-font-size: 14px;\n--wpforms-label-size-sublabel-line-height: 17px;\n--wpforms-button-size-font-size: 17px;\n--wpforms-button-size-height: 41px;\n--wpforms-button-size-padding-h: 15px;\n--wpforms-button-size-margin-top: 10px;\n--wpforms-container-shadow-size-box-shadow: none;\n\t\t\t}\n\t\t\t<\/style><div class=\"wpforms-container wpforms-container-full wpforms-render-modern\" id=\"wpforms-13\"><form id=\"wpforms-form-13\" class=\"wpforms-validate wpforms-form\" data-formid=\"13\" method=\"post\" enctype=\"multipart\/form-data\" action=\"\/antonin\/wp-json\/wp\/v2\/pages\/982\" data-token=\"5006e452175a8df7fc7abf5dc710340b\" data-token-time=\"1778976610\"><noscript class=\"wpforms-error-noscript\">Veuillez activer JavaScript dans votre navigateur pour remplir ce formulaire.<\/noscript><div id=\"wpforms-error-noscript\" style=\"display: none;\">Veuillez activer JavaScript dans votre navigateur pour remplir ce formulaire.<\/div><div class=\"wpforms-field-container\"><div id=\"wpforms-13-field_0-container\" class=\"wpforms-field wpforms-field-name\" data-field-id=\"0\"><fieldset><legend class=\"wpforms-field-label\">Nom de la personne effectuant le voyage <span class=\"wpforms-required-label\" aria-hidden=\"true\">*<\/span><\/legend><div class=\"wpforms-field-row wpforms-field-large\"><div class=\"wpforms-field-row-block wpforms-first wpforms-one-half\"><input type=\"text\" id=\"wpforms-13-field_0\" class=\"wpforms-field-name-first wpforms-field-required\" name=\"wpforms[fields][0][first]\" placeholder=\"Jean\" aria-errormessage=\"wpforms-13-field_0-error\" required><label for=\"wpforms-13-field_0\" class=\"wpforms-field-sublabel after\">Pr\u00e9nom<\/label><\/div><div class=\"wpforms-field-row-block wpforms-one-half\"><input type=\"text\" id=\"wpforms-13-field_0-last\" class=\"wpforms-field-name-last wpforms-field-required\" name=\"wpforms[fields][0][last]\" placeholder=\"Dupont\" aria-errormessage=\"wpforms-13-field_0-last-error\" required><label for=\"wpforms-13-field_0-last\" class=\"wpforms-field-sublabel after\">Nom<\/label><\/div><\/div><\/fieldset><\/div><div id=\"wpforms-13-field_10-container\" class=\"wpforms-field wpforms-field-name\" data-field-id=\"10\"><fieldset><legend class=\"wpforms-field-label\">Nom(s) de la (des) autre(s) personne(s) concern\u00e9es<\/legend><div class=\"wpforms-field-row wpforms-field-large\"><div class=\"wpforms-field-row-block wpforms-first wpforms-one-half\"><input type=\"text\" id=\"wpforms-13-field_10\" class=\"wpforms-field-name-first\" name=\"wpforms[fields][10][first]\" aria-errormessage=\"wpforms-13-field_10-error\" ><label for=\"wpforms-13-field_10\" class=\"wpforms-field-sublabel after\">Pr\u00e9nom<\/label><\/div><div class=\"wpforms-field-row-block wpforms-one-half\"><input type=\"text\" id=\"wpforms-13-field_10-last\" class=\"wpforms-field-name-last\" name=\"wpforms[fields][10][last]\" aria-errormessage=\"wpforms-13-field_10-last-error\" ><label for=\"wpforms-13-field_10-last\" class=\"wpforms-field-sublabel after\">Nom<\/label><\/div><\/div><\/fieldset><\/div><div id=\"wpforms-13-field_3-container\" class=\"wpforms-field wpforms-field-email\" data-field-id=\"3\"><label class=\"wpforms-field-label\" for=\"wpforms-13-field_3\">Email <span class=\"wpforms-required-label\" aria-hidden=\"true\">*<\/span><\/label><input type=\"email\" id=\"wpforms-13-field_3\" class=\"wpforms-field-large wpforms-field-required\" name=\"wpforms[fields][3]\" placeholder=\"jean.dupont@mail.com\" spellcheck=\"false\" aria-errormessage=\"wpforms-13-field_3-error\" required><\/div><div id=\"wpforms-13-field_13-container\" class=\"wpforms-field wpforms-field-text\" data-field-id=\"13\"><label class=\"wpforms-field-label\" for=\"wpforms-13-field_13\">N\u00b0 de t\u00e9l\u00e9phone <span class=\"wpforms-required-label\" aria-hidden=\"true\">*<\/span><\/label><input type=\"text\" id=\"wpforms-13-field_13\" class=\"wpforms-field-large wpforms-field-required\" name=\"wpforms[fields][13]\" placeholder=\"+33 6 23 45 67 89\" aria-errormessage=\"wpforms-13-field_13-error\" required><\/div><div id=\"wpforms-13-field_5-container\" class=\"wpforms-field wpforms-field-select wpforms-field-select-style-classic\" data-field-id=\"5\"><label class=\"wpforms-field-label\" for=\"wpforms-13-field_5\">Ligne de TAD concern\u00e9e <span class=\"wpforms-required-label\" aria-hidden=\"true\">*<\/span><\/label><select id=\"wpforms-13-field_5\" class=\"wpforms-field-large wpforms-field-required\" name=\"wpforms[fields][5]\" required=\"required\"><option value=\"Ligne 901 : Zone de Bellevue\"  class=\"choice-1 depth-1\"  >Ligne 901 : Zone de Bellevue<\/option><option value=\"Ligne 902 : Zone de l&#039;Observatoire\"  class=\"choice-2 depth-1\"  >Ligne 902 : Zone de l'Observatoire<\/option><option value=\"Ligne 903 : ZAC Globe\"  class=\"choice-3 depth-1\"  >Ligne 903 : ZAC Globe<\/option><option value=\"Ligne 941 : Saviens \/ Naubourg\"  class=\"choice-4 depth-1\"  >Ligne 941 : Saviens \/ Naubourg<\/option><\/select><\/div><div id=\"wpforms-13-field_12-container\" class=\"wpforms-field wpforms-field-text\" data-field-id=\"12\"><label class=\"wpforms-field-label\" for=\"wpforms-13-field_12\">Date et heure du voyage <span class=\"wpforms-required-label\" aria-hidden=\"true\">*<\/span><\/label><input type=\"text\" id=\"wpforms-13-field_12\" class=\"wpforms-field-large wpforms-field-required\" name=\"wpforms[fields][12]\" placeholder=\"15\/10\/2024 17h30\" aria-errormessage=\"wpforms-13-field_12-error\" required><\/div><div id=\"wpforms-13-field_14-container\" class=\"wpforms-field wpforms-field-text\" data-field-id=\"14\"><label class=\"wpforms-field-label\" for=\"wpforms-13-field_14\">Arr\u00eat de prise en charge <span class=\"wpforms-required-label\" aria-hidden=\"true\">*<\/span><\/label><input type=\"text\" id=\"wpforms-13-field_14\" class=\"wpforms-field-large wpforms-field-required\" name=\"wpforms[fields][14]\" placeholder=\"Parc de l&#039;\u00c9tang ou Mont\u00e9e du Levant ou Commissariat Naubourg ...\" aria-errormessage=\"wpforms-13-field_14-error\" required><\/div><\/div><!-- .wpforms-field-container --><div class=\"wpforms-submit-container\" ><input type=\"hidden\" name=\"wpforms[id]\" value=\"13\"><input type=\"hidden\" name=\"page_title\" value=\"\"><input type=\"hidden\" name=\"page_url\" value=\"https:\/\/seal.transport-manager.net\/antonin\/wp-json\/wp\/v2\/pages\/982\"><input type=\"hidden\" name=\"url_referer\" value=\"\"><button type=\"submit\" name=\"wpforms[submit]\" id=\"wpforms-submit-13\" class=\"wpforms-submit\" data-alt-text=\"Envoi en cours...\" data-submit-text=\"Envoyer la demande\" aria-live=\"assertive\" value=\"wpforms-submit\">Envoyer la demande<\/button><\/div><\/form><\/div>  <!-- .wpforms-container -->\n\n\n\n<p><\/p>\n\n\n\n<p class=\"has-text-color has-link-color has-small-font-size wp-elements-7a9f1cf680f10351ea6c7e7c51cde535\" style=\"color:#888888\"><em>Ce formulaire a \u00e9t\u00e9 cr\u00e9\u00e9 \u00e0 des fins de r\u00e9alisme. Aucune r\u00e9ponse r\u00e9elle ne sera donn\u00e9e \u00e0 votre demande !<\/em><\/p>\n\n\n\n<p><\/p>\n","protected":false},"excerpt":{"rendered":"<p>Merci de remplir le formulaire ci-dessous afin de r\u00e9server votre trajet sur les lignes , , et . Nos \u00e9quipes vous contacteront par mail et par SMS pour confirmer votre r\u00e9servation. Ce formulaire a \u00e9t\u00e9 cr\u00e9\u00e9 \u00e0 des fins de r\u00e9alisme. Aucune r\u00e9ponse r\u00e9elle ne sera donn\u00e9e \u00e0 votre demande [&hellip;]<\/p>\n","protected":false},"author":87,"featured_media":0,"parent":0,"menu_order":0,"comment_status":"closed","ping_status":"closed","template":"","meta":{"footnotes":""},"class_list":["post-982","page","type-page","status-publish","hentry"],"_links":{"self":[{"href":"https:\/\/seal.transport-manager.net\/antonin\/wp-json\/wp\/v2\/pages\/982","targetHints":{"allow":["GET"]}}],"collection":[{"href":"https:\/\/seal.transport-manager.net\/antonin\/wp-json\/wp\/v2\/pages"}],"about":[{"href":"https:\/\/seal.transport-manager.net\/antonin\/wp-json\/wp\/v2\/types\/page"}],"author":[{"embeddable":true,"href":"https:\/\/seal.transport-manager.net\/antonin\/wp-json\/wp\/v2\/users\/87"}],"replies":[{"embeddable":true,"href":"https:\/\/seal.transport-manager.net\/antonin\/wp-json\/wp\/v2\/comments?post=982"}],"version-history":[{"count":7,"href":"https:\/\/seal.transport-manager.net\/antonin\/wp-json\/wp\/v2\/pages\/982\/revisions"}],"predecessor-version":[{"id":1433,"href":"https:\/\/seal.transport-manager.net\/antonin\/wp-json\/wp\/v2\/pages\/982\/revisions\/1433"}],"wp:attachment":[{"href":"https:\/\/seal.transport-manager.net\/antonin\/wp-json\/wp\/v2\/media?parent=982"}],"curies":[{"name":"wp","href":"https:\/\/api.w.org\/{rel}","templated":true}]}}