{"id":13,"date":"2021-09-20T21:06:55","date_gmt":"2021-09-20T19:06:55","guid":{"rendered":"https:\/\/seal.transport-manager.net\/cebdebrest\/?page_id=13"},"modified":"2022-04-18T00:30:50","modified_gmt":"2022-04-17T22:30:50","slug":"le-parc","status":"publish","type":"page","link":"https:\/\/seal.transport-manager.net\/cebdebrest\/le-parc\/","title":{"rendered":"Le parc"},"content":{"rendered":"\n<div class=\"wp-block-columns is-layout-flex wp-container-core-columns-is-layout-28f84493 wp-block-columns-is-layout-flex\">\n<div class=\"wp-block-column is-layout-flow wp-block-column-is-layout-flow\" style=\"flex-basis:100%\">\n<div class=\"wp-block-columns is-layout-flex wp-container-core-columns-is-layout-28f84493 wp-block-columns-is-layout-flex\">\n<div class=\"wp-block-column is-layout-flow wp-block-column-is-layout-flow\"><\/div>\n<\/div>\n\n\n\n<div class=\"wp-block-columns is-layout-flex wp-container-core-columns-is-layout-28f84493 wp-block-columns-is-layout-flex\">\n<div class=\"wp-block-column is-layout-flow wp-block-column-is-layout-flow\"><\/div>\n<\/div>\n\n\n\n<p class=\"has-text-align-center has-large-font-size\"><strong>Le parc est compos\u00e9 de :<\/strong><\/p>\n\n\n\n<p><\/p>\n\n\n\n<div class=\"wp-block-buttons is-content-justification-center is-layout-flex wp-container-core-buttons-is-layout-a89b3969 wp-block-buttons-is-layout-flex\">\n<div class=\"wp-block-button aligncenter has-custom-width wp-block-button__width-50 has-custom-font-size has-medium-font-size\"><a class=\"wp-block-button__link has-accent-color has-text-color\" href=\"https:\/\/seal.transport-manager.net\/cebdebrest\/les-bus\/\">56 Bus<\/a><\/div>\n<\/div>\n\n\n\n<ul class=\"has-background-color-background-color has-background wp-block-list\"><li>12 Heuilez GX 337 E<\/li><li>22 Mercedes Citaro C2<\/li><li>6 Mercedes Citaro G C2<\/li><li>16 Man Lion\u2019s City 18<\/li><\/ul>\n\n\n\n<div class=\"wp-block-columns is-layout-flex wp-container-core-columns-is-layout-28f84493 wp-block-columns-is-layout-flex\">\n<div class=\"wp-block-column is-layout-flow wp-block-column-is-layout-flow\">\n<div class=\"wp-block-columns is-layout-flex wp-container-core-columns-is-layout-28f84493 wp-block-columns-is-layout-flex\">\n<div class=\"wp-block-column is-vertically-aligned-center is-layout-flow wp-block-column-is-layout-flow\">\n<figure class=\"wp-block-table\"><table><tbody><tr><td class=\"has-text-align-center\" data-align=\"center\"><img loading=\"lazy\" decoding=\"async\" width=\"1810\" height=\"1093\" class=\"wp-image-1253\" style=\"width: 150px\" src=\"https:\/\/seal.transport-manager.net\/cebdebrest\/wp-content\/uploads\/sites\/93\/2022\/03\/IMG_0276-1.jpg\" alt=\"\" srcset=\"https:\/\/seal.transport-manager.net\/cebdebrest\/wp-content\/uploads\/sites\/93\/2022\/03\/IMG_0276-1.jpg 1810w, https:\/\/seal.transport-manager.net\/cebdebrest\/wp-content\/uploads\/sites\/93\/2022\/03\/IMG_0276-1-300x181.jpg 300w, https:\/\/seal.transport-manager.net\/cebdebrest\/wp-content\/uploads\/sites\/93\/2022\/03\/IMG_0276-1-1024x618.jpg 1024w, https:\/\/seal.transport-manager.net\/cebdebrest\/wp-content\/uploads\/sites\/93\/2022\/03\/IMG_0276-1-768x464.jpg 768w, https:\/\/seal.transport-manager.net\/cebdebrest\/wp-content\/uploads\/sites\/93\/2022\/03\/IMG_0276-1-1536x928.jpg 1536w\" sizes=\"auto, (max-width: 1810px) 100vw, 1810px\" \/><\/td><td class=\"has-text-align-center\" data-align=\"center\"><img loading=\"lazy\" decoding=\"async\" width=\"2048\" height=\"625\" class=\"wp-image-1254\" style=\"width: 200px\" src=\"https:\/\/seal.transport-manager.net\/cebdebrest\/wp-content\/uploads\/sites\/93\/2022\/03\/IMG_1941-1.jpg\" alt=\"\" srcset=\"https:\/\/seal.transport-manager.net\/cebdebrest\/wp-content\/uploads\/sites\/93\/2022\/03\/IMG_1941-1.jpg 2048w, https:\/\/seal.transport-manager.net\/cebdebrest\/wp-content\/uploads\/sites\/93\/2022\/03\/IMG_1941-1-300x92.jpg 300w, https:\/\/seal.transport-manager.net\/cebdebrest\/wp-content\/uploads\/sites\/93\/2022\/03\/IMG_1941-1-1024x313.jpg 1024w, https:\/\/seal.transport-manager.net\/cebdebrest\/wp-content\/uploads\/sites\/93\/2022\/03\/IMG_1941-1-768x234.jpg 768w, https:\/\/seal.transport-manager.net\/cebdebrest\/wp-content\/uploads\/sites\/93\/2022\/03\/IMG_1941-1-1536x469.jpg 1536w\" sizes=\"auto, (max-width: 2048px) 100vw, 2048px\" \/><\/td><td class=\"has-text-align-center\" data-align=\"center\"><img loading=\"lazy\" decoding=\"async\" width=\"2048\" height=\"1366\" class=\"wp-image-1255\" style=\"width: 140px\" src=\"https:\/\/seal.transport-manager.net\/cebdebrest\/wp-content\/uploads\/sites\/93\/2022\/03\/1640210449697.jpg\" alt=\"\" srcset=\"https:\/\/seal.transport-manager.net\/cebdebrest\/wp-content\/uploads\/sites\/93\/2022\/03\/1640210449697.jpg 2048w, https:\/\/seal.transport-manager.net\/cebdebrest\/wp-content\/uploads\/sites\/93\/2022\/03\/1640210449697-300x200.jpg 300w, https:\/\/seal.transport-manager.net\/cebdebrest\/wp-content\/uploads\/sites\/93\/2022\/03\/1640210449697-1024x683.jpg 1024w, https:\/\/seal.transport-manager.net\/cebdebrest\/wp-content\/uploads\/sites\/93\/2022\/03\/1640210449697-768x512.jpg 768w, https:\/\/seal.transport-manager.net\/cebdebrest\/wp-content\/uploads\/sites\/93\/2022\/03\/1640210449697-1536x1025.jpg 1536w, https:\/\/seal.transport-manager.net\/cebdebrest\/wp-content\/uploads\/sites\/93\/2022\/03\/1640210449697-360x240.jpg 360w\" sizes=\"auto, (max-width: 2048px) 100vw, 2048px\" \/><\/td><\/tr><\/tbody><\/table><\/figure>\n<\/div>\n\n\n\n<div class=\"wp-block-column is-layout-flow wp-block-column-is-layout-flow\"><\/div>\n<\/div>\n<\/div>\n<\/div>\n\n\n\n<div class=\"wp-block-buttons is-content-justification-center is-layout-flex wp-container-core-buttons-is-layout-a89b3969 wp-block-buttons-is-layout-flex\">\n<div class=\"wp-block-button has-custom-width wp-block-button__width-75 has-custom-font-size has-medium-font-size\"><a class=\"wp-block-button__link has-accent-color has-text-color\" href=\"https:\/\/seal.transport-manager.net\/cebdebrest\/les-veichules-de-service\/\">5 v\u00e9hicules de service <\/a><\/div>\n<\/div>\n\n\n\n<ul class=\"has-background-color-background-color has-background has-medium-font-size wp-block-list\"><li>4 Renault M\u00e9gane soci\u00e9t\u00e9<\/li><li>1 D\u00e9panneuse Renault Kerax<\/li><\/ul>\n<\/div>\n<\/div>\n","protected":false},"excerpt":{"rendered":"<p>Le parc est compos\u00e9 de : 12 Heuilez GX 337 E 22 Mercedes Citaro C2 6 Mercedes Citaro G C2 16 Man Lion\u2019s City 18 4 Renault M\u00e9gane soci\u00e9t\u00e9 1 D\u00e9panneuse Renault Kerax<\/p>\n","protected":false},"author":94,"featured_media":0,"parent":0,"menu_order":0,"comment_status":"closed","ping_status":"closed","template":"","meta":{"footnotes":""},"class_list":["post-13","page","type-page","status-publish","hentry"],"_links":{"self":[{"href":"https:\/\/seal.transport-manager.net\/cebdebrest\/wp-json\/wp\/v2\/pages\/13","targetHints":{"allow":["GET"]}}],"collection":[{"href":"https:\/\/seal.transport-manager.net\/cebdebrest\/wp-json\/wp\/v2\/pages"}],"about":[{"href":"https:\/\/seal.transport-manager.net\/cebdebrest\/wp-json\/wp\/v2\/types\/page"}],"author":[{"embeddable":true,"href":"https:\/\/seal.transport-manager.net\/cebdebrest\/wp-json\/wp\/v2\/users\/94"}],"replies":[{"embeddable":true,"href":"https:\/\/seal.transport-manager.net\/cebdebrest\/wp-json\/wp\/v2\/comments?post=13"}],"version-history":[{"count":24,"href":"https:\/\/seal.transport-manager.net\/cebdebrest\/wp-json\/wp\/v2\/pages\/13\/revisions"}],"predecessor-version":[{"id":1295,"href":"https:\/\/seal.transport-manager.net\/cebdebrest\/wp-json\/wp\/v2\/pages\/13\/revisions\/1295"}],"wp:attachment":[{"href":"https:\/\/seal.transport-manager.net\/cebdebrest\/wp-json\/wp\/v2\/media?parent=13"}],"curies":[{"name":"wp","href":"https:\/\/api.w.org\/{rel}","templated":true}]}}