{"id":2,"date":"2021-07-20T09:44:53","date_gmt":"2021-07-20T07:44:53","guid":{"rendered":"https:\/\/seal.transport-manager.net\/corque\/?page_id=2"},"modified":"2025-09-13T12:06:59","modified_gmt":"2025-09-13T10:06:59","slug":"page-d-exemple","status":"publish","type":"page","link":"https:\/\/seal.transport-manager.net\/corque\/page-d-exemple\/","title":{"rendered":"Le r\u00e9seau ASTUCE&rsquo;S"},"content":{"rendered":"\n<p>Le r\u00e9seau ASTUCE&rsquo;S est compos\u00e9 d&rsquo;une ligne de tramway, de 3 Lignes \u00e0 Haut Niveau de Service (LHNS) \u00ab\u00a0TEMPEO&rsquo;S\u00a0\u00bb, 14 lignes r\u00e9guli\u00e8res \u00ab\u00a0REGULEO&rsquo;S\u00a0\u00bb, 6 lignes secondaires \u00ab\u00a0PROXEO&rsquo;S\u00a0\u00bb et 3 lignes de Transport \u00c0 la Demande (TAD) \u00ab\u00a0FILEO&rsquo;S\u00a0\u00bb.<\/p>\n\n\n\n<blockquote class=\"wp-block-quote is-layout-flow wp-block-quote-is-layout-flow\">\n<p>Ce r\u00e9seau urbain ne dessert que la ville de Roune, mais sa forme en toile d&rsquo;araign\u00e9e permet une desserte de tr\u00e8s grande qualit\u00e9 de l&rsquo;ensemble de la ville : de l&rsquo;ultra centre \u00e0 l&rsquo;a\u00e9roport, des rives de l&rsquo;Erdrin \u00e0 la Haute Ville, du belv\u00e9d\u00e8re au CHRU. Les 5 niveaux de lignes permettent d&rsquo;avoir une offre de bus r\u00e9pondant \u00e0 toutes les demandes : du transport de masse entre les grands p\u00f4les de la ville avec TEMPEO&rsquo;S \u00e0 du sur mesure dans les quartiers r\u00e9sidentiels avec FILEO&rsquo;S.<\/p>\n<cite>Jehanne Roland, maire de Roune et pr\u00e9sidente de la M\u00e9tropole Roune Frochine <\/cite><\/blockquote>\n\n\n\n<h2 class=\"wp-block-heading\">Le r\u00e9seau urbain ASTUCE&rsquo;S<\/h2>\n\n\n\n<figure class=\"wp-block-image size-large\"><img decoding=\"async\" src=\"https:\/\/transport-manager.net\/assets\/img\/lignes\/Plan_N5.png\" alt=\"\" \/><\/figure>\n\n\n\n<h2 class=\"wp-block-heading\">Les horaires<\/h2>\n\n\n\n<figure class=\"wp-block-image size-large\"><img loading=\"lazy\" decoding=\"async\" width=\"1024\" height=\"423\" src=\"https:\/\/seal.transport-manager.net\/corque\/wp-content\/uploads\/sites\/25\/2022\/03\/horaires-1-1024x423.png\" alt=\"\" class=\"wp-image-190\" srcset=\"https:\/\/seal.transport-manager.net\/corque\/wp-content\/uploads\/sites\/25\/2022\/03\/horaires-1-1024x423.png 1024w, https:\/\/seal.transport-manager.net\/corque\/wp-content\/uploads\/sites\/25\/2022\/03\/horaires-1-300x124.png 300w, https:\/\/seal.transport-manager.net\/corque\/wp-content\/uploads\/sites\/25\/2022\/03\/horaires-1-768x318.png 768w, https:\/\/seal.transport-manager.net\/corque\/wp-content\/uploads\/sites\/25\/2022\/03\/horaires-1-1232x510.png 1232w, https:\/\/seal.transport-manager.net\/corque\/wp-content\/uploads\/sites\/25\/2022\/03\/horaires-1.png 1238w\" sizes=\"auto, (max-width: 1024px) 100vw, 1024px\" \/><\/figure>\n\n\n\n<figure class=\"wp-block-image size-large\"><img loading=\"lazy\" decoding=\"async\" width=\"1024\" height=\"158\" src=\"https:\/\/seal.transport-manager.net\/corque\/wp-content\/uploads\/sites\/25\/2022\/03\/horaire2-1024x158.png\" alt=\"\" class=\"wp-image-191\" srcset=\"https:\/\/seal.transport-manager.net\/corque\/wp-content\/uploads\/sites\/25\/2022\/03\/horaire2-1024x158.png 1024w, https:\/\/seal.transport-manager.net\/corque\/wp-content\/uploads\/sites\/25\/2022\/03\/horaire2-300x46.png 300w, https:\/\/seal.transport-manager.net\/corque\/wp-content\/uploads\/sites\/25\/2022\/03\/horaire2-768x118.png 768w, https:\/\/seal.transport-manager.net\/corque\/wp-content\/uploads\/sites\/25\/2022\/03\/horaire2-1232x190.png 1232w, https:\/\/seal.transport-manager.net\/corque\/wp-content\/uploads\/sites\/25\/2022\/03\/horaire2.png 1265w\" sizes=\"auto, (max-width: 1024px) 100vw, 1024px\" \/><\/figure>\n\n\n\n<h2 class=\"wp-block-heading\">Le TRAM<\/h2>\n\n\n\n<figure class=\"wp-block-image size-large is-resized\"><img decoding=\"async\" src=\"https:\/\/transport-manager.net\/assets\/img\/lignes\/N5_L1_trans1.png\" alt=\"\" style=\"width:839px;height:247px\" \/><\/figure>\n\n\n\n<h2 class=\"wp-block-heading\">Les lignes TEMPEO&rsquo;S<\/h2>\n\n\n\n<figure class=\"wp-block-image size-large\"><img decoding=\"async\" src=\"https:\/\/transport-manager.net\/assets\/img\/lignes\/N5_L2_trans1.png\" alt=\"\" \/><\/figure>\n\n\n\n<figure class=\"wp-block-image size-large\"><img decoding=\"async\" src=\"https:\/\/transport-manager.net\/assets\/img\/lignes\/N5_L3_trans1.png\" alt=\"\" \/><\/figure>\n\n\n\n<figure class=\"wp-block-image size-large\"><img decoding=\"async\" src=\"https:\/\/transport-manager.net\/assets\/img\/lignes\/N5_L5_trans1.png\" alt=\"\" \/><\/figure>\n\n\n\n<h2 class=\"wp-block-heading\">Les lignes REGULEO&rsquo;S<\/h2>\n\n\n\n<figure class=\"wp-block-image size-large\"><img decoding=\"async\" src=\"https:\/\/transport-manager.net\/assets\/img\/lignes\/N5_L4_trans1.png\" alt=\"\" \/><\/figure>\n\n\n\n<figure class=\"wp-block-image size-large\"><img decoding=\"async\" src=\"https:\/\/transport-manager.net\/assets\/img\/lignes\/N5_L6_trans1.png\" alt=\"\" \/><\/figure>\n\n\n\n<figure class=\"wp-block-image size-large\"><img decoding=\"async\" src=\"https:\/\/transport-manager.net\/assets\/img\/lignes\/N5_L7_trans1.png\" alt=\"\" \/><\/figure>\n\n\n\n<figure class=\"wp-block-image size-large\"><img decoding=\"async\" src=\"https:\/\/transport-manager.net\/assets\/img\/lignes\/N5_L8_trans1.png\" alt=\"\" \/><\/figure>\n\n\n\n<figure class=\"wp-block-image size-large\"><img decoding=\"async\" src=\"https:\/\/transport-manager.net\/assets\/img\/lignes\/N5_L9_trans1.png\" alt=\"\" \/><\/figure>\n\n\n\n<figure class=\"wp-block-image size-large\"><img decoding=\"async\" src=\"https:\/\/transport-manager.net\/assets\/img\/lignes\/N5_L10_trans1.png\" alt=\"\" \/><\/figure>\n\n\n\n<figure class=\"wp-block-image size-large\"><img decoding=\"async\" src=\"https:\/\/transport-manager.net\/assets\/img\/lignes\/N5_L11_trans1.png\" alt=\"\" \/><\/figure>\n\n\n\n<figure class=\"wp-block-image size-large\"><img decoding=\"async\" src=\"https:\/\/transport-manager.net\/assets\/img\/lignes\/N5_L12_trans1.png\" alt=\"\" \/><\/figure>\n\n\n\n<figure class=\"wp-block-image size-large\"><img decoding=\"async\" src=\"https:\/\/transport-manager.net\/assets\/img\/lignes\/N5_L13_trans1.png\" alt=\"\" \/><\/figure>\n\n\n\n<figure class=\"wp-block-image size-large\"><img decoding=\"async\" src=\"https:\/\/transport-manager.net\/assets\/img\/lignes\/N5_L14_trans1.png\" alt=\"\" \/><\/figure>\n\n\n\n<figure class=\"wp-block-image size-large\"><img decoding=\"async\" src=\"https:\/\/transport-manager.net\/assets\/img\/lignes\/N5_L15_trans1.png\" alt=\"\" \/><\/figure>\n\n\n\n<figure class=\"wp-block-image size-large\"><img decoding=\"async\" src=\"https:\/\/transport-manager.net\/assets\/img\/lignes\/N5_L16_trans1.png\" alt=\"\" \/><\/figure>\n\n\n\n<figure class=\"wp-block-image size-large\"><img decoding=\"async\" src=\"https:\/\/transport-manager.net\/assets\/img\/lignes\/N5_L17_trans1.png\" alt=\"\" \/><\/figure>\n\n\n\n<figure class=\"wp-block-image size-large\"><img decoding=\"async\" src=\"https:\/\/transport-manager.net\/assets\/img\/lignes\/N5_L18_trans1.png\" alt=\"\" \/><\/figure>\n\n\n\n<h2 class=\"wp-block-heading\">Les lignes PROXEO&rsquo;S<\/h2>\n\n\n\n<figure class=\"wp-block-image size-large\"><img decoding=\"async\" src=\"https:\/\/transport-manager.net\/assets\/img\/lignes\/N5_L60_trans1.png\" alt=\"\" \/><\/figure>\n\n\n\n<figure class=\"wp-block-image size-large\"><img decoding=\"async\" src=\"https:\/\/transport-manager.net\/assets\/img\/lignes\/N5_L61_trans1.png\" alt=\"\" \/><\/figure>\n\n\n\n<figure class=\"wp-block-image size-large\"><img decoding=\"async\" src=\"https:\/\/transport-manager.net\/assets\/img\/lignes\/N5_L62_trans1.png\" alt=\"\" \/><\/figure>\n\n\n\n<figure class=\"wp-block-image size-large\"><img decoding=\"async\" src=\"https:\/\/transport-manager.net\/assets\/img\/lignes\/N5_L63_trans1.png\" alt=\"\" \/><\/figure>\n\n\n\n<figure class=\"wp-block-image size-large\"><img decoding=\"async\" src=\"https:\/\/transport-manager.net\/assets\/img\/lignes\/N5_L64_trans1.png\" alt=\"\" \/><\/figure>\n\n\n\n<figure class=\"wp-block-image size-large\"><img decoding=\"async\" src=\"https:\/\/transport-manager.net\/assets\/img\/lignes\/N5_L65_trans1.png\" alt=\"\" \/><\/figure>\n\n\n\n<h2 class=\"wp-block-heading\">Les lignes FILEO&rsquo;S<\/h2>\n\n\n\n<figure class=\"wp-block-image size-large\"><img decoding=\"async\" src=\"https:\/\/transport-manager.net\/assets\/img\/lignes\/N5_L901_trans1.png\" alt=\"\" \/><figcaption class=\"wp-element-caption\">Fonctionne uniquement en heures de pointes et la Samedi<\/figcaption><\/figure>\n\n\n\n<figure class=\"wp-block-image size-large\"><img decoding=\"async\" src=\"https:\/\/transport-manager.net\/assets\/img\/lignes\/N5_L902_trans1.png\" alt=\"\" \/><figcaption class=\"wp-element-caption\">Fonctionne aux m\u00eames cr\u00e9neaux que le r\u00e9seau<\/figcaption><\/figure>\n\n\n\n<figure class=\"wp-block-image size-large\"><img decoding=\"async\" src=\"https:\/\/transport-manager.net\/assets\/img\/lignes\/N5_L903_trans1.png\" alt=\"\" \/><\/figure>\n\n\n\n<h2 class=\"wp-block-heading\">Les lignes sp\u00e9ciales, actuellement aucune ligne sp\u00e9ciale n&rsquo;est en service<\/h2>\n\n\n\n<h2 class=\"wp-block-heading\"><\/h2>\n","protected":false},"excerpt":{"rendered":"<p>Le r\u00e9seau ASTUCE&rsquo;S est compos\u00e9 d&rsquo;une ligne de tramway, de 3 Lignes \u00e0 Haut Niveau de Service (LHNS) \u00ab\u00a0TEMPEO&rsquo;S\u00a0\u00bb, 14 lignes r\u00e9guli\u00e8res \u00ab\u00a0REGULEO&rsquo;S\u00a0\u00bb, 6 lignes secondaires \u00ab\u00a0PROXEO&rsquo;S\u00a0\u00bb et 3 lignes&nbsp;&hellip;<\/p>\n","protected":false},"author":25,"featured_media":0,"parent":0,"menu_order":0,"comment_status":"closed","ping_status":"open","template":"","meta":{"footnotes":""},"class_list":["post-2","page","type-page","status-publish","hentry"],"_links":{"self":[{"href":"https:\/\/seal.transport-manager.net\/corque\/wp-json\/wp\/v2\/pages\/2","targetHints":{"allow":["GET"]}}],"collection":[{"href":"https:\/\/seal.transport-manager.net\/corque\/wp-json\/wp\/v2\/pages"}],"about":[{"href":"https:\/\/seal.transport-manager.net\/corque\/wp-json\/wp\/v2\/types\/page"}],"author":[{"embeddable":true,"href":"https:\/\/seal.transport-manager.net\/corque\/wp-json\/wp\/v2\/users\/25"}],"replies":[{"embeddable":true,"href":"https:\/\/seal.transport-manager.net\/corque\/wp-json\/wp\/v2\/comments?post=2"}],"version-history":[{"count":17,"href":"https:\/\/seal.transport-manager.net\/corque\/wp-json\/wp\/v2\/pages\/2\/revisions"}],"predecessor-version":[{"id":290,"href":"https:\/\/seal.transport-manager.net\/corque\/wp-json\/wp\/v2\/pages\/2\/revisions\/290"}],"wp:attachment":[{"href":"https:\/\/seal.transport-manager.net\/corque\/wp-json\/wp\/v2\/media?parent=2"}],"curies":[{"name":"wp","href":"https:\/\/api.w.org\/{rel}","templated":true}]}}