{"id":204,"date":"2024-05-13T18:06:58","date_gmt":"2024-05-13T16:06:58","guid":{"rendered":"https:\/\/seal.transport-manager.net\/corque\/?page_id=204"},"modified":"2025-09-24T21:21:11","modified_gmt":"2025-09-24T19:21:11","slug":"la-flotte-kago","status":"publish","type":"page","link":"https:\/\/seal.transport-manager.net\/corque\/la-smtcr\/la-flotte-kago\/","title":{"rendered":"La flotte KA&rsquo;GO"},"content":{"rendered":"\n<h2 class=\"wp-block-heading\">R\u00e9seau M\u00e9tropolitain<\/h2>\n\n\n\n<div class=\"wp-block-cover\"><img decoding=\"async\" class=\"wp-block-cover__image-background\" alt=\"\" src=\"https:\/\/www.solarisbus.com\/public\/assets\/Biuro_prasowe\/Testy_15_LE_electric_Norwegia\/Solaris_Urbino_15_LE_electric_3.JPG\" data-object-fit=\"cover\" \/><span aria-hidden=\"true\" class=\"wp-block-cover__background has-background-dim\"><\/span><div class=\"wp-block-cover__inner-container is-layout-flow wp-block-cover-is-layout-flow\">\n<p class=\"has-text-align-left has-large-font-size\">26 Solaris Urbino 15 IV elec<\/p>\n<\/div><\/div>\n\n\n\n<div class=\"wp-block-cover\"><img decoding=\"async\" class=\"wp-block-cover__image-background\" alt=\"\" src=\"https:\/\/carsdelannoy.com\/wp-content\/uploads\/2024\/02\/minibus-groupe-reims-51-mane-soissons-chateau-luxe-paris.jpg\" data-object-fit=\"cover\" \/><span aria-hidden=\"true\" class=\"wp-block-cover__background has-background-dim\"><\/span><div class=\"wp-block-cover__inner-container is-layout-flow wp-block-cover-is-layout-flow\">\n<p class=\"has-text-align-left has-large-font-size\">3 Mercedes Sprinter Travel<\/p>\n<\/div><\/div>\n\n\n\n<h2 class=\"wp-block-heading\">R\u00e9seau Provincial<\/h2>\n\n\n\n<div class=\"wp-block-cover\"><img decoding=\"async\" class=\"wp-block-cover__image-background\" alt=\"\" src=\"https:\/\/www.gaz-mobilite.fr\/img\/news\/scania-interlink-gnl.jpg\" data-object-fit=\"cover\" \/><span aria-hidden=\"true\" class=\"wp-block-cover__background has-background-dim\"><\/span><div class=\"wp-block-cover__inner-container is-layout-flow wp-block-cover-is-layout-flow\">\n<p class=\"has-text-align-left has-large-font-size\">20 Scania Interlink LD 13 GNV<\/p>\n<\/div><\/div>\n\n\n\n<h2 class=\"wp-block-heading\">R\u00e9seau scolaire<\/h2>\n\n\n\n<div class=\"wp-block-cover\"><img decoding=\"async\" class=\"wp-block-cover__image-background\" alt=\"\" src=\"https:\/\/www.transbus.org\/dossiers\/busworld-2023-iveco-crossway-le-gaz.jpg\" data-object-fit=\"cover\" \/><span aria-hidden=\"true\" class=\"wp-block-cover__background has-background-dim\"><\/span><div class=\"wp-block-cover__inner-container is-layout-flow wp-block-cover-is-layout-flow\">\n<p class=\"has-text-align-left has-large-font-size\">7 Iveco Crossway LE CITY GNV MH<\/p>\n<\/div><\/div>\n\n\n\n<div class=\"wp-block-cover\"><img decoding=\"async\" class=\"wp-block-cover__image-background\" alt=\"\" src=\"https:\/\/i.ytimg.com\/vi\/LmMb1AS8y_8\/sddefault.jpg\" data-object-fit=\"cover\" \/><span aria-hidden=\"true\" class=\"wp-block-cover__background has-background-dim\"><\/span><div class=\"wp-block-cover__inner-container is-layout-flow wp-block-cover-is-layout-flow\">\n<p class=\"has-text-align-left has-large-font-size\">6 Irizar i4 15 GNV<\/p>\n<\/div><\/div>\n","protected":false},"excerpt":{"rendered":"<p>R\u00e9seau M\u00e9tropolitain R\u00e9seau Provincial R\u00e9seau scolaire<\/p>\n","protected":false},"author":25,"featured_media":0,"parent":100,"menu_order":0,"comment_status":"closed","ping_status":"closed","template":"","meta":{"footnotes":""},"class_list":["post-204","page","type-page","status-publish","hentry"],"_links":{"self":[{"href":"https:\/\/seal.transport-manager.net\/corque\/wp-json\/wp\/v2\/pages\/204","targetHints":{"allow":["GET"]}}],"collection":[{"href":"https:\/\/seal.transport-manager.net\/corque\/wp-json\/wp\/v2\/pages"}],"about":[{"href":"https:\/\/seal.transport-manager.net\/corque\/wp-json\/wp\/v2\/types\/page"}],"author":[{"embeddable":true,"href":"https:\/\/seal.transport-manager.net\/corque\/wp-json\/wp\/v2\/users\/25"}],"replies":[{"embeddable":true,"href":"https:\/\/seal.transport-manager.net\/corque\/wp-json\/wp\/v2\/comments?post=204"}],"version-history":[{"count":7,"href":"https:\/\/seal.transport-manager.net\/corque\/wp-json\/wp\/v2\/pages\/204\/revisions"}],"predecessor-version":[{"id":325,"href":"https:\/\/seal.transport-manager.net\/corque\/wp-json\/wp\/v2\/pages\/204\/revisions\/325"}],"up":[{"embeddable":true,"href":"https:\/\/seal.transport-manager.net\/corque\/wp-json\/wp\/v2\/pages\/100"}],"wp:attachment":[{"href":"https:\/\/seal.transport-manager.net\/corque\/wp-json\/wp\/v2\/media?parent=204"}],"curies":[{"name":"wp","href":"https:\/\/api.w.org\/{rel}","templated":true}]}}