{"id":165,"date":"2022-01-10T23:08:04","date_gmt":"2022-01-10T22:08:04","guid":{"rendered":"https:\/\/seal.transport-manager.net\/cyprien\/?page_id=165"},"modified":"2025-01-18T19:46:25","modified_gmt":"2025-01-18T18:46:25","slug":"validate","status":"publish","type":"page","link":"https:\/\/seal.transport-manager.net\/cyprien\/validate\/","title":{"rendered":"Syst\u00e8mes de validation"},"content":{"rendered":"\n<p>Pour l&rsquo;instant tout notre r\u00e9seau, est \u00e9quip\u00e9 oblit\u00e9rateurs afin de valider votre mont\u00e9e \u00e0 bord des v\u00e9hicules. Nous vous rassurons que si toutefois le bus n&rsquo;est pas \u00e9quip\u00e9 de valideur, ou que celui-ci est en panne, le conducteur ou tout autre membre de notre personnel se fera un plaisir de vous vendre un ticket \u00e0 la mont\u00e9e dans nos v\u00e9hicules. <br>Nous mettons tout en oeuvre pour bient\u00f4t voir des valideurs \u00e0 puce sur le r\u00e9seau.<\/p>\n\n\n\n<figure class=\"wp-block-image size-full is-resized\"><img decoding=\"async\" src=\"https:\/\/seal.transport-manager.net\/cyprien\/wp-content\/uploads\/sites\/173\/2025\/01\/puce-desactive.png\" alt=\"\" class=\"wp-image-166\" style=\"width:795px;height:auto\" \/><\/figure>\n\n\n\n<figure class=\"wp-block-image size-full\"><img loading=\"lazy\" decoding=\"async\" width=\"794\" height=\"422\" src=\"https:\/\/seal.transport-manager.net\/cyprien\/wp-content\/uploads\/sites\/173\/2022\/01\/magnetique.png\" alt=\"\" class=\"wp-image-167\" srcset=\"https:\/\/seal.transport-manager.net\/cyprien\/wp-content\/uploads\/sites\/173\/2022\/01\/magnetique.png 794w, https:\/\/seal.transport-manager.net\/cyprien\/wp-content\/uploads\/sites\/173\/2022\/01\/magnetique-300x159.png 300w, https:\/\/seal.transport-manager.net\/cyprien\/wp-content\/uploads\/sites\/173\/2022\/01\/magnetique-768x408.png 768w\" sizes=\"auto, (max-width: 794px) 100vw, 794px\" \/><\/figure>\n\n\n\n<figure class=\"wp-block-image size-full is-resized\"><img decoding=\"async\" src=\"https:\/\/seal.transport-manager.net\/cyprien\/wp-content\/uploads\/sites\/173\/2025\/01\/puce-active.png\" alt=\"\" class=\"wp-image-169\" style=\"width:796px;height:auto\" \/><\/figure>\n\n\n\n<figure class=\"wp-block-image size-full\"><img loading=\"lazy\" decoding=\"async\" width=\"796\" height=\"421\" src=\"https:\/\/seal.transport-manager.net\/cyprien\/wp-content\/uploads\/sites\/173\/2022\/01\/hybride.png\" alt=\"\" class=\"wp-image-169\" srcset=\"https:\/\/seal.transport-manager.net\/cyprien\/wp-content\/uploads\/sites\/173\/2022\/01\/hybride.png 796w, https:\/\/seal.transport-manager.net\/cyprien\/wp-content\/uploads\/sites\/173\/2022\/01\/hybride-300x159.png 300w, https:\/\/seal.transport-manager.net\/cyprien\/wp-content\/uploads\/sites\/173\/2022\/01\/hybride-768x406.png 768w\" sizes=\"auto, (max-width: 796px) 100vw, 796px\" \/><\/figure>\n\n\n\n<figure class=\"wp-block-image size-full\"><img loading=\"lazy\" decoding=\"async\" width=\"795\" height=\"423\" src=\"https:\/\/seal.transport-manager.net\/cyprien\/wp-content\/uploads\/sites\/173\/2022\/01\/nfc.png\" alt=\"\" class=\"wp-image-170\" srcset=\"https:\/\/seal.transport-manager.net\/cyprien\/wp-content\/uploads\/sites\/173\/2022\/01\/nfc.png 795w, https:\/\/seal.transport-manager.net\/cyprien\/wp-content\/uploads\/sites\/173\/2022\/01\/nfc-300x160.png 300w, https:\/\/seal.transport-manager.net\/cyprien\/wp-content\/uploads\/sites\/173\/2022\/01\/nfc-768x409.png 768w\" sizes=\"auto, (max-width: 795px) 100vw, 795px\" \/><\/figure>\n\n\n\n<figure class=\"wp-block-image size-full\"><img loading=\"lazy\" decoding=\"async\" width=\"794\" height=\"423\" src=\"https:\/\/seal.transport-manager.net\/cyprien\/wp-content\/uploads\/sites\/173\/2022\/01\/mobile.png\" alt=\"\" class=\"wp-image-171\" srcset=\"https:\/\/seal.transport-manager.net\/cyprien\/wp-content\/uploads\/sites\/173\/2022\/01\/mobile.png 794w, https:\/\/seal.transport-manager.net\/cyprien\/wp-content\/uploads\/sites\/173\/2022\/01\/mobile-300x160.png 300w, https:\/\/seal.transport-manager.net\/cyprien\/wp-content\/uploads\/sites\/173\/2022\/01\/mobile-768x409.png 768w\" sizes=\"auto, (max-width: 794px) 100vw, 794px\" \/><\/figure>\n\n\n\n<p><\/p>\n","protected":false},"excerpt":{"rendered":"<p>Pour l&rsquo;instant tout notre r\u00e9seau, est \u00e9quip\u00e9 oblit\u00e9rateurs afin de valider votre mont\u00e9e \u00e0 bord des v\u00e9hicules. Nous vous rassurons que si toutefois le bus n&rsquo;est pas \u00e9quip\u00e9 de valideur,&nbsp;&hellip;<\/p>\n","protected":false},"author":167,"featured_media":0,"parent":0,"menu_order":0,"comment_status":"closed","ping_status":"closed","template":"","meta":{"footnotes":""},"class_list":["post-165","page","type-page","status-publish","hentry"],"_links":{"self":[{"href":"https:\/\/seal.transport-manager.net\/cyprien\/wp-json\/wp\/v2\/pages\/165","targetHints":{"allow":["GET"]}}],"collection":[{"href":"https:\/\/seal.transport-manager.net\/cyprien\/wp-json\/wp\/v2\/pages"}],"about":[{"href":"https:\/\/seal.transport-manager.net\/cyprien\/wp-json\/wp\/v2\/types\/page"}],"author":[{"embeddable":true,"href":"https:\/\/seal.transport-manager.net\/cyprien\/wp-json\/wp\/v2\/users\/167"}],"replies":[{"embeddable":true,"href":"https:\/\/seal.transport-manager.net\/cyprien\/wp-json\/wp\/v2\/comments?post=165"}],"version-history":[{"count":8,"href":"https:\/\/seal.transport-manager.net\/cyprien\/wp-json\/wp\/v2\/pages\/165\/revisions"}],"predecessor-version":[{"id":842,"href":"https:\/\/seal.transport-manager.net\/cyprien\/wp-json\/wp\/v2\/pages\/165\/revisions\/842"}],"wp:attachment":[{"href":"https:\/\/seal.transport-manager.net\/cyprien\/wp-json\/wp\/v2\/media?parent=165"}],"curies":[{"name":"wp","href":"https:\/\/api.w.org\/{rel}","templated":true}]}}