{"id":382,"date":"2021-11-19T14:53:24","date_gmt":"2021-11-19T13:53:24","guid":{"rendered":"https:\/\/seal.transport-manager.net\/ethann\/?page_id=382"},"modified":"2023-11-25T13:45:50","modified_gmt":"2023-11-25T12:45:50","slug":"ligne-2","status":"publish","type":"page","link":"https:\/\/seal.transport-manager.net\/ethann\/ligne-2\/","title":{"rendered":"LIGNE 2 (LHNS)"},"content":{"rendered":"\n<p class=\"has-text-align-center\" style=\"font-size:28px\"><strong><em>Bienvenue sur la Ligne \u00e0 Haut Niveau de Service 2 (LHNS 2) ! Elle est principalement exploit\u00e9e par des des bus Articul\u00e9s.<\/em><\/strong><\/p>\n\n\n\n<figure class=\"wp-block-image alignwide size-full is-style-default\"><img loading=\"lazy\" decoding=\"async\" width=\"1980\" height=\"585\" src=\"https:\/\/seal.transport-manager.net\/ethann\/wp-content\/uploads\/sites\/89\/2023\/11\/N4_L2_trans1.png\" alt=\"\" class=\"wp-image-1427\" srcset=\"https:\/\/seal.transport-manager.net\/ethann\/wp-content\/uploads\/sites\/89\/2023\/11\/N4_L2_trans1.png 1980w, https:\/\/seal.transport-manager.net\/ethann\/wp-content\/uploads\/sites\/89\/2023\/11\/N4_L2_trans1-300x89.png 300w, https:\/\/seal.transport-manager.net\/ethann\/wp-content\/uploads\/sites\/89\/2023\/11\/N4_L2_trans1-1024x303.png 1024w, https:\/\/seal.transport-manager.net\/ethann\/wp-content\/uploads\/sites\/89\/2023\/11\/N4_L2_trans1-768x227.png 768w, https:\/\/seal.transport-manager.net\/ethann\/wp-content\/uploads\/sites\/89\/2023\/11\/N4_L2_trans1-1536x454.png 1536w\" sizes=\"auto, (max-width: 1980px) 100vw, 1980px\" \/><\/figure>\n\n\n\n<hr class=\"wp-block-separator has-text-color has-accent-color has-css-opacity has-accent-background-color has-background\" \/>\n\n\n\n<p class=\"has-text-align-center\" style=\"font-size:31px\"><strong><em>Quelques chiffres&#8230;<\/em><\/strong><\/p>\n\n\n\n<figure class=\"wp-block-image alignwide size-full\"><img loading=\"lazy\" decoding=\"async\" width=\"1137\" height=\"205\" src=\"https:\/\/seal.transport-manager.net\/ethann\/wp-content\/uploads\/sites\/89\/2021\/11\/2CHIFFRES.png\" alt=\"\" class=\"wp-image-423\" srcset=\"https:\/\/seal.transport-manager.net\/ethann\/wp-content\/uploads\/sites\/89\/2021\/11\/2CHIFFRES.png 1137w, https:\/\/seal.transport-manager.net\/ethann\/wp-content\/uploads\/sites\/89\/2021\/11\/2CHIFFRES-300x54.png 300w, https:\/\/seal.transport-manager.net\/ethann\/wp-content\/uploads\/sites\/89\/2021\/11\/2CHIFFRES-1024x185.png 1024w, https:\/\/seal.transport-manager.net\/ethann\/wp-content\/uploads\/sites\/89\/2021\/11\/2CHIFFRES-768x138.png 768w\" sizes=\"auto, (max-width: 1137px) 100vw, 1137px\" \/><\/figure>\n","protected":false},"excerpt":{"rendered":"<p>Bienvenue sur la Ligne \u00e0 Haut Niveau de Service 2 (LHNS 2) ! Elle est principalement exploit\u00e9e par des des bus Articul\u00e9s. Quelques chiffres&#8230;<\/p>\n","protected":false},"author":90,"featured_media":1457,"parent":0,"menu_order":0,"comment_status":"closed","ping_status":"closed","template":"","meta":{"footnotes":""},"class_list":["post-382","page","type-page","status-publish","has-post-thumbnail","hentry"],"_links":{"self":[{"href":"https:\/\/seal.transport-manager.net\/ethann\/wp-json\/wp\/v2\/pages\/382","targetHints":{"allow":["GET"]}}],"collection":[{"href":"https:\/\/seal.transport-manager.net\/ethann\/wp-json\/wp\/v2\/pages"}],"about":[{"href":"https:\/\/seal.transport-manager.net\/ethann\/wp-json\/wp\/v2\/types\/page"}],"author":[{"embeddable":true,"href":"https:\/\/seal.transport-manager.net\/ethann\/wp-json\/wp\/v2\/users\/90"}],"replies":[{"embeddable":true,"href":"https:\/\/seal.transport-manager.net\/ethann\/wp-json\/wp\/v2\/comments?post=382"}],"version-history":[{"count":17,"href":"https:\/\/seal.transport-manager.net\/ethann\/wp-json\/wp\/v2\/pages\/382\/revisions"}],"predecessor-version":[{"id":1505,"href":"https:\/\/seal.transport-manager.net\/ethann\/wp-json\/wp\/v2\/pages\/382\/revisions\/1505"}],"wp:featuredmedia":[{"embeddable":true,"href":"https:\/\/seal.transport-manager.net\/ethann\/wp-json\/wp\/v2\/media\/1457"}],"wp:attachment":[{"href":"https:\/\/seal.transport-manager.net\/ethann\/wp-json\/wp\/v2\/media?parent=382"}],"curies":[{"name":"wp","href":"https:\/\/api.w.org\/{rel}","templated":true}]}}