{"id":51,"date":"2021-10-10T18:20:14","date_gmt":"2021-10-10T16:20:14","guid":{"rendered":"https:\/\/seal.transport-manager.net\/ethkeo2021\/?page_id=51"},"modified":"2023-10-16T19:04:45","modified_gmt":"2023-10-16T17:04:45","slug":"a-propos","status":"publish","type":"page","link":"https:\/\/seal.transport-manager.net\/ethann\/a-propos\/","title":{"rendered":"\u00c0 PROPOS DE NOTRE ENTREPRISE"},"content":{"rendered":"<div class=\"wp-block-image is-style-rounded\">\n<figure class=\"aligncenter size-large\"><img loading=\"lazy\" decoding=\"async\" width=\"1024\" height=\"580\" src=\"https:\/\/seal.transport-manager.net\/ethann\/wp-content\/uploads\/sites\/89\/2023\/04\/1200x680_maxnewsworldfive097160-1024x580.jpg\" alt=\"\" class=\"wp-image-1277\" srcset=\"https:\/\/seal.transport-manager.net\/ethann\/wp-content\/uploads\/sites\/89\/2023\/04\/1200x680_maxnewsworldfive097160-1024x580.jpg 1024w, https:\/\/seal.transport-manager.net\/ethann\/wp-content\/uploads\/sites\/89\/2023\/04\/1200x680_maxnewsworldfive097160-300x170.jpg 300w, https:\/\/seal.transport-manager.net\/ethann\/wp-content\/uploads\/sites\/89\/2023\/04\/1200x680_maxnewsworldfive097160-768x435.jpg 768w, https:\/\/seal.transport-manager.net\/ethann\/wp-content\/uploads\/sites\/89\/2023\/04\/1200x680_maxnewsworldfive097160.jpg 1200w\" sizes=\"auto, (max-width: 1024px) 100vw, 1024px\" \/><\/figure>\n<\/div>\n\n\n<hr class=\"wp-block-separator has-text-color has-accent-color has-css-opacity has-accent-background-color has-background\" \/>\n\n\n\n<p class=\"has-text-align-left\" style=\"font-size:35px\"><em>T2M est un groupe ind\u00e9pendant, cr\u00e9\u00e9 le 11 ao\u00fbt 2021<\/em><\/p>\n\n\n\n<p class=\"has-text-align-left\" style=\"font-size:35px\"><em>Elle r\u00e9pondra \u00e0 l&rsquo;appel d&rsquo;offres de la m\u00e9tropole et elle refl\u00e8te l&rsquo;excellence du transport public et d&rsquo;une s\u00e9curit\u00e9 incomparable !<\/em><\/p>\n\n\n\n<p class=\"has-text-align-left\" style=\"font-size:35px\"><em>Elle vous ouvre vers des trajet agr\u00e9ables.<\/em><\/p>\n","protected":false},"excerpt":{"rendered":"<p>T2M est un groupe ind\u00e9pendant, cr\u00e9\u00e9 le 11 ao\u00fbt 2021 Elle r\u00e9pondra \u00e0 l&rsquo;appel d&rsquo;offres de la m\u00e9tropole et elle refl\u00e8te l&rsquo;excellence du transport public et d&rsquo;une s\u00e9curit\u00e9 incomparable ! Elle vous ouvre vers des trajet agr\u00e9ables.<\/p>\n","protected":false},"author":90,"featured_media":451,"parent":0,"menu_order":0,"comment_status":"closed","ping_status":"closed","template":"","meta":{"footnotes":""},"class_list":["post-51","page","type-page","status-publish","has-post-thumbnail","hentry"],"_links":{"self":[{"href":"https:\/\/seal.transport-manager.net\/ethann\/wp-json\/wp\/v2\/pages\/51","targetHints":{"allow":["GET"]}}],"collection":[{"href":"https:\/\/seal.transport-manager.net\/ethann\/wp-json\/wp\/v2\/pages"}],"about":[{"href":"https:\/\/seal.transport-manager.net\/ethann\/wp-json\/wp\/v2\/types\/page"}],"author":[{"embeddable":true,"href":"https:\/\/seal.transport-manager.net\/ethann\/wp-json\/wp\/v2\/users\/90"}],"replies":[{"embeddable":true,"href":"https:\/\/seal.transport-manager.net\/ethann\/wp-json\/wp\/v2\/comments?post=51"}],"version-history":[{"count":14,"href":"https:\/\/seal.transport-manager.net\/ethann\/wp-json\/wp\/v2\/pages\/51\/revisions"}],"predecessor-version":[{"id":1384,"href":"https:\/\/seal.transport-manager.net\/ethann\/wp-json\/wp\/v2\/pages\/51\/revisions\/1384"}],"wp:featuredmedia":[{"embeddable":true,"href":"https:\/\/seal.transport-manager.net\/ethann\/wp-json\/wp\/v2\/media\/451"}],"wp:attachment":[{"href":"https:\/\/seal.transport-manager.net\/ethann\/wp-json\/wp\/v2\/media?parent=51"}],"curies":[{"name":"wp","href":"https:\/\/api.w.org\/{rel}","templated":true}]}}