{"id":127,"date":"2021-07-21T01:30:24","date_gmt":"2021-07-20T23:30:24","guid":{"rendered":"https:\/\/seal.transport-manager.net\/florian95\/?page_id=127"},"modified":"2021-07-27T16:43:09","modified_gmt":"2021-07-27T14:43:09","slug":"accueil","status":"publish","type":"page","link":"https:\/\/seal.transport-manager.net\/florian95\/","title":{"rendered":"Accueil"},"content":{"rendered":"\n<p class=\"has-black-color has-text-color\">Cette entreprise a \u00e9t\u00e9 cr\u00e9\u00e9e en 2017 suite \u00e0 une demande de l&rsquo;Autorit\u00e9 Organisatrice qui d\u00e9sirait un r\u00e9seau de transport en commun pour desservir sa ville. Nous avons donc r\u00e9pondu favorablement \u00e0 sa demande et le r\u00e9seau ne cesse de s&rsquo;am\u00e9liorer de jours en jours. Sur ce site, vous allez retrouver l&rsquo;ensemble des informations n\u00e9cessaires pour voyager convenablement.<\/p>\n","protected":false},"excerpt":{"rendered":"<p>Cette entreprise a \u00e9t\u00e9 cr\u00e9\u00e9e en 2017 suite \u00e0 une demande de l&rsquo;Autorit\u00e9 Organisatrice qui d\u00e9sirait un r\u00e9seau de transport en commun pour desservir sa ville. Nous avons donc r\u00e9pondu favorablement \u00e0 sa demande et le r\u00e9seau ne cesse de s&rsquo;am\u00e9liorer de jours en jours. Sur ce site, vous allez [&hellip;]<\/p>\n","protected":false},"author":42,"featured_media":0,"parent":0,"menu_order":0,"comment_status":"closed","ping_status":"closed","template":"","meta":{"footnotes":""},"class_list":["post-127","page","type-page","status-publish","hentry"],"_links":{"self":[{"href":"https:\/\/seal.transport-manager.net\/florian95\/wp-json\/wp\/v2\/pages\/127","targetHints":{"allow":["GET"]}}],"collection":[{"href":"https:\/\/seal.transport-manager.net\/florian95\/wp-json\/wp\/v2\/pages"}],"about":[{"href":"https:\/\/seal.transport-manager.net\/florian95\/wp-json\/wp\/v2\/types\/page"}],"author":[{"embeddable":true,"href":"https:\/\/seal.transport-manager.net\/florian95\/wp-json\/wp\/v2\/users\/42"}],"replies":[{"embeddable":true,"href":"https:\/\/seal.transport-manager.net\/florian95\/wp-json\/wp\/v2\/comments?post=127"}],"version-history":[{"count":4,"href":"https:\/\/seal.transport-manager.net\/florian95\/wp-json\/wp\/v2\/pages\/127\/revisions"}],"predecessor-version":[{"id":206,"href":"https:\/\/seal.transport-manager.net\/florian95\/wp-json\/wp\/v2\/pages\/127\/revisions\/206"}],"wp:attachment":[{"href":"https:\/\/seal.transport-manager.net\/florian95\/wp-json\/wp\/v2\/media?parent=127"}],"curies":[{"name":"wp","href":"https:\/\/api.w.org\/{rel}","templated":true}]}}