{"id":54,"date":"2021-07-21T00:39:08","date_gmt":"2021-07-20T22:39:08","guid":{"rendered":"https:\/\/seal.transport-manager.net\/florian95\/?page_id=54"},"modified":"2021-11-07T23:56:16","modified_gmt":"2021-11-07T22:56:16","slug":"ligne-2","status":"publish","type":"page","link":"https:\/\/seal.transport-manager.net\/florian95\/ligne-2\/","title":{"rendered":"Ligne 2"},"content":{"rendered":"\n<figure class=\"wp-block-image size-large is-resized\"><img loading=\"lazy\" decoding=\"async\" src=\"https:\/\/seal.transport-manager.net\/florian95\/wp-content\/uploads\/sites\/42\/2021\/07\/L2.png\" alt=\"\" class=\"wp-image-217\" width=\"63\" height=\"63\" \/><\/figure>\n\n\n\n<p>La ligne <strong><span style=\"color:#9364cc\" class=\"has-inline-color\">2<\/span><\/strong> est une ligne LHNS (Ligne \u00e0 Haut Niveau de Service) qui vous permet de relier l&rsquo;<strong>A\u00e9roport<\/strong> \u00e0 la <strong>Gare Centrale<\/strong> en seulement 40 minutes sur une distance de 10 km. La ligne dessert principalement la <strong>Place de l&rsquo;Europe<\/strong> et le <strong>Palais des Beaux-Arts<\/strong>. La ligne est exploit\u00e9e avec des articul\u00e9s diesels de 18m.<\/p>\n\n\n\n<figure class=\"wp-block-image size-large\"><img loading=\"lazy\" decoding=\"async\" width=\"1024\" height=\"303\" src=\"https:\/\/seal.transport-manager.net\/florian95\/wp-content\/uploads\/sites\/42\/2021\/07\/N3_L2_trans1-1024x303.png\" alt=\"\" class=\"wp-image-218\" srcset=\"https:\/\/seal.transport-manager.net\/florian95\/wp-content\/uploads\/sites\/42\/2021\/07\/N3_L2_trans1-1024x303.png 1024w, https:\/\/seal.transport-manager.net\/florian95\/wp-content\/uploads\/sites\/42\/2021\/07\/N3_L2_trans1-300x89.png 300w, https:\/\/seal.transport-manager.net\/florian95\/wp-content\/uploads\/sites\/42\/2021\/07\/N3_L2_trans1-768x227.png 768w, https:\/\/seal.transport-manager.net\/florian95\/wp-content\/uploads\/sites\/42\/2021\/07\/N3_L2_trans1-1536x454.png 1536w, https:\/\/seal.transport-manager.net\/florian95\/wp-content\/uploads\/sites\/42\/2021\/07\/N3_L2_trans1.png 1981w\" sizes=\"auto, (max-width: 1024px) 100vw, 1024px\" \/><\/figure>\n\n\n\n<p>Pour voyager en r\u00e8gle, vous devez vous munir d\u2019un titre de transport valide. La non-validation peut mener \u00e0 une amende de 122\u20ac.<\/p>\n\n\n\n<h2 class=\"wp-block-heading\">Les fr\u00e9quences<\/h2>\n\n\n\n<p>Fr\u00e9quences valables en vacances scolaires et en p\u00e9riode \u00e9t\u00e9 :<\/p>\n\n\n\n<ul class=\"wp-block-list\"><li>Heures Creuses : 7 minutes.<\/li><li>Heures de Pointes : 6 minutes.<\/li><li>Soir : 13 minutes.<\/li><li>Samedi : 7 minutes.<\/li><li>Dimanche : 13 minutes.<\/li><\/ul>\n\n\n\n<p>Fr\u00e9quences valables du 30 ao\u00fbt au 3 juillet 2022 (hors p\u00e9riode vacances scolaires) :<\/p>\n\n\n\n<ul class=\"wp-block-list\" id=\"block-fe061a3c-88e7-4d86-adc0-36fe19147a2c\"><li>Heures Creuses : 7 minutes.<\/li><li>Heures de Pointes : 5 minutes.<\/li><li>Soir : 13 minutes.<\/li><li>Samedi : 7 minutes.<\/li><li>Dimanche : 13 minutes.<\/li><\/ul>\n","protected":false},"excerpt":{"rendered":"<p>La ligne 2 est une ligne LHNS (Ligne \u00e0 Haut Niveau de Service) qui vous permet de relier l&rsquo;A\u00e9roport \u00e0 la Gare Centrale en seulement 40 minutes sur une distance de 10 km. La ligne dessert principalement la Place de l&rsquo;Europe et le Palais des Beaux-Arts. La ligne est exploit\u00e9e [&hellip;]<\/p>\n","protected":false},"author":42,"featured_media":0,"parent":0,"menu_order":0,"comment_status":"closed","ping_status":"closed","template":"","meta":{"footnotes":""},"class_list":["post-54","page","type-page","status-publish","hentry"],"_links":{"self":[{"href":"https:\/\/seal.transport-manager.net\/florian95\/wp-json\/wp\/v2\/pages\/54","targetHints":{"allow":["GET"]}}],"collection":[{"href":"https:\/\/seal.transport-manager.net\/florian95\/wp-json\/wp\/v2\/pages"}],"about":[{"href":"https:\/\/seal.transport-manager.net\/florian95\/wp-json\/wp\/v2\/types\/page"}],"author":[{"embeddable":true,"href":"https:\/\/seal.transport-manager.net\/florian95\/wp-json\/wp\/v2\/users\/42"}],"replies":[{"embeddable":true,"href":"https:\/\/seal.transport-manager.net\/florian95\/wp-json\/wp\/v2\/comments?post=54"}],"version-history":[{"count":11,"href":"https:\/\/seal.transport-manager.net\/florian95\/wp-json\/wp\/v2\/pages\/54\/revisions"}],"predecessor-version":[{"id":296,"href":"https:\/\/seal.transport-manager.net\/florian95\/wp-json\/wp\/v2\/pages\/54\/revisions\/296"}],"wp:attachment":[{"href":"https:\/\/seal.transport-manager.net\/florian95\/wp-json\/wp\/v2\/media?parent=54"}],"curies":[{"name":"wp","href":"https:\/\/api.w.org\/{rel}","templated":true}]}}