{"id":64,"date":"2021-07-21T00:39:08","date_gmt":"2021-07-20T22:39:08","guid":{"rendered":"https:\/\/seal.transport-manager.net\/florian95\/?page_id=64"},"modified":"2021-10-24T16:05:18","modified_gmt":"2021-10-24T14:05:18","slug":"ligne-60","status":"publish","type":"page","link":"https:\/\/seal.transport-manager.net\/florian95\/ligne-60\/","title":{"rendered":"Ligne 60"},"content":{"rendered":"\n<figure class=\"wp-block-image size-full is-resized\"><img loading=\"lazy\" decoding=\"async\" src=\"https:\/\/seal.transport-manager.net\/florian95\/wp-content\/uploads\/sites\/42\/2021\/10\/L60.png\" alt=\"\" class=\"wp-image-284\" width=\"63\" height=\"63\" \/><\/figure>\n\n\n\n<p>La ligne <strong><span style=\"color:#76d0bd\" class=\"has-inline-color\">60<\/span><\/strong> vous permet de relier la <strong>Pr\u00e9fecture<\/strong> au <strong>Lyc\u00e9e Karl Marx<\/strong> en seulement 20 minutes sur une distance de 5 km. La ligne dessert principalement la <strong>Clinique Sainte Marie<\/strong>. La ligne est exploit\u00e9e avec des minibus diesels de 7m.<\/p>\n\n\n\n<figure class=\"wp-block-image size-large\"><img loading=\"lazy\" decoding=\"async\" width=\"1024\" height=\"303\" src=\"https:\/\/seal.transport-manager.net\/florian95\/wp-content\/uploads\/sites\/42\/2021\/10\/N3_L60_trans1-1024x303.png\" alt=\"\" class=\"wp-image-286\" srcset=\"https:\/\/seal.transport-manager.net\/florian95\/wp-content\/uploads\/sites\/42\/2021\/10\/N3_L60_trans1-1024x303.png 1024w, https:\/\/seal.transport-manager.net\/florian95\/wp-content\/uploads\/sites\/42\/2021\/10\/N3_L60_trans1-300x89.png 300w, https:\/\/seal.transport-manager.net\/florian95\/wp-content\/uploads\/sites\/42\/2021\/10\/N3_L60_trans1-768x227.png 768w, https:\/\/seal.transport-manager.net\/florian95\/wp-content\/uploads\/sites\/42\/2021\/10\/N3_L60_trans1-1536x454.png 1536w, https:\/\/seal.transport-manager.net\/florian95\/wp-content\/uploads\/sites\/42\/2021\/10\/N3_L60_trans1.png 1981w\" sizes=\"auto, (max-width: 1024px) 100vw, 1024px\" \/><\/figure>\n\n\n\n<p>Pour voyager en r\u00e8gle, vous devez vous munir d\u2019un titre de transport valide. La non-validation peut mener \u00e0 une amende de 122\u20ac.<\/p>\n\n\n\n<h2 class=\"wp-block-heading\">Les fr\u00e9quences<\/h2>\n\n\n\n<p>Fr\u00e9quences valables en vacances scolaires et en p\u00e9riode \u00e9t\u00e9 :<\/p>\n\n\n\n<ul class=\"wp-block-list\"><li>Heures Creuses : 13 minutes.<\/li><li>Heures de Pointes : 10 minutes.<\/li><li>Soir : Aucun passage sur ce cr\u00e9neau.<\/li><li>Samedi : 20 minutes.<\/li><li>Dimanche : Aucun passage ce jour.<\/li><\/ul>\n","protected":false},"excerpt":{"rendered":"<p>La ligne 60 vous permet de relier la Pr\u00e9fecture au Lyc\u00e9e Karl Marx en seulement 20 minutes sur une distance de 5 km. La ligne dessert principalement la Clinique Sainte Marie. La ligne est exploit\u00e9e avec des minibus diesels de 7m. Pour voyager en r\u00e8gle, vous devez vous munir d\u2019un [&hellip;]<\/p>\n","protected":false},"author":42,"featured_media":0,"parent":0,"menu_order":0,"comment_status":"closed","ping_status":"closed","template":"","meta":{"footnotes":""},"class_list":["post-64","page","type-page","status-publish","hentry"],"_links":{"self":[{"href":"https:\/\/seal.transport-manager.net\/florian95\/wp-json\/wp\/v2\/pages\/64","targetHints":{"allow":["GET"]}}],"collection":[{"href":"https:\/\/seal.transport-manager.net\/florian95\/wp-json\/wp\/v2\/pages"}],"about":[{"href":"https:\/\/seal.transport-manager.net\/florian95\/wp-json\/wp\/v2\/types\/page"}],"author":[{"embeddable":true,"href":"https:\/\/seal.transport-manager.net\/florian95\/wp-json\/wp\/v2\/users\/42"}],"replies":[{"embeddable":true,"href":"https:\/\/seal.transport-manager.net\/florian95\/wp-json\/wp\/v2\/comments?post=64"}],"version-history":[{"count":3,"href":"https:\/\/seal.transport-manager.net\/florian95\/wp-json\/wp\/v2\/pages\/64\/revisions"}],"predecessor-version":[{"id":288,"href":"https:\/\/seal.transport-manager.net\/florian95\/wp-json\/wp\/v2\/pages\/64\/revisions\/288"}],"wp:attachment":[{"href":"https:\/\/seal.transport-manager.net\/florian95\/wp-json\/wp\/v2\/media?parent=64"}],"curies":[{"name":"wp","href":"https:\/\/api.w.org\/{rel}","templated":true}]}}