{"id":2334,"date":"2023-02-09T17:13:47","date_gmt":"2023-02-09T16:13:47","guid":{"rendered":"https:\/\/seal.transport-manager.net\/flosouris_yt\/?page_id=2334"},"modified":"2025-05-27T18:35:35","modified_gmt":"2025-05-27T16:35:35","slug":"ligne-601-lacanac-hotel-de-ville-lycee-anne-frank","status":"publish","type":"page","link":"https:\/\/seal.transport-manager.net\/flosouris_yt\/les-lignes-periurbaines-connecter-la-ville-et-ses-environs\/ligne-601-lacanac-hotel-de-ville-lycee-anne-frank\/","title":{"rendered":"Ligne 601 : LACANAC \u2013 H\u00f4tel de ville \ud83c\udfdb\ufe0f \u2194 Lyc\u00e9e Anne Frank \ud83c\udfeb"},"content":{"rendered":"\n<p>La Ligne 601 est une ligne d\u00e9di\u00e9e au transport scolaire, assurant un trajet s\u00e9curis\u00e9 pour les \u00e9l\u00e8ves de <strong>LACANAC \u2013 H\u00f4tel de ville<\/strong> \ud83c\udfdb\ufe0f au <strong>Lyc\u00e9e Anne Frank<\/strong> \ud83c\udfeb.<\/p>\n<p>Longue de <strong>13,4 km<\/strong>, cette ligne vous transporte en environ <strong>25 minutes<\/strong> et dessert <strong>5 arr\u00eats<\/strong>. Pour le transport des \u00e9l\u00e8ves, nous utilisons <strong>4 midicars Mercedes New Intouro K Hybrid<\/strong>, garantissant fiabilit\u00e9 et confort.<\/p>\n&#8212;\n\n<h3>\ud83d\uddfa\ufe0f Plan de la ligne<\/h3>\n<figure class=\"wp-block-image aligncenter size-large\"><img decoding=\"async\" src=\"https:\/\/transport-manager.net\/assets\/img\/lignes\/N5_L601_trans1.png\" alt=\"Plan de la ligne 601\" \/><\/figure>\n&#8212;\n\n<h3>\ud83d\udcca Fr\u00e9quences de Passage (P\u00e9riode Scolaire)<\/h3>\n<p>Cette ligne est un service scolaire avec des fr\u00e9quences adapt\u00e9es aux horaires des \u00e9tablissements. \u23f0<\/p>\n<h4>Du Lundi au Vendredi (P\u00e9riode Scolaire) \ud83c\udfeb<\/h4>\n<figure class=\"wp-block-table aligncenter\">\n<table style=\"width:100%\">\n<thead>\n<tr>\n<th style=\"text-align:center\">Service<\/th>\n<th style=\"text-align:center\">Horaires<\/th>\n<th style=\"text-align:center\">Fr\u00e9quences<\/th>\n<\/tr>\n<\/thead>\n<tbody>\n<tr>\n<td style=\"text-align:center\"><strong>Pointe 1 Coll\u00e8ge<\/strong><\/td>\n<td style=\"text-align:center\">Lundi, Mardi, Jeudi, Vendredi : Matin et Soir<br>Mercredi : Matin et Midi<\/td>\n<td style=\"text-align:center\">2 bus pour l\u2019aller\/retour<\/td>\n<\/tr>\n<tr>\n<td style=\"text-align:center\"><strong>Pointe 2 Lyc\u00e9e<\/strong><\/td>\n<td style=\"text-align:center\">Du Lundi au Vendredi : Matin et Soir<\/td>\n<td style=\"text-align:center\">2 bus pour l\u2019aller\/retour<\/td>\n<\/tr>\n<\/tbody>\n<\/table>\n<\/figure>\n<p><em>Cette ligne ne circule pas durant les vacances scolaires ni les week-ends.<\/em><\/p>\n&#8212;\n\n<h3>\ud83d\uddfa\ufe0f Plan du r\u00e9seau<\/h3>\n<figure class=\"wp-block-image aligncenter size-large\"><img decoding=\"async\" src=\"https:\/\/transport-manager.net\/assets\/img\/lignes\/Plan_N5_suburbain.png\" alt=\"Plan du r\u00e9seau FTE Suburbain\" \/><\/figure>\n","protected":false},"excerpt":{"rendered":"<p>La Ligne 601 est une ligne d\u00e9di\u00e9e au transport scolaire, assurant un trajet s\u00e9curis\u00e9 pour les \u00e9l\u00e8ves de LACANAC \u2013 H\u00f4tel de ville \ud83c\udfdb\ufe0f au Lyc\u00e9e Anne Frank \ud83c\udfeb. Longue de 13,4 km, cette ligne vous transporte en environ 25 minutes et dessert 5 arr\u00eats. Pour le transport des \u00e9l\u00e8ves, [&hellip;]<\/p>\n","protected":false},"author":6,"featured_media":4107,"parent":2297,"menu_order":0,"comment_status":"closed","ping_status":"closed","template":"","meta":{"footnotes":""},"class_list":["post-2334","page","type-page","status-publish","has-post-thumbnail","hentry"],"_links":{"self":[{"href":"https:\/\/seal.transport-manager.net\/flosouris_yt\/wp-json\/wp\/v2\/pages\/2334","targetHints":{"allow":["GET"]}}],"collection":[{"href":"https:\/\/seal.transport-manager.net\/flosouris_yt\/wp-json\/wp\/v2\/pages"}],"about":[{"href":"https:\/\/seal.transport-manager.net\/flosouris_yt\/wp-json\/wp\/v2\/types\/page"}],"author":[{"embeddable":true,"href":"https:\/\/seal.transport-manager.net\/flosouris_yt\/wp-json\/wp\/v2\/users\/6"}],"replies":[{"embeddable":true,"href":"https:\/\/seal.transport-manager.net\/flosouris_yt\/wp-json\/wp\/v2\/comments?post=2334"}],"version-history":[{"count":19,"href":"https:\/\/seal.transport-manager.net\/flosouris_yt\/wp-json\/wp\/v2\/pages\/2334\/revisions"}],"predecessor-version":[{"id":5010,"href":"https:\/\/seal.transport-manager.net\/flosouris_yt\/wp-json\/wp\/v2\/pages\/2334\/revisions\/5010"}],"up":[{"embeddable":true,"href":"https:\/\/seal.transport-manager.net\/flosouris_yt\/wp-json\/wp\/v2\/pages\/2297"}],"wp:featuredmedia":[{"embeddable":true,"href":"https:\/\/seal.transport-manager.net\/flosouris_yt\/wp-json\/wp\/v2\/media\/4107"}],"wp:attachment":[{"href":"https:\/\/seal.transport-manager.net\/flosouris_yt\/wp-json\/wp\/v2\/media?parent=2334"}],"curies":[{"name":"wp","href":"https:\/\/api.w.org\/{rel}","templated":true}]}}