{"id":4531,"date":"2024-11-30T21:41:33","date_gmt":"2024-11-30T20:41:33","guid":{"rendered":"https:\/\/seal.transport-manager.net\/flosouris_yt\/?page_id=4531"},"modified":"2025-10-20T17:39:56","modified_gmt":"2025-10-20T15:39:56","slug":"les-parkings-relais-flotransport-facilitez-vos-deplacements","status":"publish","type":"page","link":"https:\/\/seal.transport-manager.net\/flosouris_yt\/les-parkings-relais-flotransport-facilitez-vos-deplacements\/","title":{"rendered":"\ud83c\udd7f\ufe0f Les Parkings Relais FloTransport : Facilitez vos D\u00e9placements ! \ud83d\ude97"},"content":{"rendered":"\n<p>Nos parkings relais sont con\u00e7us pour vous offrir une solution pratique et \u00e9conomique pour combiner voiture et transports en commun. Accessibles 24h\/24 et 7j\/7, ils sont \u00e9quip\u00e9s de nombreux services pour votre confort.<\/p>\n\n\n\n<h3 class=\"wp-block-heading\">Services Communs \u00e0 tous nos Parkings Relais :<\/h3>\n\n\n\n<ul class=\"wp-block-list\">\n<li>\ud83d\udd0c <strong>Bornes de recharge<\/strong> pour v\u00e9hicules \u00e9lectriques<\/li>\n\n\n\n<li>\ud83d\udebb <strong>Toilettes<\/strong><\/li>\n\n\n\n<li>\u2615 <strong>Machine \u00e0 caf\u00e9<\/strong><\/li>\n\n\n\n<li>\ud83c\udf9f\ufe0f <strong>Automate de vente<\/strong> de titres de transport<\/li>\n\n\n\n<li>\ud83d\udda5\ufe0f <strong>\u00c9cran d&rsquo;arr\u00eat<\/strong> pour les informations en temps r\u00e9el<\/li>\n\n\n\n<li>\ud83d\udcca <strong>Gestion automatis\u00e9e de l&rsquo;occupation<\/strong> des places<\/li>\n<\/ul>\n\n\n\n<h3 class=\"wp-block-heading\">D\u00e9couvrez nos Parkings Relais :<\/h3>\n\n\n\n<h4 class=\"wp-block-heading\">Parking Relais Clinique Saint Paul<\/h4>\n\n\n\n<ul class=\"wp-block-list\">\n<li><strong>Places de Parking :<\/strong> 150 places<\/li>\n\n\n\n<li><strong>Tarification :<\/strong>\n<ul class=\"wp-block-list\">\n<li>Tarif Normal : 2.80\u20ac<\/li>\n\n\n\n<li>Suppl\u00e9ment transport en commun : 1.20\u20ac<\/li>\n<\/ul>\n<\/li>\n<\/ul>\n\n\n\n<h4 class=\"wp-block-heading\">Parking Relais Campus Alan Turing<\/h4>\n\n\n\n<ul class=\"wp-block-list\">\n<li><strong>Places de Parking :<\/strong> 100 places<\/li>\n\n\n\n<li><strong>Tarification :<\/strong>\n<ul class=\"wp-block-list\">\n<li>Tarif Normal : 2.50\u20ac<\/li>\n\n\n\n<li>Suppl\u00e9ment transport en commun : 1.00\u20ac<\/li>\n<\/ul>\n<\/li>\n<\/ul>\n\n\n\n<h4 class=\"wp-block-heading\">Parking Relais P\u00f4le Luca Pacioli<\/h4>\n\n\n\n<ul class=\"wp-block-list\">\n<li><strong>Places de Parking :<\/strong> 100 places<\/li>\n\n\n\n<li><strong>Tarification :<\/strong>\n<ul class=\"wp-block-list\">\n<li>Tarif Normal : 2.50\u20ac<\/li>\n\n\n\n<li>Suppl\u00e9ment transport en commun : 1.00\u20ac<\/li>\n<\/ul>\n<\/li>\n<\/ul>\n\n\n\n<hr class=\"wp-block-separator has-alpha-channel-opacity\" \/>\n\n\n\n<p>Profitez de nos parkings relais pour un trajet fluide et sans stress !<\/p>\n","protected":false},"excerpt":{"rendered":"<p>Nos parkings relais sont con\u00e7us pour vous offrir une solution pratique et \u00e9conomique pour combiner voiture et transports en commun. Accessibles 24h\/24 et 7j\/7, ils sont \u00e9quip\u00e9s de nombreux services pour votre confort. Services Communs \u00e0 tous nos Parkings Relais : D\u00e9couvrez nos Parkings Relais : Parking Relais Clinique Saint [&hellip;]<\/p>\n","protected":false},"author":6,"featured_media":4536,"parent":0,"menu_order":0,"comment_status":"closed","ping_status":"closed","template":"","meta":{"footnotes":""},"class_list":["post-4531","page","type-page","status-publish","has-post-thumbnail","hentry"],"_links":{"self":[{"href":"https:\/\/seal.transport-manager.net\/flosouris_yt\/wp-json\/wp\/v2\/pages\/4531","targetHints":{"allow":["GET"]}}],"collection":[{"href":"https:\/\/seal.transport-manager.net\/flosouris_yt\/wp-json\/wp\/v2\/pages"}],"about":[{"href":"https:\/\/seal.transport-manager.net\/flosouris_yt\/wp-json\/wp\/v2\/types\/page"}],"author":[{"embeddable":true,"href":"https:\/\/seal.transport-manager.net\/flosouris_yt\/wp-json\/wp\/v2\/users\/6"}],"replies":[{"embeddable":true,"href":"https:\/\/seal.transport-manager.net\/flosouris_yt\/wp-json\/wp\/v2\/comments?post=4531"}],"version-history":[{"count":9,"href":"https:\/\/seal.transport-manager.net\/flosouris_yt\/wp-json\/wp\/v2\/pages\/4531\/revisions"}],"predecessor-version":[{"id":5260,"href":"https:\/\/seal.transport-manager.net\/flosouris_yt\/wp-json\/wp\/v2\/pages\/4531\/revisions\/5260"}],"wp:featuredmedia":[{"embeddable":true,"href":"https:\/\/seal.transport-manager.net\/flosouris_yt\/wp-json\/wp\/v2\/media\/4536"}],"wp:attachment":[{"href":"https:\/\/seal.transport-manager.net\/flosouris_yt\/wp-json\/wp\/v2\/media?parent=4531"}],"curies":[{"name":"wp","href":"https:\/\/api.w.org\/{rel}","templated":true}]}}