{"id":437,"date":"2023-12-02T17:16:39","date_gmt":"2023-12-02T16:16:39","guid":{"rendered":"https:\/\/seal.transport-manager.net\/funnybadasstv\/?page_id=437"},"modified":"2024-10-08T19:17:17","modified_gmt":"2024-10-08T17:17:17","slug":"votre-agglomeration-a-portee-de-main","status":"publish","type":"page","link":"https:\/\/seal.transport-manager.net\/funnybadasstv\/","title":{"rendered":"Votre agglom\u00e9ration \u00e0 port\u00e9e de main"},"content":{"rendered":"\n<h2 class=\"wp-block-heading\">Votre agglom\u00e9ration \u00e0 port\u00e9e de main<\/h2>\n\n\n<div class=\"wp-block-image\">\n<figure class=\"alignleft size-full is-resized\"><img loading=\"lazy\" decoding=\"async\" width=\"6958\" height=\"980\" src=\"https:\/\/seal.transport-manager.net\/funnybadasstv\/wp-content\/uploads\/sites\/67\/2024\/10\/baniere-bus-V2.png\" alt=\"\" class=\"wp-image-497\" style=\"aspect-ratio:7.915455746367239;width:974px;height:auto\" srcset=\"https:\/\/seal.transport-manager.net\/funnybadasstv\/wp-content\/uploads\/sites\/67\/2024\/10\/baniere-bus-V2.png 6958w, https:\/\/seal.transport-manager.net\/funnybadasstv\/wp-content\/uploads\/sites\/67\/2024\/10\/baniere-bus-V2-300x42.png 300w, https:\/\/seal.transport-manager.net\/funnybadasstv\/wp-content\/uploads\/sites\/67\/2024\/10\/baniere-bus-V2-1024x144.png 1024w, https:\/\/seal.transport-manager.net\/funnybadasstv\/wp-content\/uploads\/sites\/67\/2024\/10\/baniere-bus-V2-768x108.png 768w, https:\/\/seal.transport-manager.net\/funnybadasstv\/wp-content\/uploads\/sites\/67\/2024\/10\/baniere-bus-V2-1536x216.png 1536w, https:\/\/seal.transport-manager.net\/funnybadasstv\/wp-content\/uploads\/sites\/67\/2024\/10\/baniere-bus-V2-2048x288.png 2048w, https:\/\/seal.transport-manager.net\/funnybadasstv\/wp-content\/uploads\/sites\/67\/2024\/10\/baniere-bus-V2-1232x174.png 1232w, https:\/\/seal.transport-manager.net\/funnybadasstv\/wp-content\/uploads\/sites\/67\/2024\/10\/baniere-bus-V2-1920x270.png 1920w\" sizes=\"auto, (max-width: 6958px) 100vw, 6958px\" \/><\/figure>\n<\/div>\n\n\n<div  class=\"tribe-compatibility-container\" >\n\t<div\n\t\t class=\"tribe-common tribe-events tribe-events-view tribe-events-view--widget-events-list tribe-events-widget\" \t\tdata-js=\"tribe-events-view\"\n\t\tdata-view-rest-url=\"https:\/\/seal.transport-manager.net\/funnybadasstv\/wp-json\/tribe\/views\/v2\/html\"\n\t\tdata-view-manage-url=\"1\"\n\t\t\t\t\t\t\tdata-view-breakpoint-pointer=\"373b2886-9515-4fd7-ade6-d13f58228d70\"\n\t\t\t>\n\t\t<div class=\"tribe-events-widget-events-list\">\n\n\t\t\t\n\t\t\t<script data-js=\"tribe-events-view-data\" type=\"application\/json\">\n\t{\"slug\":\"widget-events-list\",\"prev_url\":\"\",\"next_url\":\"\",\"view_class\":\"Tribe\\\\Events\\\\Views\\\\V2\\\\Views\\\\Widgets\\\\Widget_List_View\",\"view_slug\":\"widget-events-list\",\"view_label\":\"View\",\"view\":null,\"should_manage_url\":true,\"id\":null,\"alias-slugs\":null,\"title\":\"Prochains \\u00c9v\\u00e8nements \\u2013 RTAG\",\"limit\":\"5\",\"no_upcoming_events\":false,\"featured_events_only\":false,\"jsonld_enable\":true,\"tribe_is_list_widget\":false,\"admin_fields\":{\"title\":{\"label\":\"Titre\\u00a0:\",\"type\":\"text\",\"parent_classes\":\"\",\"classes\":\"\",\"dependency\":\"\",\"id\":\"widget-tribe-widget-events-list--1-title\",\"name\":\"widget-tribe-widget-events-list[-1][title]\",\"options\":[],\"placeholder\":\"\",\"value\":null},\"limit\":{\"label\":\"Afficher\\u00a0:\",\"type\":\"number\",\"default\":5,\"min\":1,\"max\":10,\"step\":1,\"parent_classes\":\"\",\"classes\":\"\",\"dependency\":\"\",\"id\":\"widget-tribe-widget-events-list--1-limit\",\"name\":\"widget-tribe-widget-events-list[-1][limit]\",\"options\":[],\"placeholder\":\"\",\"value\":null},\"no_upcoming_events\":{\"label\":\"Cacher ce widget s\\u2019il n\\u2019y a pas d\\u2019\\u00e9v\\u00e8nements \\u00e0 venir.\",\"type\":\"checkbox\",\"parent_classes\":\"\",\"classes\":\"\",\"dependency\":\"\",\"id\":\"widget-tribe-widget-events-list--1-no_upcoming_events\",\"name\":\"widget-tribe-widget-events-list[-1][no_upcoming_events]\",\"options\":[],\"placeholder\":\"\",\"value\":null},\"featured_events_only\":{\"label\":\"Limiter uniquement pour les \\u00e9v\\u00e8nements mis en avant\",\"type\":\"checkbox\",\"parent_classes\":\"\",\"classes\":\"\",\"dependency\":\"\",\"id\":\"widget-tribe-widget-events-list--1-featured_events_only\",\"name\":\"widget-tribe-widget-events-list[-1][featured_events_only]\",\"options\":[],\"placeholder\":\"\",\"value\":null},\"jsonld_enable\":{\"label\":\"G\\u00e9n\\u00e9rer les donn\\u00e9es JSON-LD\",\"type\":\"checkbox\",\"parent_classes\":\"\",\"classes\":\"\",\"dependency\":\"\",\"id\":\"widget-tribe-widget-events-list--1-jsonld_enable\",\"name\":\"widget-tribe-widget-events-list[-1][jsonld_enable]\",\"options\":[],\"placeholder\":\"\",\"value\":null}},\"events\":[],\"url\":\"https:\\\/\\\/seal.transport-manager.net\\\/funnybadasstv\\\/?post_type=tribe_events&eventDisplay=widget-events-list\",\"url_event_date\":false,\"bar\":{\"keyword\":\"\",\"date\":\"\"},\"today\":\"2026-04-23 00:00:00\",\"now\":\"2026-04-23 19:24:01\",\"home_url\":\"https:\\\/\\\/seal.transport-manager.net\\\/funnybadasstv\",\"rest_url\":\"https:\\\/\\\/seal.transport-manager.net\\\/funnybadasstv\\\/wp-json\\\/tribe\\\/views\\\/v2\\\/html\",\"rest_method\":\"GET\",\"rest_nonce\":\"\",\"today_url\":\"https:\\\/\\\/seal.transport-manager.net\\\/funnybadasstv\\\/?post_type=tribe_events&eventDisplay=widget-events-list&rest_route=%2Fwp%2Fv2%2Fpages%2F437\",\"today_title\":\"Cliquer pour s\\u00e9lectionner la date du jour\",\"today_label\":\"Aujourd\\u2019hui\",\"prev_label\":\"\",\"next_label\":\"\",\"date_formats\":{\"compact\":\"d\\\/m\\\/Y\",\"month_and_year_compact\":\"m\\\/Y\",\"month_and_year\":\"F Y\",\"time_range_separator\":\" - \",\"date_time_separator\":\" \\u00e0 \"},\"messages\":{\"notice\":[\"Il n\\u2019y a pas d\\u2019\\u00e9v\\u00e8nements \\u00e0 venir.\"]},\"start_of_week\":\"1\",\"header_title\":\"\",\"header_title_element\":\"h1\",\"content_title\":\"\",\"show_content_title\":false,\"breadcrumbs\":[],\"backlink\":false,\"before_events\":\"<p>INFO TRAFIC<\\\/p>\\n\",\"after_events\":\"\\n<!--\\nThis calendar is powered by The Events Calendar.\\nhttp:\\\/\\\/evnt.is\\\/18wn\\n-->\\n\",\"display_events_bar\":false,\"disable_event_search\":false,\"live_refresh\":true,\"ical\":{\"display_link\":true,\"link\":{\"url\":\"https:\\\/\\\/seal.transport-manager.net\\\/funnybadasstv\\\/?post_type=tribe_events&#038;eventDisplay=widget-events-list&#038;ical=1\",\"text\":\"Exporter \\u00c9v\\u00e8nements\",\"title\":\"Utilisez ceci pour partager les donn\\u00e9es de calendrier avec Google Calendar, Apple iCal et d\\u2019autres applications compatibles\"}},\"container_classes\":[\"tribe-common\",\"tribe-events\",\"tribe-events-view\",\"tribe-events-view--widget-events-list\",\"tribe-events-widget\"],\"container_data\":[],\"is_past\":false,\"breakpoints\":{\"xsmall\":500,\"medium\":768,\"full\":960},\"breakpoint_pointer\":\"373b2886-9515-4fd7-ade6-d13f58228d70\",\"is_initial_load\":false,\"public_views\":{\"list\":{\"view_class\":\"Tribe\\\\Events\\\\Views\\\\V2\\\\Views\\\\List_View\",\"view_url\":\"https:\\\/\\\/seal.transport-manager.net\\\/funnybadasstv\\\/info-trafic\\\/liste\\\/\",\"view_label\":\"Liste\",\"aria_label\":\"Display \\u00c9v\\u00e8nements in Liste View\"},\"month\":{\"view_class\":\"Tribe\\\\Events\\\\Views\\\\V2\\\\Views\\\\Month_View\",\"view_url\":\"https:\\\/\\\/seal.transport-manager.net\\\/funnybadasstv\\\/info-trafic\\\/mois\\\/\",\"view_label\":\"Mois\",\"aria_label\":\"Display \\u00c9v\\u00e8nements in Mois View\"},\"day\":{\"view_class\":\"Tribe\\\\Events\\\\Views\\\\V2\\\\Views\\\\Day_View\",\"view_url\":\"https:\\\/\\\/seal.transport-manager.net\\\/funnybadasstv\\\/info-trafic\\\/aujourdhui\\\/\",\"view_label\":\"Jour\",\"aria_label\":\"Display \\u00c9v\\u00e8nements in Jour View\"}},\"show_latest_past\":false,\"past\":false,\"compatibility_classes\":[\"tribe-compatibility-container\"],\"view_more_text\":\"Voir le calendrier\",\"view_more_title\":\"Voir plus d\\u2019\\u00e9v\\u00e8nements.\",\"view_more_link\":\"https:\\\/\\\/seal.transport-manager.net\\\/funnybadasstv\\\/info-trafic\\\/\",\"widget_title\":\"Info trafic\",\"hide_if_no_upcoming_events\":false,\"display\":[],\"subscribe_links\":{\"gcal\":{\"label\":\"Google Agenda\",\"single_label\":\"Ajouter \\u00e0 Google Agenda\",\"visible\":true,\"block_slug\":\"hasGoogleCalendar\"},\"ical\":{\"label\":\"iCalendar\",\"single_label\":\"Ajouter \\u00e0 iCalendar\",\"visible\":true,\"block_slug\":\"hasiCal\"},\"outlook-365\":{\"label\":\"Outlook 365\",\"single_label\":\"Outlook 365\",\"visible\":true,\"block_slug\":\"hasOutlook365\"},\"outlook-live\":{\"label\":\"Outlook Live\",\"single_label\":\"Outlook Live\",\"visible\":true,\"block_slug\":\"hasOutlookLive\"},\"ics\":{\"label\":\"Exporter le fichier .ics\",\"single_label\":\"Exporter le fichier .ics\",\"visible\":true,\"block_slug\":null},\"outlook-ics\":{\"label\":\"Exporter le fichier Outlook .ics\",\"single_label\":\"Exporter le fichier Outlook .ics\",\"visible\":true,\"block_slug\":null}},\"_context\":{\"slug\":\"widget-events-list\"}}<\/script>\n\n\t\t\t\t\t\t\t<header class=\"tribe-events-widget-events-list__header\">\n\t\t\t\t\t<h2 class=\"tribe-events-widget-events-list__header-title tribe-common-h6 tribe-common-h--alt\">\n\t\t\t\t\t\tInfo trafic\t\t\t\t\t<\/h2>\n\t\t\t\t<\/header>\n\t\t\t\n\t\t\t\n\t\t\t\t<div  class=\"tribe-events-header__messages tribe-events-c-messages tribe-common-b2\"  >\n\t\t\t<div class=\"tribe-events-c-messages__message tribe-events-c-messages__message--notice\" tabindex=\"0\" role=\"alert\" aria-live=\"assertive\">\n\t\t\t<svg\n\t class=\"tribe-common-c-svgicon tribe-common-c-svgicon--messages-not-found tribe-events-c-messages__message-icon-svg\" \taria-hidden=\"true\"\n\tviewBox=\"0 0 21 23\"\n\txmlns=\"http:\/\/www.w3.org\/2000\/svg\"\n>\n\t<g fill-rule=\"evenodd\">\n\t\t<path d=\"M.5 2.5h20v20H.5z\"\/>\n\t\t<path stroke-linecap=\"round\" d=\"M7.583 11.583l5.834 5.834m0-5.834l-5.834 5.834\" class=\"tribe-common-c-svgicon__svg-stroke\"\/>\n\t\t<path stroke-linecap=\"round\" d=\"M4.5.5v4m12-4v4\"\/>\n\t\t<path stroke-linecap=\"square\" d=\"M.5 7.5h20\"\/>\n\t<\/g>\n<\/svg>\n<span class=\"tribe-common-a11y-visual-hide\">\n\tNotice<\/span>\n\t\t\t\t\t\t\t<div\n\t\t\t\t\t data-key=\"0\" >\n\t\t\t\t\tIl n\u2019y a pas d\u2019\u00e9v\u00e8nements \u00e0 venir.\t\t\t\t<\/div>\n\t\t\t\t\t<\/div>\n\t<\/div>\n\n\t\t\t\t\t<\/div>\n\t<\/div>\n<\/div>\n<script data-js='tribe-events-view-nonce-data' type='application\/json'>{\"tvn1\":\"51b5ba3559\",\"tvn2\":\"\"}<\/script>\n\n\n\n<p class=\"has-large-font-size\">L&rsquo;actu de votre r\u00e9seau<\/p>\n\n\n\n<div class=\"wp-block-group\"><div class=\"wp-block-group__inner-container is-layout-constrained wp-block-group-is-layout-constrained\"><ul class=\"wp-block-latest-posts__list is-grid columns-3 alignleft wp-block-latest-posts\"><li><div class=\"wp-block-latest-posts__featured-image aligncenter\"><a href=\"https:\/\/seal.transport-manager.net\/funnybadasstv\/2025\/09\/15\/journees-du-patrimoine\/\" aria-label=\"Journ\u00e9es du patrimoine\"><img loading=\"lazy\" decoding=\"async\" width=\"300\" height=\"42\" src=\"https:\/\/seal.transport-manager.net\/funnybadasstv\/wp-content\/uploads\/sites\/67\/2024\/11\/baniere-bus-V2-blanc-300x42.png\" class=\"attachment-medium size-medium wp-post-image\" alt=\"\" style=\"\" srcset=\"https:\/\/seal.transport-manager.net\/funnybadasstv\/wp-content\/uploads\/sites\/67\/2024\/11\/baniere-bus-V2-blanc-300x42.png 300w, https:\/\/seal.transport-manager.net\/funnybadasstv\/wp-content\/uploads\/sites\/67\/2024\/11\/baniere-bus-V2-blanc-1024x144.png 1024w, https:\/\/seal.transport-manager.net\/funnybadasstv\/wp-content\/uploads\/sites\/67\/2024\/11\/baniere-bus-V2-blanc-768x108.png 768w, https:\/\/seal.transport-manager.net\/funnybadasstv\/wp-content\/uploads\/sites\/67\/2024\/11\/baniere-bus-V2-blanc-1536x216.png 1536w, https:\/\/seal.transport-manager.net\/funnybadasstv\/wp-content\/uploads\/sites\/67\/2024\/11\/baniere-bus-V2-blanc-2048x288.png 2048w, https:\/\/seal.transport-manager.net\/funnybadasstv\/wp-content\/uploads\/sites\/67\/2024\/11\/baniere-bus-V2-blanc-1232x174.png 1232w, https:\/\/seal.transport-manager.net\/funnybadasstv\/wp-content\/uploads\/sites\/67\/2024\/11\/baniere-bus-V2-blanc-1920x270.png 1920w\" sizes=\"auto, (max-width: 300px) 100vw, 300px\" \/><\/a><\/div><a class=\"wp-block-latest-posts__post-title\" href=\"https:\/\/seal.transport-manager.net\/funnybadasstv\/2025\/09\/15\/journees-du-patrimoine\/\">Journ\u00e9es du patrimoine<\/a><\/li>\n<li><div class=\"wp-block-latest-posts__featured-image aligncenter\"><a href=\"https:\/\/seal.transport-manager.net\/funnybadasstv\/2025\/07\/02\/votre-reseau-evolue-pendant-lete\/\" aria-label=\"Votre r\u00e9seau \u00e9volue pendant l&rsquo;\u00e9t\u00e9\"><img loading=\"lazy\" decoding=\"async\" width=\"212\" height=\"300\" src=\"https:\/\/seal.transport-manager.net\/funnybadasstv\/wp-content\/uploads\/sites\/67\/2025\/07\/Copie-de-beach-party-212x300.png\" class=\"attachment-medium size-medium wp-post-image\" alt=\"\" style=\"\" srcset=\"https:\/\/seal.transport-manager.net\/funnybadasstv\/wp-content\/uploads\/sites\/67\/2025\/07\/Copie-de-beach-party-212x300.png 212w, https:\/\/seal.transport-manager.net\/funnybadasstv\/wp-content\/uploads\/sites\/67\/2025\/07\/Copie-de-beach-party-724x1024.png 724w, https:\/\/seal.transport-manager.net\/funnybadasstv\/wp-content\/uploads\/sites\/67\/2025\/07\/Copie-de-beach-party-768x1086.png 768w, https:\/\/seal.transport-manager.net\/funnybadasstv\/wp-content\/uploads\/sites\/67\/2025\/07\/Copie-de-beach-party-1086x1536.png 1086w, https:\/\/seal.transport-manager.net\/funnybadasstv\/wp-content\/uploads\/sites\/67\/2025\/07\/Copie-de-beach-party-1448x2048.png 1448w, https:\/\/seal.transport-manager.net\/funnybadasstv\/wp-content\/uploads\/sites\/67\/2025\/07\/Copie-de-beach-party-1232x1743.png 1232w, https:\/\/seal.transport-manager.net\/funnybadasstv\/wp-content\/uploads\/sites\/67\/2025\/07\/Copie-de-beach-party-763x1080.png 763w, https:\/\/seal.transport-manager.net\/funnybadasstv\/wp-content\/uploads\/sites\/67\/2025\/07\/Copie-de-beach-party.png 1587w\" sizes=\"auto, (max-width: 212px) 100vw, 212px\" \/><\/a><\/div><a class=\"wp-block-latest-posts__post-title\" href=\"https:\/\/seal.transport-manager.net\/funnybadasstv\/2025\/07\/02\/votre-reseau-evolue-pendant-lete\/\">Votre r\u00e9seau \u00e9volue pendant l&rsquo;\u00e9t\u00e9<\/a><\/li>\n<li><div class=\"wp-block-latest-posts__featured-image aligncenter\"><a href=\"https:\/\/seal.transport-manager.net\/funnybadasstv\/2025\/06\/03\/greve-interprofessionnelle\/\" aria-label=\"! Mis \u00e0 jour ! Gr\u00e8ve interprofessionnelle\"><img loading=\"lazy\" decoding=\"async\" width=\"48\" height=\"48\" src=\"https:\/\/seal.transport-manager.net\/funnybadasstv\/wp-content\/uploads\/sites\/67\/2022\/06\/icons8-haute-importance-48.png\" class=\"attachment-medium size-medium wp-post-image\" alt=\"\" style=\"\" \/><\/a><\/div><a class=\"wp-block-latest-posts__post-title\" href=\"https:\/\/seal.transport-manager.net\/funnybadasstv\/2025\/06\/03\/greve-interprofessionnelle\/\">! Mis \u00e0 jour ! Gr\u00e8ve interprofessionnelle<\/a><\/li>\n<\/ul><\/div><\/div>\n\n\n\n<div class=\"wp-block-group is-vertical is-layout-flex wp-container-core-group-is-layout-8cf370e7 wp-block-group-is-layout-flex\">\n<div class=\"wp-block-buttons is-content-justification-center is-layout-flex wp-container-core-buttons-is-layout-16018d1d wp-block-buttons-is-layout-flex\">\n<div class=\"wp-block-button\"><a class=\"wp-block-button__link wp-element-button\" href=\"https:\/\/seal.transport-manager.net\/funnybadasstv\/tickets\/\">Billetterie<\/a><\/div>\n\n\n\n<div class=\"wp-block-button\"><a class=\"wp-block-button__link wp-element-button\" href=\"https:\/\/seal.transport-manager.net\/funnybadasstv\/map\/\" target=\"_blank\" rel=\"noreferrer noopener\">Plans du r\u00e9seau<\/a><\/div>\n\n\n\n<div class=\"wp-block-button\"><a class=\"wp-block-button__link wp-element-button\" href=\"https:\/\/seal.transport-manager.net\/funnybadasstv\/info-trafic\/\">Info Trafic<\/a><\/div>\n\n\n\n<div class=\"wp-block-button\"><a class=\"wp-block-button__link wp-element-button\" href=\"https:\/\/seal.transport-manager.net\/funnybadasstv\/metropolx\/\" target=\"_blank\" rel=\"noreferrer noopener\">M\u00e9tropolX<\/a><\/div>\n\n\n\n<div class=\"wp-block-button\"><a class=\"wp-block-button__link wp-element-button\" href=\"https:\/\/seal.transport-manager.net\/funnybadasstv\/nous-rejoindre\/\" target=\"_blank\" rel=\"noreferrer noopener\">Nous rejoindre<\/a><\/div>\n<\/div>\n<\/div>\n\n\n<div class=\"wp-block-image\">\n<figure class=\"aligncenter size-large\"><img loading=\"lazy\" decoding=\"async\" width=\"1024\" height=\"327\" src=\"https:\/\/seal.transport-manager.net\/funnybadasstv\/wp-content\/uploads\/sites\/67\/2023\/12\/baniere-bas-1-1024x327.png\" alt=\"\" class=\"wp-image-458\" style=\"aspect-ratio:3.893536121673004;object-fit:contain\" srcset=\"https:\/\/seal.transport-manager.net\/funnybadasstv\/wp-content\/uploads\/sites\/67\/2023\/12\/baniere-bas-1-1024x327.png 1024w, https:\/\/seal.transport-manager.net\/funnybadasstv\/wp-content\/uploads\/sites\/67\/2023\/12\/baniere-bas-1-300x96.png 300w, https:\/\/seal.transport-manager.net\/funnybadasstv\/wp-content\/uploads\/sites\/67\/2023\/12\/baniere-bas-1-768x245.png 768w, https:\/\/seal.transport-manager.net\/funnybadasstv\/wp-content\/uploads\/sites\/67\/2023\/12\/baniere-bas-1-1232x393.png 1232w, https:\/\/seal.transport-manager.net\/funnybadasstv\/wp-content\/uploads\/sites\/67\/2023\/12\/baniere-bas-1.png 1502w\" sizes=\"auto, (max-width: 1024px) 100vw, 1024px\" \/><\/figure>\n<\/div>","protected":false},"excerpt":{"rendered":"<p>Votre agglom\u00e9ration \u00e0 port\u00e9e de main L&rsquo;actu de votre r\u00e9seau<\/p>\n","protected":false},"author":343,"featured_media":0,"parent":0,"menu_order":0,"comment_status":"closed","ping_status":"closed","template":"","meta":{"footnotes":""},"class_list":["post-437","page","type-page","status-publish","hentry"],"_links":{"self":[{"href":"https:\/\/seal.transport-manager.net\/funnybadasstv\/wp-json\/wp\/v2\/pages\/437","targetHints":{"allow":["GET"]}}],"collection":[{"href":"https:\/\/seal.transport-manager.net\/funnybadasstv\/wp-json\/wp\/v2\/pages"}],"about":[{"href":"https:\/\/seal.transport-manager.net\/funnybadasstv\/wp-json\/wp\/v2\/types\/page"}],"author":[{"embeddable":true,"href":"https:\/\/seal.transport-manager.net\/funnybadasstv\/wp-json\/wp\/v2\/users\/343"}],"replies":[{"embeddable":true,"href":"https:\/\/seal.transport-manager.net\/funnybadasstv\/wp-json\/wp\/v2\/comments?post=437"}],"version-history":[{"count":10,"href":"https:\/\/seal.transport-manager.net\/funnybadasstv\/wp-json\/wp\/v2\/pages\/437\/revisions"}],"predecessor-version":[{"id":498,"href":"https:\/\/seal.transport-manager.net\/funnybadasstv\/wp-json\/wp\/v2\/pages\/437\/revisions\/498"}],"wp:attachment":[{"href":"https:\/\/seal.transport-manager.net\/funnybadasstv\/wp-json\/wp\/v2\/media?parent=437"}],"curies":[{"name":"wp","href":"https:\/\/api.w.org\/{rel}","templated":true}]}}