{"id":12,"date":"2021-07-20T18:35:40","date_gmt":"2021-07-20T16:35:40","guid":{"rendered":"https:\/\/seal.transport-manager.net\/johnny\/?page_id=12"},"modified":"2022-12-29T10:18:29","modified_gmt":"2022-12-29T09:18:29","slug":"info-trafic","status":"publish","type":"page","link":"https:\/\/seal.transport-manager.net\/johnny\/info-trafic\/","title":{"rendered":"Info trafic"},"content":{"rendered":"\n<h2 class=\"wp-block-heading\">R\u00e9seau:<\/h2>\n\n\n\n<p>Perturbations ligne 2 et 7.<\/p>\n\n\n\n<h2 class=\"wp-block-heading\">Ligne 1:<\/h2>\n\n\n\n<p>Tout roule normalement! Si quelque chose est affich\u00e9 dans la section r\u00e9seau c\u2018est cette information \u00e0 prendre en compte.<\/p>\n\n\n\n<h2 class=\"wp-block-heading\">Ligne 2:<\/h2>\n\n\n\n<p>En heures de pointe, le trafic sera tr\u00e8s l\u00e9g\u00e8rement \u00e0 cause de l\u2018installation des prises USB dans un des v\u00e9hicules de la ligne<\/p>\n\n\n\n<h2 class=\"wp-block-heading\">Ligne 3:<\/h2>\n\n\n\n<p>Tout roule normalement! Si quelque chose est affich\u00e9 dans la section r\u00e9seau c\u2018est cette information \u00e0 prendre en compte.<\/p>\n\n\n\n<h2 class=\"wp-block-heading\">Ligne 4:<\/h2>\n\n\n\n<p>Tout roule normalement! Si quelque chose est affich\u00e9 dans la section r\u00e9seau c\u2018est cette information \u00e0 prendre en compte.<\/p>\n\n\n\n<h2 class=\"wp-block-heading\">Ligne 5:<\/h2>\n\n\n\n<p>Tout roule normalement! Si quelque chose est affich\u00e9 dans la section r\u00e9seau c\u2018est cette information \u00e0 prendre en compte.<\/p>\n\n\n\n<h2 class=\"wp-block-heading\">Ligne 6:<\/h2>\n\n\n\n<p>Tout roule normalement! Si quelque chose est affich\u00e9 dans la section r\u00e9seau c\u2018est cette information \u00e0 prendre en compte.<\/p>\n\n\n\n<h2 class=\"wp-block-heading\">Ligne 7:<\/h2>\n\n\n\n<p>En heures de pointe, le trafic est fortement impact\u00e9, faute de mat\u00e9riel roulant<\/p>\n","protected":false},"excerpt":{"rendered":"<p>R\u00e9seau: Perturbations ligne 2 et 7. Ligne 1: Tout roule normalement! Si quelque chose est affich\u00e9 dans la section r\u00e9seau c\u2018est cette information \u00e0 prendre en compte. Ligne 2: En&hellip;&nbsp;<a href=\"https:\/\/seal.transport-manager.net\/johnny\/info-trafic\/\" rel=\"bookmark\">Lire la suite &raquo;<span class=\"screen-reader-text\">Info trafic<\/span><\/a><\/p>\n","protected":false},"author":11,"featured_media":0,"parent":0,"menu_order":0,"comment_status":"closed","ping_status":"closed","template":"","meta":{"neve_meta_sidebar":"","neve_meta_container":"","neve_meta_enable_content_width":"","neve_meta_content_width":0,"neve_meta_title_alignment":"","neve_meta_author_avatar":"","neve_post_elements_order":"","neve_meta_disable_header":"","neve_meta_disable_footer":"","neve_meta_disable_title":"","footnotes":""},"class_list":["post-12","page","type-page","status-publish","hentry"],"_links":{"self":[{"href":"https:\/\/seal.transport-manager.net\/johnny\/wp-json\/wp\/v2\/pages\/12","targetHints":{"allow":["GET"]}}],"collection":[{"href":"https:\/\/seal.transport-manager.net\/johnny\/wp-json\/wp\/v2\/pages"}],"about":[{"href":"https:\/\/seal.transport-manager.net\/johnny\/wp-json\/wp\/v2\/types\/page"}],"author":[{"embeddable":true,"href":"https:\/\/seal.transport-manager.net\/johnny\/wp-json\/wp\/v2\/users\/11"}],"replies":[{"embeddable":true,"href":"https:\/\/seal.transport-manager.net\/johnny\/wp-json\/wp\/v2\/comments?post=12"}],"version-history":[{"count":16,"href":"https:\/\/seal.transport-manager.net\/johnny\/wp-json\/wp\/v2\/pages\/12\/revisions"}],"predecessor-version":[{"id":356,"href":"https:\/\/seal.transport-manager.net\/johnny\/wp-json\/wp\/v2\/pages\/12\/revisions\/356"}],"wp:attachment":[{"href":"https:\/\/seal.transport-manager.net\/johnny\/wp-json\/wp\/v2\/media?parent=12"}],"curies":[{"name":"wp","href":"https:\/\/api.w.org\/{rel}","templated":true}]}}