{"id":1401,"date":"2024-10-26T14:12:29","date_gmt":"2024-10-26T12:12:29","guid":{"rendered":"https:\/\/seal.transport-manager.net\/le-fou-des-transports\/?page_id=1401"},"modified":"2026-01-04T21:20:08","modified_gmt":"2026-01-04T20:20:08","slug":"ligne-901","status":"publish","type":"page","link":"https:\/\/seal.transport-manager.net\/le-fou-des-transports\/ligne-901\/","title":{"rendered":"Ligne 901"},"content":{"rendered":"\n<p class=\"has-text-align-center has-text-color has-link-color has-x-large-font-size wp-elements-2362d0ca45699d8580b1340f73021de9\" style=\"color:#bb4a9b\"><strong>Ligne 901 : Haute-Ville &lt;-&gt; Bellevue<\/strong><\/p>\n\n\n\n<div class=\"wp-block-columns is-layout-flex wp-container-core-columns-is-layout-9d6595d7 wp-block-columns-is-layout-flex\">\n<div class=\"wp-block-column is-layout-flow wp-block-column-is-layout-flow\">\n<p class=\"has-text-align-center has-white-color has-text-color has-background has-link-color wp-elements-dcc6463d3c7dbf8a6c2ba5c5ada032d2\" style=\"background-color:#bb4a9b\"><strong>PLAN DE LA LIGNE<\/strong><\/p>\n<\/div>\n<\/div>\n\n\n\n<figure class=\"wp-block-image size-large\"><img loading=\"lazy\" decoding=\"async\" width=\"1024\" height=\"253\" src=\"https:\/\/seal.transport-manager.net\/le-fou-des-transports\/wp-content\/uploads\/sites\/221\/2026\/01\/map-2026-01-04T153206.638-1024x253.png\" alt=\"\" class=\"wp-image-1739\" srcset=\"https:\/\/seal.transport-manager.net\/le-fou-des-transports\/wp-content\/uploads\/sites\/221\/2026\/01\/map-2026-01-04T153206.638-1024x253.png 1024w, https:\/\/seal.transport-manager.net\/le-fou-des-transports\/wp-content\/uploads\/sites\/221\/2026\/01\/map-2026-01-04T153206.638-300x74.png 300w, https:\/\/seal.transport-manager.net\/le-fou-des-transports\/wp-content\/uploads\/sites\/221\/2026\/01\/map-2026-01-04T153206.638-768x190.png 768w, https:\/\/seal.transport-manager.net\/le-fou-des-transports\/wp-content\/uploads\/sites\/221\/2026\/01\/map-2026-01-04T153206.638-1536x380.png 1536w, https:\/\/seal.transport-manager.net\/le-fou-des-transports\/wp-content\/uploads\/sites\/221\/2026\/01\/map-2026-01-04T153206.638-2048x506.png 2048w, https:\/\/seal.transport-manager.net\/le-fou-des-transports\/wp-content\/uploads\/sites\/221\/2026\/01\/map-2026-01-04T153206.638-1232x305.png 1232w, https:\/\/seal.transport-manager.net\/le-fou-des-transports\/wp-content\/uploads\/sites\/221\/2026\/01\/map-2026-01-04T153206.638-1920x475.png 1920w\" sizes=\"auto, (max-width: 1024px) 100vw, 1024px\" \/><\/figure>\n\n\n\n<div class=\"wp-block-columns is-layout-flex wp-container-core-columns-is-layout-9d6595d7 wp-block-columns-is-layout-flex\">\n<div class=\"wp-block-column is-layout-flow wp-block-column-is-layout-flow\">\n<p class=\"has-text-align-center has-white-color has-text-color has-background has-link-color wp-elements-81013f527946a78079c797c12efda8e5\" style=\"background-color:#bb4a9b\"><strong>INFORMATIONS<\/strong><\/p>\n<\/div>\n<\/div>\n\n\n\n<ul class=\"wp-block-list\">\n<li>Cette ligne est une ligne T.A.D. ce qui implique le fonctionnement suivant :\n<ul class=\"wp-block-list\">\n<li>Cette ligne n&rsquo;a pas d&rsquo;horaires ou d&rsquo;itin\u00e9raire d\u00e9finit.<\/li>\n\n\n\n<li>Il est n\u00e9cessaire de r\u00e9server au minimum <strong>48h \u00e0 l&rsquo;avance<\/strong>, sur la page d\u00e9di\u00e9e.<\/li>\n\n\n\n<li>Vous pouvez annuler votre r\u00e9servation jusqu&rsquo;\u00e0 <strong>24h avant le d\u00e9part<\/strong>, au del\u00e0 le service vous sera factur\u00e9.<\/li>\n\n\n\n<li>Ce service est inclus dans l&rsquo;ensemble des titres propos\u00e9s sans surcout.<\/li>\n<\/ul>\n<\/li>\n<\/ul>\n\n\n\n<div class=\"wp-block-columns is-layout-flex wp-container-core-columns-is-layout-9d6595d7 wp-block-columns-is-layout-flex\">\n<div class=\"wp-block-column is-layout-flow wp-block-column-is-layout-flow\">\n<p class=\"has-text-align-center has-white-color has-text-color has-background has-link-color wp-elements-ad4b878176844576513b681d155652c7\" style=\"background-color:#bb4a9b\"><strong>PERTURBATIONS<\/strong><\/p>\n<\/div>\n<\/div>\n\n\n\n<div class=\"wp-block-columns is-layout-flex wp-container-core-columns-is-layout-9d6595d7 wp-block-columns-is-layout-flex\">\n<div class=\"wp-block-column is-layout-flow wp-block-column-is-layout-flow\">\n<p class=\"has-text-align-center has-white-color has-text-color has-background has-link-color wp-elements-44bf20577331a46ff8859ef52ab0bbc3\" style=\"background-color:#bb4a9b\"><strong>PLAN DU RESEAU<\/strong><\/p>\n<\/div>\n<\/div>\n\n\n\n<figure class=\"wp-block-image size-large\"><img decoding=\"async\" src=\"https:\/\/transport-manager.net\/assets\/img\/lignes\/Plan_N3.png\" alt=\"\" \/><\/figure>\n","protected":false},"excerpt":{"rendered":"<p>Ligne 901 : Haute-Ville &lt;-&gt; Bellevue PLAN DE LA LIGNE INFORMATIONS PERTURBATIONS PLAN DU RESEAU<\/p>\n","protected":false},"author":245,"featured_media":0,"parent":0,"menu_order":0,"comment_status":"closed","ping_status":"closed","template":"","meta":{"_EventAllDay":false,"_EventTimezone":"","_EventStartDate":"","_EventEndDate":"","_EventStartDateUTC":"","_EventEndDateUTC":"","_EventShowMap":false,"_EventShowMapLink":false,"_EventURL":"","_EventCost":"","_EventCostDescription":"","_EventCurrencySymbol":"","_EventCurrencyCode":"","_EventCurrencyPosition":"","_EventDateTimeSeparator":"","_EventTimeRangeSeparator":"","_EventOrganizerID":[],"_EventVenueID":[],"_OrganizerEmail":"","_OrganizerPhone":"","_OrganizerWebsite":"","_VenueAddress":"","_VenueCity":"","_VenueCountry":"","_VenueProvince":"","_VenueState":"","_VenueZip":"","_VenuePhone":"","_VenueURL":"","_VenueStateProvince":"","_VenueLat":"","_VenueLng":"","_VenueShowMap":false,"_VenueShowMapLink":false,"footnotes":""},"class_list":["post-1401","page","type-page","status-publish","hentry"],"_links":{"self":[{"href":"https:\/\/seal.transport-manager.net\/le-fou-des-transports\/wp-json\/wp\/v2\/pages\/1401","targetHints":{"allow":["GET"]}}],"collection":[{"href":"https:\/\/seal.transport-manager.net\/le-fou-des-transports\/wp-json\/wp\/v2\/pages"}],"about":[{"href":"https:\/\/seal.transport-manager.net\/le-fou-des-transports\/wp-json\/wp\/v2\/types\/page"}],"author":[{"embeddable":true,"href":"https:\/\/seal.transport-manager.net\/le-fou-des-transports\/wp-json\/wp\/v2\/users\/245"}],"replies":[{"embeddable":true,"href":"https:\/\/seal.transport-manager.net\/le-fou-des-transports\/wp-json\/wp\/v2\/comments?post=1401"}],"version-history":[{"count":3,"href":"https:\/\/seal.transport-manager.net\/le-fou-des-transports\/wp-json\/wp\/v2\/pages\/1401\/revisions"}],"predecessor-version":[{"id":1766,"href":"https:\/\/seal.transport-manager.net\/le-fou-des-transports\/wp-json\/wp\/v2\/pages\/1401\/revisions\/1766"}],"wp:attachment":[{"href":"https:\/\/seal.transport-manager.net\/le-fou-des-transports\/wp-json\/wp\/v2\/media?parent=1401"}],"curies":[{"name":"wp","href":"https:\/\/api.w.org\/{rel}","templated":true}]}}