{"id":2,"date":"2023-04-10T08:00:22","date_gmt":"2023-04-10T06:00:22","guid":{"rendered":"https:\/\/seal.transport-manager.net\/lecrafteuryt\/?page_id=2"},"modified":"2024-02-15T18:06:48","modified_gmt":"2024-02-15T17:06:48","slug":"presentation","status":"publish","type":"page","link":"https:\/\/seal.transport-manager.net\/lecrafteuryt\/presentation\/","title":{"rendered":"Pr\u00e9sentation"},"content":{"rendered":"\n<figure class=\"wp-block-image size-large is-resized\"><img loading=\"lazy\" decoding=\"async\" width=\"1024\" height=\"661\" src=\"https:\/\/seal.transport-manager.net\/lecrafteuryt\/wp-content\/uploads\/sites\/88\/2024\/02\/Plan_N2-1024x661.png\" alt=\"\" class=\"wp-image-132\" style=\"width:995px;height:641px\" srcset=\"https:\/\/seal.transport-manager.net\/lecrafteuryt\/wp-content\/uploads\/sites\/88\/2024\/02\/Plan_N2-1024x661.png 1024w, https:\/\/seal.transport-manager.net\/lecrafteuryt\/wp-content\/uploads\/sites\/88\/2024\/02\/Plan_N2-300x194.png 300w, https:\/\/seal.transport-manager.net\/lecrafteuryt\/wp-content\/uploads\/sites\/88\/2024\/02\/Plan_N2-768x496.png 768w, https:\/\/seal.transport-manager.net\/lecrafteuryt\/wp-content\/uploads\/sites\/88\/2024\/02\/Plan_N2-1536x991.png 1536w, https:\/\/seal.transport-manager.net\/lecrafteuryt\/wp-content\/uploads\/sites\/88\/2024\/02\/Plan_N2-2048x1321.png 2048w, https:\/\/seal.transport-manager.net\/lecrafteuryt\/wp-content\/uploads\/sites\/88\/2024\/02\/Plan_N2-1232x795.png 1232w, https:\/\/seal.transport-manager.net\/lecrafteuryt\/wp-content\/uploads\/sites\/88\/2024\/02\/Plan_N2-1674x1080.png 1674w\" sizes=\"auto, (max-width: 1024px) 100vw, 1024px\" \/><figcaption class=\"wp-element-caption\">Plan du r\u00e9seau<\/figcaption><\/figure>\n\n\n\n<p>Histoire du r\u00e9seau<\/p>\n\n\n\n<p>Apr\u00e8s l&rsquo;echec de plusieurs compagnies de bus, la communaut\u00e9 d&rsquo;agglom\u00e9ration Oise-Et-For\u00eat recherche une nouvelle compagnie capable d&rsquo;assurer correctement l&rsquo;exploitation des lignes de l&rsquo;agglo. Et c&rsquo;est MBF Transport qui a \u00e9t\u00e9 choisie pour cr\u00e9er le r\u00e9seau STM apr\u00e8s avoir repris les r\u00e9seaux Lecrafteur Transport, TYB Mobilit\u00e9s, RIV&rsquo;Bus, RAYB, TransTheo, Busual et UZAR qui n&rsquo;ont pas r\u00e9ussi \u00e0 faire d\u00e9velopper l&rsquo;agglom\u00e9ration avec leurs gros probl\u00e8mes financiers.<\/p>\n","protected":false},"excerpt":{"rendered":"<p>Histoire du r\u00e9seau Apr\u00e8s l&rsquo;echec de plusieurs compagnies de bus, la communaut\u00e9 d&rsquo;agglom\u00e9ration Oise-Et-For\u00eat recherche une nouvelle compagnie capable d&rsquo;assurer correctement l&rsquo;exploitation des lignes de l&rsquo;agglo. Et c&rsquo;est MBF Transport&nbsp;&hellip;<\/p>\n","protected":false},"author":89,"featured_media":0,"parent":0,"menu_order":0,"comment_status":"closed","ping_status":"closed","template":"","meta":{"footnotes":""},"class_list":["post-2","page","type-page","status-publish","hentry"],"_links":{"self":[{"href":"https:\/\/seal.transport-manager.net\/lecrafteuryt\/wp-json\/wp\/v2\/pages\/2","targetHints":{"allow":["GET"]}}],"collection":[{"href":"https:\/\/seal.transport-manager.net\/lecrafteuryt\/wp-json\/wp\/v2\/pages"}],"about":[{"href":"https:\/\/seal.transport-manager.net\/lecrafteuryt\/wp-json\/wp\/v2\/types\/page"}],"author":[{"embeddable":true,"href":"https:\/\/seal.transport-manager.net\/lecrafteuryt\/wp-json\/wp\/v2\/users\/89"}],"replies":[{"embeddable":true,"href":"https:\/\/seal.transport-manager.net\/lecrafteuryt\/wp-json\/wp\/v2\/comments?post=2"}],"version-history":[{"count":3,"href":"https:\/\/seal.transport-manager.net\/lecrafteuryt\/wp-json\/wp\/v2\/pages\/2\/revisions"}],"predecessor-version":[{"id":133,"href":"https:\/\/seal.transport-manager.net\/lecrafteuryt\/wp-json\/wp\/v2\/pages\/2\/revisions\/133"}],"wp:attachment":[{"href":"https:\/\/seal.transport-manager.net\/lecrafteuryt\/wp-json\/wp\/v2\/media?parent=2"}],"curies":[{"name":"wp","href":"https:\/\/api.w.org\/{rel}","templated":true}]}}

Présentation

<figure class="wp-block-image size-large is-resized"><img loading="lazy" decoding="async" width="1024" height="661" src="https://seal.transport-manager.net/lecrafteuryt/wp-content/uploads/sites/88/2024/02/Plan_N2-1024x661.png" alt="" class="wp-image-132" style="width:995px;height:641px" srcset="https://seal.transport-manager.net/lecrafteuryt/wp-content/uploads/sites/88/2024/02/Plan_N2-1024x661.png 1024w, https://seal.transport-manager.net/lecrafteuryt/wp-content/uploads/sites/88/2024/02/Plan_N2-300x194.png 300w, https://seal.transport-manager.net/lecrafteuryt/wp-content/uploads/sites/88/2024/02/Plan_N2-768x496.png 768w, https://seal.transport-manager.net/lecrafteuryt/wp-content/uploads/sites/88/2024/02/Plan_N2-1536x991.png 1536w, https://seal.transport-manager.net/lecrafteuryt/wp-content/uploads/sites/88/2024/02/Plan_N2-2048x1321.png 2048w, https://seal.transport-manager.net/lecrafteuryt/wp-content/uploads/sites/88/2024/02/Plan_N2-1232x795.png 1232w, https://seal.transport-manager.net/lecrafteuryt/wp-content/uploads/sites/88/2024/02/Plan_N2-1674x1080.png 1674w" sizes="auto, (max-width: 1024px) 100vw, 1024px" /><figcaption class="wp-element-caption">Plan du réseau</figcaption></figure>



<p>Histoire du réseau</p>



<p>Après l&rsquo;echec de plusieurs compagnies de bus, la communauté d&rsquo;agglomération Oise-Et-Forêt recherche une nouvelle compagnie capable d&rsquo;assurer correctement l&rsquo;exploitation des lignes de l&rsquo;agglo. Et c&rsquo;est MBF Transport qui a été choisie pour créer le réseau STM après avoir repris les réseaux Lecrafteur Transport, TYB Mobilités, RIV&rsquo;Bus, RAYB, TransTheo, Busual et UZAR qui n&rsquo;ont pas réussi à faire développer l&rsquo;agglomération avec leurs gros problèmes financiers.</p>

<p>Histoire du réseau Après l&rsquo;echec de plusieurs compagnies de bus, la communauté d&rsquo;agglomération Oise-Et-Forêt recherche une nouvelle compagnie capable d&rsquo;assurer correctement l&rsquo;exploitation des lignes de l&rsquo;agglo. Et c&rsquo;est MBF Transport&nbsp;&hellip;</p>
