{"id":48,"date":"2021-07-26T16:31:27","date_gmt":"2021-07-26T14:31:27","guid":{"rendered":"https:\/\/seal.transport-manager.net\/lilatan44\/?page_id=48"},"modified":"2023-09-03T10:52:26","modified_gmt":"2023-09-03T08:52:26","slug":"actualites","status":"publish","type":"page","link":"https:\/\/seal.transport-manager.net\/lilatan44\/actualites\/","title":{"rendered":"Actualit\u00e9s"},"content":{"rendered":"\n<p><strong>Agences commerciales :<\/strong><\/p>\n\n\n\n<p>Depuis le 3 f\u00e9vrier 2022, une deuxi\u00e8me agence, celle de l&rsquo;a\u00e9roport, est ouvert au public 7 jours sur 7 !<\/p>\n\n\n\n<p>A partir du Lundi 10 Octobre 2022, la 3eme agence commerciale, au campus Alan Turing va ouvrir ses portes au public !<\/p>\n\n\n\n<p><strong> lignes r\u00e9guli\u00e8res :<\/strong><\/p>\n\n\n\n<p>La soci\u00e9t\u00e9 Ligea \u00e0 d\u00e9cid\u00e9 d&rsquo;ouvrir une nouvelle ligne le Vendredi 20 Ao\u00fbt 2021 ! La ligne 6 , elle permet d\u00e9sormais de relier Palais Royal au Campus Pierre Bourdieu, en Corespondances avec les lignes 4, 804 et 807 ! <\/p>\n\n\n\n<p>Mercredi 13 Octobre 2021 : ouverture de la ligne 7 entre Palais Royal et Port Fluvial , premiers bus en service le Jeudi 14 . Le X01 circule exceptionnellement sur cette ligne pour une dur\u00e9e ind\u00e9termin\u00e9e avec en bus r\u00e9guliers les GX 327 GNV 011 et 012 .<\/p>\n\n\n\n<p>Vendredi 31 d\u00e9cembre 2021 : ouverture de la ligne 5 entre Salle Mirzakhani et mus\u00e9e d&rsquo;art moderne. Premi\u00e8re ligne rocade du r\u00e9seau.<\/p>\n\n\n\n<p><mark class=\"has-inline-color has-header-gradient-color\">Op\u00e9ration \u00ab\u00a0Glow up des lignes\u00a0\u00bb :          <\/mark>                    Dans le cadre de l&rsquo;\u00e9volution du r\u00e9seau, notre soci\u00e9t\u00e9 a d\u00e9cid\u00e9 de lancer cette op\u00e9ration afin de r\u00e9pondre aux besoins toujours plus croissants de nos clients en suivant le d\u00e9veloppement de l&rsquo;agglom\u00e9ration. <\/p>\n\n\n\n<p>Elle pr\u00e9voit un renouvellement partielle de notre flotte d&rsquo;autobus et son agrandissement avec la commande de bus r\u00e9cents et aux Gaz ainsi que des Bus \u00e0 haut niveau de service. Les lignes 2 et 3 deviendront officiellement des Lignes \u00e0 haut niveau de service \u00ab\u00a0Linea\u00a0\u00bb le 1er janvier 2023 avec en accompagnement l&rsquo;am\u00e9nagement de stations apais\u00e9es, de site propre, la priorit\u00e9 au feu et le Self service. Enfin la fr\u00e9quence de nos lignes vont augmenter, en particulier pour Linea afin de r\u00e9pondre a l&rsquo;augmentation du nombres de passagers, r\u00e9duire le temps d&rsquo;attente aux arr\u00eats et fluidifier les trajets. Par la suite de nouvelles lignes de bus et un service de Transport \u00e0 la demande nomm\u00e9 \u00ab\u00a0Tad\u00e9a\u00a0\u00bb viendront compl\u00e9ter le r\u00e9seau. <\/p>\n\n\n\n<p>Mardi 17 Janvier 2023, la ligne 10 est mise en service entre Campus Nikola Tesla et CRT Est via Lyc\u00e9e Andropov et Parc des Naudi\u00e8res. <\/p>\n\n\n\n<p>Mercredi 29 Mars 2023, ouverture de la ligne 8 entre Place de l&rsquo;Union et Campus M.Br\u00e8s.<\/p>\n\n\n\n<p>\u00c9t\u00e9 2023 : ouverture de la cit\u00e9a 60 entre lyc\u00e9e Andropov et Pr\u00e9fecture.<\/p>\n\n\n\n<p>4 septembre 2023 : ouverture des Busea 9 entre Mont Michelien &#8211; Campus Nikola Tesla, 11 entre Clinique St Paul &#8211; Campus Madeleine Br\u00e8s, et Cit\u00e9a 61 entre Parc Jolivet &#8211; Gare de l&rsquo;ouest.<\/p>\n\n\n\n<p><strong>Nouveaux v\u00e9hicules :<\/strong><\/p>\n\n\n\n<p>29\/07\/21 : r\u00e9ception de deux GX 337 GNV pour la ligne 6<\/p>\n\n\n\n<p>Ao\u00fbt 2021 : 3eme GX 337 GNV pour la ligne 6<\/p>\n\n\n\n<p>31\/08\/21 : r\u00e9ception d&rsquo;un Citaro C2 pour la ligne 3<\/p>\n\n\n\n<p>14\/09\/21 : arriv\u00e9 de 2 Mercedes Citaro G GNV pour la ligne 2 <\/p>\n\n\n\n<p>Octobre 2021 : commande de 5 GX 327 GNV pour la nouvelle ligne 7 <\/p>\n\n\n\n<p>novembre 2021 : 3 GX 337 GNV en plus, un Citaro C2 suppl\u00e9mentaire et les premiers Urbanway 12 diesel du r\u00e9seau <\/p>\n\n\n\n<p>1 d\u00e9cembre,  1er Urbino 18 IV GNV,  1ere circulation sur le r\u00e9seau, ligne 2 <\/p>\n\n\n\n<p>Depuis Mars 2022 : Pour continuer notre transition \u00e9cologique, la ligne 7 se verra dot\u00e9e de nouveaux bus \u00e9lectriques du Constructeur Solaris !<\/p>\n\n\n\n<p>Le 09 Avril 2022, Ligea \u00e0 acqu\u00e9ri un Heuliez GX 217 pour servir de v\u00e9hicule de r\u00e9serve puis un nouveau v\u00e9hicule du patrimoine !<\/p>\n\n\n\n<p>Le 2 juillet 2022, r\u00e9ception de 7 Man Lion&rsquo;s city L GNV pour exploiter la future ligne 8 au sud de l&rsquo;agglom\u00e9ration.<\/p>\n\n\n\n<p>Depuis Janvier 2023, de Solaris Urbino 18 GNV BHNS circulent d\u00e9sormais sur la nouvelle Linea 2 rempla\u00e7ant le bus 2 ! <\/p>\n\n\n\n<p>apr\u00e8s concertation avec les habitants, voici les r\u00e9sultats des votes :Pour le Tadea, la marque choisi est Man et son mod\u00e8le TGE \u00e9lectrique ! Quant aux lignes citea futures lignes 60 et 61 , le v\u00e9hicule sera le Citaro K hybride de chez Evobus ! Merci de votre participation !A bient\u00f4t sur le r\u00e9seau LIGEA<\/p>\n\n\n\n<p>depuis Mars 2023, la ligne 5 est d\u00e9sormais exploit\u00e9 avec des Mercedes Citaro GC2 NGT en remplacement tout les autres v\u00e9hicules.<\/p>\n\n\n\n<p><strong>Changement noms et cr\u00e9ations d&rsquo;arr\u00eats :<\/strong><\/p>\n\n\n\n<p>A compter du 30\/08\/2021 , certains arr\u00eats du r\u00e9seau changeront de noms : <\/p>\n\n\n\n<p>Ligne 1 : Bassens -&gt; Ernest Dalby <\/p>\n\n\n\n<p>Ligne 2 : Pont des principes -&gt; Danielle Casanova <\/p>\n\n\n\n<p>Ligne 4 : Pellegrini -&gt; Gis\u00e8le Halimi <\/p>\n\n\n\n<p>&#8212;&#8212;&#8212;&#8212;&#8212;&#8212;&#8212;&#8212;&#8212;&#8212;-<\/p>\n\n\n\n<p>Septembre 2021 , nouveaux arr\u00eats :<\/p>\n\n\n\n<p>Ligne 3 : Fabre d&rsquo;\u00e9glantine <\/p>\n\n\n\n<p>Ligne 4 : St (Santa) Monica , B\u00e9ranger<\/p>\n\n\n\n<p>&#8212;&#8212;&#8212;&#8212;&#8212;&#8212;&#8212;&#8212;&#8212;&#8212;-<\/p>\n\n\n\n<p>Changement de noms le 21\/02\/2022 :<\/p>\n\n\n\n<p>Ligne 1 : Arenc -&gt; Arenc &#8211; Jean Rapp <\/p>\n\n\n\n<p>Ligne 4 : Ars\u00e8ne Lupin -&gt; Tulipe Laplace <\/p>\n\n\n\n<p>&#8212;&#8212;&#8211;\u2010&#8212;&#8212;&#8212;&#8212;&#8212;&#8212;&#8212;<\/p>\n\n\n\n<p>A compter du Lundi 17 Avril 2023, certains arr\u00eats changeront de noms :<\/p>\n\n\n\n<p>Ligne 3 , Francisco =&gt; Sadi Carnot<\/p>\n\n\n\n<p> Ligne 2 : &#8211; McDrive =&gt; Rue de L\u00fcderitz  Nordine =&gt; Muhamar Khadafi                                    Perspective =&gt; Pont des Aliz\u00e9s <\/p>\n\n\n\n<p>Ligne 7 , Bachkirie =&gt; Sabiha G\u00f6k\u00e7en <\/p>\n\n\n\n<p>Merci de votre Compr\u00e9hension<\/p>\n\n\n\n<p><strong>Patrimoine : <\/strong><\/p>\n\n\n\n<p>Depuis le 29\/08\/2021 , le seul GX 107 du r\u00e9seau Ligea \u00e0 \u00e9t\u00e9 class\u00e9 en v\u00e9hicule mus\u00e9e,  le premier du patrimoine des transports dans la r\u00e9gion ! Anciennement num\u00e9rot\u00e9 001 et est d\u00e9sormais num\u00e9rot\u00e9 X01 .<\/p>\n\n\n\n<p>A l&rsquo;occasion des journ\u00e9es de patrimoine le week-end du 18 et 19 septembre,  le GX 107 X01 circule en service r\u00e9gulier,  le 18 sur la ligne 1 et le 19 sur la 3 .<\/p>\n\n\n\n<p>Le Samedi 30 Octobre 2021 , le Solaris Urbino 12 X02 (ex 201) est class\u00e9 v\u00e9hicule mus\u00e9e apr\u00e8s 22 ans de bon et loyaux services ! Ce v\u00e9hicule a \u00e9t\u00e9 mis aux ench\u00e8res le 4 d\u00e9cembre 2021 <\/p>\n\n\n\n<p>Le Dimanche 28 novembre 2021, Le Heuliez GX 317  N\u00b0X06 (ex 006) est class\u00e9 v\u00e9hicule mus\u00e9e. C&rsquo;est le troisi\u00e8me de cette s\u00e9rie.<\/p>\n\n\n\n<p><strong>Identit\u00e9 visuelle :<\/strong><\/p>\n\n\n\n<p>Voici depuis le Mercredi 13 Octobre 2021 l&rsquo;identit\u00e9 visuelle \u00e0 l&rsquo;int\u00e9rieur de nos bus <\/p>\n\n\n\n<figure class=\"wp-block-image size-large\"><img loading=\"lazy\" decoding=\"async\" width=\"1152\" height=\"719\" src=\"https:\/\/seal.transport-manager.net\/lilatan44\/wp-content\/uploads\/sites\/40\/2021\/10\/Screenshot_20211013-224745_Samsung-Internet-edited.jpg\" alt=\"\" class=\"wp-image-208\" srcset=\"https:\/\/seal.transport-manager.net\/lilatan44\/wp-content\/uploads\/sites\/40\/2021\/10\/Screenshot_20211013-224745_Samsung-Internet-edited.jpg 1152w, https:\/\/seal.transport-manager.net\/lilatan44\/wp-content\/uploads\/sites\/40\/2021\/10\/Screenshot_20211013-224745_Samsung-Internet-edited-300x187.jpg 300w, https:\/\/seal.transport-manager.net\/lilatan44\/wp-content\/uploads\/sites\/40\/2021\/10\/Screenshot_20211013-224745_Samsung-Internet-edited-1024x639.jpg 1024w, https:\/\/seal.transport-manager.net\/lilatan44\/wp-content\/uploads\/sites\/40\/2021\/10\/Screenshot_20211013-224745_Samsung-Internet-edited-768x479.jpg 768w\" sizes=\"auto, (max-width: 1152px) 100vw, 1152px\" \/><\/figure>\n\n\n\n<p>voici le logo et le slogan de LIGEA a compter du 4 septembre 2023 : <\/p>\n\n\n\n<figure class=\"wp-block-image size-full\"><img loading=\"lazy\" decoding=\"async\" width=\"500\" height=\"416\" src=\"https:\/\/seal.transport-manager.net\/lilatan44\/wp-content\/uploads\/sites\/40\/2023\/09\/20230720_221851_0000.png\" alt=\"\" class=\"wp-image-527\" srcset=\"https:\/\/seal.transport-manager.net\/lilatan44\/wp-content\/uploads\/sites\/40\/2023\/09\/20230720_221851_0000.png 500w, https:\/\/seal.transport-manager.net\/lilatan44\/wp-content\/uploads\/sites\/40\/2023\/09\/20230720_221851_0000-300x250.png 300w\" sizes=\"auto, (max-width: 500px) 100vw, 500px\" \/><\/figure>\n","protected":false},"excerpt":{"rendered":"<p>Agences commerciales : Depuis le 3 f\u00e9vrier 2022, une deuxi\u00e8me agence, celle de l&rsquo;a\u00e9roport, est ouvert au public 7 jours sur 7 ! A partir du Lundi 10 Octobre 2022, la 3eme agence commerciale, au campus Alan Turing va ouvrir ses portes au public ! lignes r\u00e9guli\u00e8res : La soci\u00e9t\u00e9 [&hellip;]<\/p>\n","protected":false},"author":40,"featured_media":0,"parent":0,"menu_order":0,"comment_status":"closed","ping_status":"closed","template":"","meta":{"footnotes":""},"class_list":["post-48","page","type-page","status-publish","hentry"],"_links":{"self":[{"href":"https:\/\/seal.transport-manager.net\/lilatan44\/wp-json\/wp\/v2\/pages\/48","targetHints":{"allow":["GET"]}}],"collection":[{"href":"https:\/\/seal.transport-manager.net\/lilatan44\/wp-json\/wp\/v2\/pages"}],"about":[{"href":"https:\/\/seal.transport-manager.net\/lilatan44\/wp-json\/wp\/v2\/types\/page"}],"author":[{"embeddable":true,"href":"https:\/\/seal.transport-manager.net\/lilatan44\/wp-json\/wp\/v2\/users\/40"}],"replies":[{"embeddable":true,"href":"https:\/\/seal.transport-manager.net\/lilatan44\/wp-json\/wp\/v2\/comments?post=48"}],"version-history":[{"count":49,"href":"https:\/\/seal.transport-manager.net\/lilatan44\/wp-json\/wp\/v2\/pages\/48\/revisions"}],"predecessor-version":[{"id":528,"href":"https:\/\/seal.transport-manager.net\/lilatan44\/wp-json\/wp\/v2\/pages\/48\/revisions\/528"}],"wp:attachment":[{"href":"https:\/\/seal.transport-manager.net\/lilatan44\/wp-json\/wp\/v2\/media?parent=48"}],"curies":[{"name":"wp","href":"https:\/\/api.w.org\/{rel}","templated":true}]}}