{"id":102,"date":"2021-07-19T13:32:56","date_gmt":"2021-07-19T11:32:56","guid":{"rendered":"https:\/\/seal.transport-manager.net\/ludo\/?page_id=102"},"modified":"2021-10-17T17:32:35","modified_gmt":"2021-10-17T15:32:35","slug":"ligne-4","status":"publish","type":"page","link":"https:\/\/seal.transport-manager.net\/ludo\/ligne-4\/","title":{"rendered":"Ligne 4"},"content":{"rendered":"\n<figure class=\"wp-block-image size-large\"><img loading=\"lazy\" decoding=\"async\" width=\"1024\" height=\"300\" src=\"https:\/\/seal.transport-manager.net\/ludo\/wp-content\/uploads\/sites\/2\/2021\/07\/N3_L4_blanc1-1024x300.png\" alt=\"\" class=\"wp-image-125\" srcset=\"https:\/\/seal.transport-manager.net\/ludo\/wp-content\/uploads\/sites\/2\/2021\/07\/N3_L4_blanc1-1024x300.png 1024w, https:\/\/seal.transport-manager.net\/ludo\/wp-content\/uploads\/sites\/2\/2021\/07\/N3_L4_blanc1-300x88.png 300w, https:\/\/seal.transport-manager.net\/ludo\/wp-content\/uploads\/sites\/2\/2021\/07\/N3_L4_blanc1-768x225.png 768w, https:\/\/seal.transport-manager.net\/ludo\/wp-content\/uploads\/sites\/2\/2021\/07\/N3_L4_blanc1-1536x451.png 1536w, https:\/\/seal.transport-manager.net\/ludo\/wp-content\/uploads\/sites\/2\/2021\/07\/N3_L4_blanc1.png 1997w\" sizes=\"auto, (max-width: 1024px) 100vw, 1024px\" \/><\/figure>\n\n\n\n<p><strong>Fr\u00e9quences de rotations du Lundi au Vendredi :<\/strong><\/p>\n\n\n\n<figure class=\"wp-block-table is-style-stripes\"><table><tbody><tr><td><\/td><td>5h-7h<\/td><td>7h-9h<\/td><td>9h-11h30<\/td><td>11h30-13h30<\/td><td>13h30-16h<\/td><td>16h-18h<\/td><td>18h-20h<\/td><td>20h-24h<\/td><\/tr><tr><td>Fr\u00e9quence<\/td><td>14 min<\/td><td>8 min<\/td><td>14 min<\/td><td>8 min<\/td><td>14 min<\/td><td>8 min<\/td><td>14 min<\/td><td>28 min<\/td><\/tr><\/tbody><\/table><\/figure>\n\n\n\n<p><strong>Fr\u00e9quences de rotations les Samedi :<\/strong><\/p>\n\n\n\n<figure class=\"wp-block-table is-style-stripes\"><table><tbody><tr><td><\/td><td>5h-20h<\/td><td>20h-24h<\/td><\/tr><tr><td>Fr\u00e9quence<\/td><td>19 min<\/td><td>28 min<\/td><\/tr><\/tbody><\/table><\/figure>\n\n\n\n<p><strong>Fr\u00e9quences de rotations les Dimanche et Jours F\u00e9ri\u00e9s :<\/strong><\/p>\n\n\n\n<figure class=\"wp-block-table is-style-stripes\"><table><tbody><tr><td><\/td><td>9h-20h<\/td><\/tr><tr><td>Fr\u00e9quence<\/td><td>28 min<\/td><\/tr><\/tbody><\/table><\/figure>\n","protected":false},"excerpt":{"rendered":"<p>Fr\u00e9quences de rotations du Lundi au Vendredi : 5h-7h 7h-9h 9h-11h30 11h30-13h30 13h30-16h 16h-18h 18h-20h 20h-24h Fr\u00e9quence 14 min 8 min 14 min 8 min 14 min 8 min 14 min 28 min Fr\u00e9quences de rotations les Samedi : 5h-20h 20h-24h Fr\u00e9quence 19 min 28 min Fr\u00e9quences de rotations les [&hellip;]<\/p>\n","protected":false},"author":1,"featured_media":0,"parent":0,"menu_order":0,"comment_status":"closed","ping_status":"closed","template":"","meta":{"footnotes":""},"class_list":["post-102","page","type-page","status-publish","hentry"],"_links":{"self":[{"href":"https:\/\/seal.transport-manager.net\/ludo\/wp-json\/wp\/v2\/pages\/102","targetHints":{"allow":["GET"]}}],"collection":[{"href":"https:\/\/seal.transport-manager.net\/ludo\/wp-json\/wp\/v2\/pages"}],"about":[{"href":"https:\/\/seal.transport-manager.net\/ludo\/wp-json\/wp\/v2\/types\/page"}],"author":[{"embeddable":true,"href":"https:\/\/seal.transport-manager.net\/ludo\/wp-json\/wp\/v2\/users\/1"}],"replies":[{"embeddable":true,"href":"https:\/\/seal.transport-manager.net\/ludo\/wp-json\/wp\/v2\/comments?post=102"}],"version-history":[{"count":4,"href":"https:\/\/seal.transport-manager.net\/ludo\/wp-json\/wp\/v2\/pages\/102\/revisions"}],"predecessor-version":[{"id":281,"href":"https:\/\/seal.transport-manager.net\/ludo\/wp-json\/wp\/v2\/pages\/102\/revisions\/281"}],"wp:attachment":[{"href":"https:\/\/seal.transport-manager.net\/ludo\/wp-json\/wp\/v2\/media?parent=102"}],"curies":[{"name":"wp","href":"https:\/\/api.w.org\/{rel}","templated":true}]}}