{"id":169,"date":"2021-07-19T20:35:29","date_gmt":"2021-07-19T18:35:29","guid":{"rendered":"https:\/\/seal.transport-manager.net\/ludo\/?page_id=169"},"modified":"2021-07-19T21:38:47","modified_gmt":"2021-07-19T19:38:47","slug":"les-lignes-tad","status":"publish","type":"page","link":"https:\/\/seal.transport-manager.net\/ludo\/les-lignes-tad\/","title":{"rendered":"Les lignes TAD"},"content":{"rendered":"\n<p>Les lignes en TAD (Transport A la Demande) circulent en semaine de 7h \u00e0 9h, de 11h30 \u00e0 13h30 et de 16h \u00e0 18h et le Samedi de 5h \u00e0 20h.<\/p>\n\n\n\n<p>Vous devez les r\u00e9server la veille avant 17h au +33 4 01 02 03 04.<\/p>\n\n\n\n<figure class=\"wp-block-image size-large\"><img loading=\"lazy\" decoding=\"async\" width=\"1024\" height=\"303\" src=\"https:\/\/seal.transport-manager.net\/ludo\/wp-content\/uploads\/sites\/2\/2021\/07\/N3_L901_blanc1-1024x303.png\" alt=\"\" class=\"wp-image-170\" srcset=\"https:\/\/seal.transport-manager.net\/ludo\/wp-content\/uploads\/sites\/2\/2021\/07\/N3_L901_blanc1-1024x303.png 1024w, https:\/\/seal.transport-manager.net\/ludo\/wp-content\/uploads\/sites\/2\/2021\/07\/N3_L901_blanc1-300x89.png 300w, https:\/\/seal.transport-manager.net\/ludo\/wp-content\/uploads\/sites\/2\/2021\/07\/N3_L901_blanc1-768x227.png 768w, https:\/\/seal.transport-manager.net\/ludo\/wp-content\/uploads\/sites\/2\/2021\/07\/N3_L901_blanc1-1536x454.png 1536w, https:\/\/seal.transport-manager.net\/ludo\/wp-content\/uploads\/sites\/2\/2021\/07\/N3_L901_blanc1.png 1981w\" sizes=\"auto, (max-width: 1024px) 100vw, 1024px\" \/><\/figure>\n\n\n\n<figure class=\"wp-block-image size-large\"><img loading=\"lazy\" decoding=\"async\" width=\"1024\" height=\"303\" src=\"https:\/\/seal.transport-manager.net\/ludo\/wp-content\/uploads\/sites\/2\/2021\/07\/N3_L902_blanc1-1024x303.png\" alt=\"\" class=\"wp-image-171\" srcset=\"https:\/\/seal.transport-manager.net\/ludo\/wp-content\/uploads\/sites\/2\/2021\/07\/N3_L902_blanc1-1024x303.png 1024w, https:\/\/seal.transport-manager.net\/ludo\/wp-content\/uploads\/sites\/2\/2021\/07\/N3_L902_blanc1-300x89.png 300w, https:\/\/seal.transport-manager.net\/ludo\/wp-content\/uploads\/sites\/2\/2021\/07\/N3_L902_blanc1-768x227.png 768w, https:\/\/seal.transport-manager.net\/ludo\/wp-content\/uploads\/sites\/2\/2021\/07\/N3_L902_blanc1-1536x454.png 1536w, https:\/\/seal.transport-manager.net\/ludo\/wp-content\/uploads\/sites\/2\/2021\/07\/N3_L902_blanc1.png 1981w\" sizes=\"auto, (max-width: 1024px) 100vw, 1024px\" \/><\/figure>\n\n\n\n<h1 class=\"wp-block-heading\"><strong><em>R\u00e9servez votre transport <\/em><\/strong><\/h1>\n\n\n<div class=\"wpforms-container wpforms-container-full wpforms-block\" id=\"wpforms-172\"><form id=\"wpforms-form-172\" class=\"wpforms-validate wpforms-form\" data-formid=\"172\" method=\"post\" enctype=\"multipart\/form-data\" action=\"\/ludo\/wp-json\/wp\/v2\/pages\/169\" data-token=\"e37abe6761c3fd69e76f9e14ee78d3f1\" data-token-time=\"1778524236\"><noscript class=\"wpforms-error-noscript\">Veuillez activer JavaScript dans votre navigateur pour remplir ce formulaire.<\/noscript><div class=\"wpforms-field-container\"><div id=\"wpforms-172-field_1-container\" class=\"wpforms-field wpforms-field-text\" data-field-id=\"1\"><label class=\"wpforms-field-label\" for=\"wpforms-172-field_1\">Date<\/label><input type=\"text\" id=\"wpforms-172-field_1\" class=\"wpforms-field-medium\" name=\"wpforms[fields][1]\" ><\/div><div id=\"wpforms-172-field_5-container\" class=\"wpforms-field wpforms-field-select wpforms-field-select-style-classic\" data-field-id=\"5\"><label class=\"wpforms-field-label\" for=\"wpforms-172-field_5\">Ligne<\/label><select id=\"wpforms-172-field_5\" class=\"wpforms-field-medium\" name=\"wpforms[fields][5]\"><option value=\"901\"  class=\"choice-1 depth-1\"  >901<\/option><option value=\"902\"  class=\"choice-2 depth-1\"  >902<\/option><\/select><\/div><div id=\"wpforms-172-field_2-container\" class=\"wpforms-field wpforms-field-text\" data-field-id=\"2\"><label class=\"wpforms-field-label\" for=\"wpforms-172-field_2\">Horaires<\/label><input type=\"text\" id=\"wpforms-172-field_2\" class=\"wpforms-field-medium\" name=\"wpforms[fields][2]\" ><\/div><div id=\"wpforms-172-field_3-container\" class=\"wpforms-field wpforms-field-text\" data-field-id=\"3\"><label class=\"wpforms-field-label\" for=\"wpforms-172-field_3\">Nombre de personnes<\/label><input type=\"text\" id=\"wpforms-172-field_3\" class=\"wpforms-field-medium\" name=\"wpforms[fields][3]\" ><\/div><\/div><!-- .wpforms-field-container --><div class=\"wpforms-submit-container\" ><input type=\"hidden\" name=\"wpforms[id]\" value=\"172\"><input type=\"hidden\" name=\"page_title\" value=\"\"><input type=\"hidden\" name=\"page_url\" value=\"https:\/\/seal.transport-manager.net\/ludo\/wp-json\/wp\/v2\/pages\/169\"><input type=\"hidden\" name=\"url_referer\" value=\"\"><button type=\"submit\" name=\"wpforms[submit]\" id=\"wpforms-submit-172\" class=\"wpforms-submit\" data-alt-text=\"Envoi...\" data-submit-text=\"Envoyer\" aria-live=\"assertive\" value=\"wpforms-submit\">Envoyer<\/button><\/div><\/form><\/div>  <!-- .wpforms-container -->\n\n\n<p><em>(Formulaire fictif, ne fonctionne pas)<\/em><\/p>\n","protected":false},"excerpt":{"rendered":"<p>Les lignes en TAD (Transport A la Demande) circulent en semaine de 7h \u00e0 9h, de 11h30 \u00e0 13h30 et de 16h \u00e0 18h et le Samedi de 5h \u00e0 20h. Vous devez les r\u00e9server la veille avant 17h au +33 4 01 02 03 04. R\u00e9servez votre transport (Formulaire [&hellip;]<\/p>\n","protected":false},"author":1,"featured_media":0,"parent":0,"menu_order":0,"comment_status":"closed","ping_status":"closed","template":"","meta":{"footnotes":""},"class_list":["post-169","page","type-page","status-publish","hentry"],"_links":{"self":[{"href":"https:\/\/seal.transport-manager.net\/ludo\/wp-json\/wp\/v2\/pages\/169","targetHints":{"allow":["GET"]}}],"collection":[{"href":"https:\/\/seal.transport-manager.net\/ludo\/wp-json\/wp\/v2\/pages"}],"about":[{"href":"https:\/\/seal.transport-manager.net\/ludo\/wp-json\/wp\/v2\/types\/page"}],"author":[{"embeddable":true,"href":"https:\/\/seal.transport-manager.net\/ludo\/wp-json\/wp\/v2\/users\/1"}],"replies":[{"embeddable":true,"href":"https:\/\/seal.transport-manager.net\/ludo\/wp-json\/wp\/v2\/comments?post=169"}],"version-history":[{"count":5,"href":"https:\/\/seal.transport-manager.net\/ludo\/wp-json\/wp\/v2\/pages\/169\/revisions"}],"predecessor-version":[{"id":218,"href":"https:\/\/seal.transport-manager.net\/ludo\/wp-json\/wp\/v2\/pages\/169\/revisions\/218"}],"wp:attachment":[{"href":"https:\/\/seal.transport-manager.net\/ludo\/wp-json\/wp\/v2\/media?parent=169"}],"curies":[{"name":"wp","href":"https:\/\/api.w.org\/{rel}","templated":true}]}}