{"id":189,"date":"2021-07-19T20:57:39","date_gmt":"2021-07-19T18:57:39","guid":{"rendered":"https:\/\/seal.transport-manager.net\/ludo\/?page_id=189"},"modified":"2021-07-19T21:38:33","modified_gmt":"2021-07-19T19:38:33","slug":"espace-publicitaire","status":"publish","type":"page","link":"https:\/\/seal.transport-manager.net\/ludo\/espace-publicitaire\/","title":{"rendered":"Espace Publicitaire"},"content":{"rendered":"\n<p>Vous \u00eates un professionnel, une entreprise et chercher un moyen de vous faire conna\u00eetre ou de pr\u00e9senter une offre ? Profitez de l&rsquo;espace publicitaire de nos bus ! <\/p>\n\n\n\n<ul class=\"wp-block-list\"><li><strong>75 %<\/strong> des usagers appr\u00e9cient la publicit\u00e9 sur les bus<\/li><\/ul>\n\n\n\n<p>Le bus permet une couverture optimale de la m\u00e9tropole. En effet, la zone est plus importante qu&rsquo;une publicit\u00e9 statique car le bus \u00e0 l&rsquo;avantage de se d\u00e9placer. (De plus, les bus ne sont pas touch\u00e9s par les restrictions de publicit\u00e9s dans certaines zones)<\/p>\n\n\n\n<ul class=\"wp-block-list\"><li><strong>55 minutes<\/strong> c&rsquo;est le temps moyen consacrer par jour pour se d\u00e9placer<\/li><\/ul>\n\n\n\n<p><\/p>\n\n\n\n<p>Nous proposons plusieurs types de publicit\u00e9s :<\/p>\n\n\n\n<ul class=\"wp-block-list\"><li>Les Panneaux de Pubs Arri\u00e8res (visibilit\u00e9 maximale par les automobilistes derri\u00e8re du bus. Ces supports sont 5.6 x plus regard\u00e9s que les autres supports d&rsquo;une ville)<\/li><li>Les Panneaux de Pubs Lat\u00e9raux (visible par tout types de personnes. Ces supports sont 3,4 x plus regard\u00e9s que les autres supports)<\/li><li>Les Panneaux de Pubs Avants (visible par les clients \u00e0 l&rsquo;arriv\u00e9e sur un arr\u00eat de bus. Ces supports sont 2x plus regard\u00e9s)<\/li><li>Vous pouvez \u00e9galement profiter d&rsquo;une notori\u00e9t\u00e9 maximale en optant pour des livr\u00e9es qui couvrent l&rsquo;enti\u00e8ret\u00e9 du bus)<\/li><\/ul>\n\n\n\n<p><\/p>\n\n\n\n<p>Vous souhaitez un tarif ? Contactez notre \u00e9quipe commerciale ci-dessous :<\/p>\n\n\n<div class=\"wpforms-container wpforms-container-full wpforms-block\" id=\"wpforms-197\"><form id=\"wpforms-form-197\" class=\"wpforms-validate wpforms-form\" data-formid=\"197\" method=\"post\" enctype=\"multipart\/form-data\" action=\"\/ludo\/wp-json\/wp\/v2\/pages\/189\" data-token=\"14391343bdb245c1b51166e02821380d\" data-token-time=\"1778524211\"><noscript class=\"wpforms-error-noscript\">Veuillez activer JavaScript dans votre navigateur pour remplir ce formulaire.<\/noscript><div class=\"wpforms-field-container\"><div id=\"wpforms-197-field_1-container\" class=\"wpforms-field wpforms-field-text\" data-field-id=\"1\"><label class=\"wpforms-field-label\" for=\"wpforms-197-field_1\">Votre nom<\/label><input type=\"text\" id=\"wpforms-197-field_1\" class=\"wpforms-field-medium\" name=\"wpforms[fields][1]\" ><\/div><div id=\"wpforms-197-field_2-container\" class=\"wpforms-field wpforms-field-text\" data-field-id=\"2\"><label class=\"wpforms-field-label\" for=\"wpforms-197-field_2\">Votre entreprise<\/label><input type=\"text\" id=\"wpforms-197-field_2\" class=\"wpforms-field-medium\" name=\"wpforms[fields][2]\" ><\/div><div id=\"wpforms-197-field_3-container\" class=\"wpforms-field wpforms-field-text\" data-field-id=\"3\"><label class=\"wpforms-field-label\" for=\"wpforms-197-field_3\">Objet de votre pub<\/label><input type=\"text\" id=\"wpforms-197-field_3\" class=\"wpforms-field-medium\" name=\"wpforms[fields][3]\" ><\/div><div id=\"wpforms-197-field_6-container\" class=\"wpforms-field wpforms-field-select wpforms-field-select-style-classic\" data-field-id=\"6\"><label class=\"wpforms-field-label\" for=\"wpforms-197-field_6\">Type de support souhait\u00e9<\/label><select id=\"wpforms-197-field_6\" class=\"wpforms-field-medium\" name=\"wpforms[fields][6]\"><option value=\"Pub Avant\"  class=\"choice-1 depth-1\"  >Pub Avant<\/option><option value=\"Pub Lat\u00e9rale\"  class=\"choice-2 depth-1\"  >Pub Lat\u00e9rale<\/option><option value=\"Pub Arri\u00e8re\"  class=\"choice-3 depth-1\"  >Pub Arri\u00e8re<\/option><option value=\"Pub Compl\u00e8te Lat\u00e9rale\"  class=\"choice-4 depth-1\"  >Pub Compl\u00e8te Lat\u00e9rale<\/option><option value=\"Pub Compl\u00e8te Arri\u00e8re\"  class=\"choice-5 depth-1\"  >Pub Compl\u00e8te Arri\u00e8re<\/option><\/select><\/div><div id=\"wpforms-197-field_5-container\" class=\"wpforms-field wpforms-field-text\" data-field-id=\"5\"><label class=\"wpforms-field-label\" for=\"wpforms-197-field_5\">Nombre de supports souhait\u00e9s<\/label><input type=\"text\" id=\"wpforms-197-field_5\" class=\"wpforms-field-medium\" name=\"wpforms[fields][5]\" ><\/div><\/div><!-- .wpforms-field-container --><div class=\"wpforms-submit-container\" ><input type=\"hidden\" name=\"wpforms[id]\" value=\"197\"><input type=\"hidden\" name=\"page_title\" value=\"\"><input type=\"hidden\" name=\"page_url\" value=\"https:\/\/seal.transport-manager.net\/ludo\/wp-json\/wp\/v2\/pages\/189\"><input type=\"hidden\" name=\"url_referer\" value=\"\"><button type=\"submit\" name=\"wpforms[submit]\" id=\"wpforms-submit-197\" class=\"wpforms-submit\" data-alt-text=\"Envoi...\" data-submit-text=\"Envoyer\" aria-live=\"assertive\" value=\"wpforms-submit\">Envoyer<\/button><\/div><\/form><\/div>  <!-- .wpforms-container -->\n\n\n<p><em>(Formulaire fictif, ne fonctionne pas)<\/em><\/p>\n","protected":false},"excerpt":{"rendered":"<p>Vous \u00eates un professionnel, une entreprise et chercher un moyen de vous faire conna\u00eetre ou de pr\u00e9senter une offre ? Profitez de l&rsquo;espace publicitaire de nos bus ! 75 % des usagers appr\u00e9cient la publicit\u00e9 sur les bus Le bus permet une couverture optimale de la m\u00e9tropole. En effet, la [&hellip;]<\/p>\n","protected":false},"author":1,"featured_media":0,"parent":0,"menu_order":0,"comment_status":"closed","ping_status":"closed","template":"","meta":{"footnotes":""},"class_list":["post-189","page","type-page","status-publish","hentry"],"_links":{"self":[{"href":"https:\/\/seal.transport-manager.net\/ludo\/wp-json\/wp\/v2\/pages\/189","targetHints":{"allow":["GET"]}}],"collection":[{"href":"https:\/\/seal.transport-manager.net\/ludo\/wp-json\/wp\/v2\/pages"}],"about":[{"href":"https:\/\/seal.transport-manager.net\/ludo\/wp-json\/wp\/v2\/types\/page"}],"author":[{"embeddable":true,"href":"https:\/\/seal.transport-manager.net\/ludo\/wp-json\/wp\/v2\/users\/1"}],"replies":[{"embeddable":true,"href":"https:\/\/seal.transport-manager.net\/ludo\/wp-json\/wp\/v2\/comments?post=189"}],"version-history":[{"count":4,"href":"https:\/\/seal.transport-manager.net\/ludo\/wp-json\/wp\/v2\/pages\/189\/revisions"}],"predecessor-version":[{"id":217,"href":"https:\/\/seal.transport-manager.net\/ludo\/wp-json\/wp\/v2\/pages\/189\/revisions\/217"}],"wp:attachment":[{"href":"https:\/\/seal.transport-manager.net\/ludo\/wp-json\/wp\/v2\/media?parent=189"}],"curies":[{"name":"wp","href":"https:\/\/api.w.org\/{rel}","templated":true}]}}