{"id":2,"date":"2021-07-18T14:24:44","date_gmt":"2021-07-18T12:24:44","guid":{"rendered":"https:\/\/seal.transport-manager.net\/ludo\/?page_id=2"},"modified":"2021-07-18T14:27:50","modified_gmt":"2021-07-18T12:27:50","slug":"page-d-exemple","status":"publish","type":"page","link":"https:\/\/seal.transport-manager.net\/ludo\/","title":{"rendered":"Bienvenue sur le site de Transport Dev !"},"content":{"rendered":"\n<p>Transport Dev est la soci\u00e9t\u00e9 gestionnaire du r\u00e9seau de transport en commun de la m\u00e9tropole de Chamb\u00e9ry.<\/p>\n\n\n\n<p>Retrouvez toutes les infos trafics, les plans de nos lignes, nos offres de recrutement,&#8230; <\/p>\n\n\n\n<p>Bonne visite !<\/p>\n","protected":false},"excerpt":{"rendered":"<p>Transport Dev est la soci\u00e9t\u00e9 gestionnaire du r\u00e9seau de transport en commun de la m\u00e9tropole de Chamb\u00e9ry. Retrouvez toutes les infos trafics, les plans de nos lignes, nos offres de recrutement,&#8230; Bonne visite !<\/p>\n","protected":false},"author":2,"featured_media":0,"parent":0,"menu_order":0,"comment_status":"closed","ping_status":"open","template":"","meta":{"footnotes":""},"class_list":["post-2","page","type-page","status-publish","hentry"],"_links":{"self":[{"href":"https:\/\/seal.transport-manager.net\/ludo\/wp-json\/wp\/v2\/pages\/2","targetHints":{"allow":["GET"]}}],"collection":[{"href":"https:\/\/seal.transport-manager.net\/ludo\/wp-json\/wp\/v2\/pages"}],"about":[{"href":"https:\/\/seal.transport-manager.net\/ludo\/wp-json\/wp\/v2\/types\/page"}],"author":[{"embeddable":true,"href":"https:\/\/seal.transport-manager.net\/ludo\/wp-json\/wp\/v2\/users\/2"}],"replies":[{"embeddable":true,"href":"https:\/\/seal.transport-manager.net\/ludo\/wp-json\/wp\/v2\/comments?post=2"}],"version-history":[{"count":1,"href":"https:\/\/seal.transport-manager.net\/ludo\/wp-json\/wp\/v2\/pages\/2\/revisions"}],"predecessor-version":[{"id":7,"href":"https:\/\/seal.transport-manager.net\/ludo\/wp-json\/wp\/v2\/pages\/2\/revisions\/7"}],"wp:attachment":[{"href":"https:\/\/seal.transport-manager.net\/ludo\/wp-json\/wp\/v2\/media?parent=2"}],"curies":[{"name":"wp","href":"https:\/\/api.w.org\/{rel}","templated":true}]}}