{"id":2237,"date":"2024-04-21T19:37:24","date_gmt":"2024-04-21T17:37:24","guid":{"rendered":"https:\/\/seal.transport-manager.net\/marshall\/?page_id=2237"},"modified":"2025-12-21T09:00:16","modified_gmt":"2025-12-21T08:00:16","slug":"ligne-bvl-city-60","status":"publish","type":"page","link":"https:\/\/seal.transport-manager.net\/marshall\/ligne-bvl-city-60\/","title":{"rendered":"Ligne Citycanard 60"},"content":{"rendered":"\n<h3 class=\"wp-block-heading\">Quarabeaux &#8211; Lyc\u00e9e Honor\u00e9 Daumier &lt;&gt; Banneret &#8211; Pr\u00e9fecture<\/h3>\n\n\n\n<div class=\"wp-block-buttons is-content-justification-center is-layout-flex wp-container-core-buttons-is-layout-16018d1d wp-block-buttons-is-layout-flex\">\n<div class=\"wp-block-button\"><a class=\"wp-block-button__link has-base-3-color has-text-color has-background has-link-color has-text-align-center wp-element-button\" href=\"https:\/\/i.ibb.co\/zTLf9d88\/Plan-Canardline60.png\" style=\"background-color:#76d0bd\">Plan d\u00e9taill\u00e9 de la ligne Citycanard 60<\/a><\/div>\n\n\n\n<div class=\"wp-block-button\"><a class=\"wp-block-button__link has-base-3-color has-text-color has-background has-link-color wp-element-button\" href=\"https:\/\/i.ibb.co\/SZR613T\/Timetable-Canard60.png\" style=\"background-color:#76d0bd\">Fiche-horaire de la ligne Citycanard 60<\/a><\/div>\n<\/div>\n\n\n\n<figure class=\"wp-block-table aligncenter is-style-stripes\"><table><tbody><tr><td class=\"has-text-align-center\" data-align=\"center\"><img loading=\"lazy\" decoding=\"async\" width=\"84\" height=\"73\" class=\"wp-image-1706\" style=\"width: 84px\" src=\"https:\/\/seal.transport-manager.net\/marshall\/wp-content\/uploads\/sites\/76\/2023\/04\/sechzig.png\" alt=\"\"><\/td><td class=\"has-text-align-center\" data-align=\"center\"><img loading=\"lazy\" decoding=\"async\" width=\"110\" height=\"80\" class=\"wp-image-2238\" style=\"width: 110px\" src=\"https:\/\/seal.transport-manager.net\/marshall\/wp-content\/uploads\/sites\/76\/2024\/04\/7U.png\" alt=\"\"><\/td><\/tr><tr><td class=\"has-text-align-center\" data-align=\"center\">longueur<\/td><td class=\"has-text-align-center\" data-align=\"center\">5,2 km<\/td><\/tr><tr><td class=\"has-text-align-center\" data-align=\"center\">temps de trajet indicatif<\/td><td class=\"has-text-align-center\" data-align=\"center\">20 minutes<\/td><\/tr><tr><td class=\"has-text-align-center\" data-align=\"center\">nombre de stations<\/td><td class=\"has-text-align-center\" data-align=\"center\">17<\/td><\/tr><tr><td class=\"has-text-align-center\" data-align=\"center\">communes desservies<\/td><td class=\"has-text-align-center\" data-align=\"center\">Arnolpheville<br>Quarabeaux-sur-Arnolphe<\/td><\/tr><tr><td class=\"has-text-align-center\" data-align=\"center\">mat\u00e9riel roulant<\/td><td class=\"has-text-align-center\" data-align=\"center\">e-Centro C<\/td><\/tr><\/tbody><\/table><\/figure>\n","protected":false},"excerpt":{"rendered":"<p>Quarabeaux &#8211; Lyc\u00e9e Honor\u00e9 Daumier &lt;&gt; Banneret &#8211; Pr\u00e9fecture longueur 5,2 km temps de trajet indicatif 20 minutes nombre de stations 17 communes desservies ArnolphevilleQuarabeaux-sur-Arnolphe mat\u00e9riel roulant e-Centro C<\/p>\n","protected":false},"author":76,"featured_media":1706,"parent":0,"menu_order":0,"comment_status":"closed","ping_status":"closed","template":"","meta":{"footnotes":""},"class_list":["post-2237","page","type-page","status-publish","has-post-thumbnail"],"_links":{"self":[{"href":"https:\/\/seal.transport-manager.net\/marshall\/wp-json\/wp\/v2\/pages\/2237","targetHints":{"allow":["GET"]}}],"collection":[{"href":"https:\/\/seal.transport-manager.net\/marshall\/wp-json\/wp\/v2\/pages"}],"about":[{"href":"https:\/\/seal.transport-manager.net\/marshall\/wp-json\/wp\/v2\/types\/page"}],"author":[{"embeddable":true,"href":"https:\/\/seal.transport-manager.net\/marshall\/wp-json\/wp\/v2\/users\/76"}],"replies":[{"embeddable":true,"href":"https:\/\/seal.transport-manager.net\/marshall\/wp-json\/wp\/v2\/comments?post=2237"}],"version-history":[{"count":13,"href":"https:\/\/seal.transport-manager.net\/marshall\/wp-json\/wp\/v2\/pages\/2237\/revisions"}],"predecessor-version":[{"id":4285,"href":"https:\/\/seal.transport-manager.net\/marshall\/wp-json\/wp\/v2\/pages\/2237\/revisions\/4285"}],"wp:featuredmedia":[{"embeddable":true,"href":"https:\/\/seal.transport-manager.net\/marshall\/wp-json\/wp\/v2\/media\/1706"}],"wp:attachment":[{"href":"https:\/\/seal.transport-manager.net\/marshall\/wp-json\/wp\/v2\/media?parent=2237"}],"curies":[{"name":"wp","href":"https:\/\/api.w.org\/{rel}","templated":true}]}}