{"id":2246,"date":"2024-04-21T20:04:17","date_gmt":"2024-04-21T18:04:17","guid":{"rendered":"https:\/\/seal.transport-manager.net\/marshall\/?page_id=2246"},"modified":"2025-12-21T09:02:28","modified_gmt":"2025-12-21T08:02:28","slug":"ligne-bvl-pimo-901","status":"publish","type":"page","link":"https:\/\/seal.transport-manager.net\/marshall\/ligne-bvl-pimo-901\/","title":{"rendered":"Ligne Citycanard T\u00e0D 901"},"content":{"rendered":"\n<h3 class=\"wp-block-heading\">Haute-Vindicte &#8211; Bellevarde &lt;&gt; L\u00e9onville-Bellevue<\/h3>\n\n\n\n<div class=\"wp-block-buttons is-content-justification-center is-layout-flex wp-container-core-buttons-is-layout-16018d1d wp-block-buttons-is-layout-flex\">\n<div class=\"wp-block-button\"><a class=\"wp-block-button__link has-base-3-color has-text-color has-background has-link-color has-text-align-center wp-element-button\" href=\"https:\/\/i.ibb.co\/C512tTj0\/Plan-Canardline901-TAD.png\" style=\"background-color:#b727bf\">Plan d\u00e9taill\u00e9 de la ligne Citycanard T\u00e0D 901<\/a><\/div>\n\n\n\n<div class=\"wp-block-button\"><a class=\"wp-block-button__link has-base-3-color has-text-color has-background has-link-color wp-element-button\" href=\"https:\/\/docs.google.com\/forms\/d\/e\/1FAIpQLSdGVqWz-eWqDpGjkqaH2PjhaVpXCP2BnnUgEA0Nm0pQ2UnLnw\/viewform\" style=\"background-color:#b727bf\">R\u00e9servez un trajet sur la ligne Citycanard T\u00e0D 901<\/a><\/div>\n<\/div>\n\n\n\n<figure class=\"wp-block-table aligncenter is-style-stripes\"><table><tbody><tr><td class=\"has-text-align-center\" data-align=\"center\"><img loading=\"lazy\" decoding=\"async\" width=\"111\" height=\"73\" class=\"wp-image-1873\" style=\"width: 111px\" src=\"https:\/\/seal.transport-manager.net\/marshall\/wp-content\/uploads\/sites\/76\/2023\/07\/neunhundertein.png\" alt=\"\"><\/td><td class=\"has-text-align-center\" data-align=\"center\"><img loading=\"lazy\" decoding=\"async\" width=\"130\" height=\"80\" class=\"wp-image-2243\" style=\"width: 130px\" src=\"https:\/\/seal.transport-manager.net\/marshall\/wp-content\/uploads\/sites\/76\/2024\/04\/10U.png\" alt=\"\"><\/td><\/tr><tr><td class=\"has-text-align-center\" data-align=\"center\">longueur<\/td><td class=\"has-text-align-center\" data-align=\"center\">4,1 km<\/td><\/tr><tr><td class=\"has-text-align-center\" data-align=\"center\">temps de trajet indicatif<\/td><td class=\"has-text-align-center\" data-align=\"center\">12 minutes<\/td><\/tr><tr><td class=\"has-text-align-center\" data-align=\"center\">nombre de stations<\/td><td class=\"has-text-align-center\" data-align=\"center\">10<\/td><\/tr><tr><td class=\"has-text-align-center\" data-align=\"center\">communes desservies<\/td><td class=\"has-text-align-center\" data-align=\"center\">Fr\u00e2chay-la-Vindicte<br>L\u00e9onville-sur-Arnolphe<\/td><\/tr><tr><td class=\"has-text-align-center\" data-align=\"center\">mat\u00e9riel roulant<\/td><td class=\"has-text-align-center\" data-align=\"center\">Navigo C<\/td><\/tr><\/tbody><\/table><\/figure>\n","protected":false},"excerpt":{"rendered":"<p>Haute-Vindicte &#8211; Bellevarde &lt;&gt; L\u00e9onville-Bellevue longueur 4,1 km temps de trajet indicatif 12 minutes nombre de stations 10 communes desservies Fr\u00e2chay-la-VindicteL\u00e9onville-sur-Arnolphe mat\u00e9riel roulant Navigo C<\/p>\n","protected":false},"author":76,"featured_media":1873,"parent":0,"menu_order":0,"comment_status":"closed","ping_status":"closed","template":"","meta":{"footnotes":""},"class_list":["post-2246","page","type-page","status-publish","has-post-thumbnail"],"_links":{"self":[{"href":"https:\/\/seal.transport-manager.net\/marshall\/wp-json\/wp\/v2\/pages\/2246","targetHints":{"allow":["GET"]}}],"collection":[{"href":"https:\/\/seal.transport-manager.net\/marshall\/wp-json\/wp\/v2\/pages"}],"about":[{"href":"https:\/\/seal.transport-manager.net\/marshall\/wp-json\/wp\/v2\/types\/page"}],"author":[{"embeddable":true,"href":"https:\/\/seal.transport-manager.net\/marshall\/wp-json\/wp\/v2\/users\/76"}],"replies":[{"embeddable":true,"href":"https:\/\/seal.transport-manager.net\/marshall\/wp-json\/wp\/v2\/comments?post=2246"}],"version-history":[{"count":13,"href":"https:\/\/seal.transport-manager.net\/marshall\/wp-json\/wp\/v2\/pages\/2246\/revisions"}],"predecessor-version":[{"id":4287,"href":"https:\/\/seal.transport-manager.net\/marshall\/wp-json\/wp\/v2\/pages\/2246\/revisions\/4287"}],"wp:featuredmedia":[{"embeddable":true,"href":"https:\/\/seal.transport-manager.net\/marshall\/wp-json\/wp\/v2\/media\/1873"}],"wp:attachment":[{"href":"https:\/\/seal.transport-manager.net\/marshall\/wp-json\/wp\/v2\/media?parent=2246"}],"curies":[{"name":"wp","href":"https:\/\/api.w.org\/{rel}","templated":true}]}}

Ligne Citycanard TàD 901

<h3 class="wp-block-heading">Haute-Vindicte &#8211; Bellevarde &lt;&gt; Léonville-Bellevue</h3>



<div class="wp-block-buttons is-content-justification-center is-layout-flex wp-container-core-buttons-is-layout-16018d1d wp-block-buttons-is-layout-flex">
<div class="wp-block-button"><a class="wp-block-button__link has-base-3-color has-text-color has-background has-link-color has-text-align-center wp-element-button" href="https://i.ibb.co/C512tTj0/Plan-Canardline901-TAD.png" style="background-color:#b727bf">Plan détaillé de la ligne Citycanard TàD 901</a></div>



<div class="wp-block-button"><a class="wp-block-button__link has-base-3-color has-text-color has-background has-link-color wp-element-button" href="https://docs.google.com/forms/d/e/1FAIpQLSdGVqWz-eWqDpGjkqaH2PjhaVpXCP2BnnUgEA0Nm0pQ2UnLnw/viewform" style="background-color:#b727bf">Réservez un trajet sur la ligne Citycanard TàD 901</a></div>
</div>



<figure class="wp-block-table aligncenter is-style-stripes"><table><tbody><tr><td class="has-text-align-center" data-align="center"><img loading="lazy" decoding="async" width="111" height="73" class="wp-image-1873" style="width: 111px" src="https://seal.transport-manager.net/marshall/wp-content/uploads/sites/76/2023/07/neunhundertein.png" alt=""></td><td class="has-text-align-center" data-align="center"><img loading="lazy" decoding="async" width="130" height="80" class="wp-image-2243" style="width: 130px" src="https://seal.transport-manager.net/marshall/wp-content/uploads/sites/76/2024/04/10U.png" alt=""></td></tr><tr><td class="has-text-align-center" data-align="center">longueur</td><td class="has-text-align-center" data-align="center">4,1 km</td></tr><tr><td class="has-text-align-center" data-align="center">temps de trajet indicatif</td><td class="has-text-align-center" data-align="center">12 minutes</td></tr><tr><td class="has-text-align-center" data-align="center">nombre de stations</td><td class="has-text-align-center" data-align="center">10</td></tr><tr><td class="has-text-align-center" data-align="center">communes desservies</td><td class="has-text-align-center" data-align="center">Frâchay-la-Vindicte<br>Léonville-sur-Arnolphe</td></tr><tr><td class="has-text-align-center" data-align="center">matériel roulant</td><td class="has-text-align-center" data-align="center">Navigo C</td></tr></tbody></table></figure>

<p>Haute-Vindicte &#8211; Bellevarde &lt;&gt; Léonville-Bellevue longueur 4,1 km temps de trajet indicatif 12 minutes nombre de stations 10 communes desservies Frâchay-la-VindicteLéonville-sur-Arnolphe matériel roulant Navigo C</p>
