{"id":2769,"date":"2024-12-28T10:18:35","date_gmt":"2024-12-28T09:18:35","guid":{"rendered":"https:\/\/seal.transport-manager.net\/marshall\/?page_id=2769"},"modified":"2026-01-11T11:00:12","modified_gmt":"2026-01-11T10:00:12","slug":"les-projets-pour-lavenir-chez-borisvitali-liners","status":"publish","type":"page","link":"https:\/\/seal.transport-manager.net\/marshall\/les-projets-pour-lavenir-chez-borisvitali-liners\/","title":{"rendered":"Les projets pour l&rsquo;avenir chez Transports Canard"},"content":{"rendered":"\n<ul class=\"wp-block-list\">\n<li>Ligne TX-1, un tramway pour Arnolpheville<\/li>\n<\/ul>\n\n\n\n<h3 class=\"wp-block-heading\">Ligne TX-1, d\u00e9couvrez le futur tramway d&rsquo;Arnolpheville !<\/h3>\n\n\n\n<p>Le projet de la m\u00e9tropole d&rsquo;Arnolpheville consistant \u00e0 \u00e9quiper la ville d&rsquo;un tram a ayant obtenu sa validation d\u00e9finitive, Transports Canard lance les premiers chantiers. La future ligne reliera l&rsquo;a\u00e9roport d&rsquo;Arnolpheville-La Beaut\u00e9 au quartier des Dappes. Elle remplacera l&rsquo;actuelle ligne CX-2 dont le site propre a d\u00e8s le d\u00e9part \u00e9t\u00e9 pens\u00e9 pour une conversion en tramway ainsi que la majeure partie de l&rsquo;actuelle ligne 4. <\/p>\n\n\n\n<p>La ligne sera \u00e9quip\u00e9e de rames de grande longueur (45 m) confortables et enti\u00e8rement accessibles. Pour des raisons esth\u00e9tiques, l&#8217;emprise du tram sera en grande partie gazonn\u00e9e et l&rsquo;alimentation \u00e9lectrique se fera au sol dans le centre-ville d&rsquo;Arnolpheville. <\/p>\n\n\n\n<div class=\"wp-block-buttons is-content-justification-center is-layout-flex wp-container-core-buttons-is-layout-16018d1d wp-block-buttons-is-layout-flex\">\n<div class=\"wp-block-button\"><a class=\"wp-block-button__link has-base-3-color has-text-color has-background has-link-color wp-element-button\" href=\"https:\/\/i.ibb.co\/Nq4BvpP\/Plan-Canardline-TX-1.png\" style=\"background-color:#dc241f\">Plan d\u00e9taill\u00e9 de la ligne de Tramway TX-1<\/a><\/div>\n\n\n\n<div class=\"wp-block-button\"><a class=\"wp-block-button__link has-base-3-color has-text-color has-background has-link-color wp-element-button\" href=\"https:\/\/i.ibb.co\/sdW1XR30\/Plaquette-TX-1.png\" style=\"background-color:#dc241f\">Plaquette d\u00e9taill\u00e9e de la ligne de Tramway TX-1<\/a><\/div>\n<\/div>\n\n\n\n<p><\/p>\n","protected":false},"excerpt":{"rendered":"<p>Ligne TX-1, d\u00e9couvrez le futur tramway d&rsquo;Arnolpheville ! Le projet de la m\u00e9tropole d&rsquo;Arnolpheville consistant \u00e0 \u00e9quiper la ville d&rsquo;un tram a ayant obtenu sa validation d\u00e9finitive, Transports Canard lance &#8230; <a title=\"Les projets pour l&rsquo;avenir chez Transports Canard\" class=\"read-more\" href=\"https:\/\/seal.transport-manager.net\/marshall\/les-projets-pour-lavenir-chez-borisvitali-liners\/\" aria-label=\"En savoir plus sur Les projets pour l&rsquo;avenir chez Transports Canard\">Lire la suite<\/a><\/p>\n","protected":false},"author":76,"featured_media":2877,"parent":0,"menu_order":0,"comment_status":"closed","ping_status":"closed","template":"","meta":{"footnotes":""},"class_list":["post-2769","page","type-page","status-publish","has-post-thumbnail"],"_links":{"self":[{"href":"https:\/\/seal.transport-manager.net\/marshall\/wp-json\/wp\/v2\/pages\/2769","targetHints":{"allow":["GET"]}}],"collection":[{"href":"https:\/\/seal.transport-manager.net\/marshall\/wp-json\/wp\/v2\/pages"}],"about":[{"href":"https:\/\/seal.transport-manager.net\/marshall\/wp-json\/wp\/v2\/types\/page"}],"author":[{"embeddable":true,"href":"https:\/\/seal.transport-manager.net\/marshall\/wp-json\/wp\/v2\/users\/76"}],"replies":[{"embeddable":true,"href":"https:\/\/seal.transport-manager.net\/marshall\/wp-json\/wp\/v2\/comments?post=2769"}],"version-history":[{"count":22,"href":"https:\/\/seal.transport-manager.net\/marshall\/wp-json\/wp\/v2\/pages\/2769\/revisions"}],"predecessor-version":[{"id":4354,"href":"https:\/\/seal.transport-manager.net\/marshall\/wp-json\/wp\/v2\/pages\/2769\/revisions\/4354"}],"wp:featuredmedia":[{"embeddable":true,"href":"https:\/\/seal.transport-manager.net\/marshall\/wp-json\/wp\/v2\/media\/2877"}],"wp:attachment":[{"href":"https:\/\/seal.transport-manager.net\/marshall\/wp-json\/wp\/v2\/media?parent=2769"}],"curies":[{"name":"wp","href":"https:\/\/api.w.org\/{rel}","templated":true}]}}

<ul class="wp-block-list">
<li>Ligne TX-1, un tramway pour Arnolpheville</li>
</ul>



<h3 class="wp-block-heading">Ligne TX-1, découvrez le futur tramway d&rsquo;Arnolpheville !</h3>



<p>Le projet de la métropole d&rsquo;Arnolpheville consistant à équiper la ville d&rsquo;un tram a ayant obtenu sa validation définitive, Transports Canard lance les premiers chantiers. La future ligne reliera l&rsquo;aéroport d&rsquo;Arnolpheville-La Beauté au quartier des Dappes. Elle remplacera l&rsquo;actuelle ligne CX-2 dont le site propre a dès le départ été pensé pour une conversion en tramway ainsi que la majeure partie de l&rsquo;actuelle ligne 4. </p>



<p>La ligne sera équipée de rames de grande longueur (45 m) confortables et entièrement accessibles. Pour des raisons esthétiques, l&#8217;emprise du tram sera en grande partie gazonnée et l&rsquo;alimentation électrique se fera au sol dans le centre-ville d&rsquo;Arnolpheville. </p>



<div class="wp-block-buttons is-content-justification-center is-layout-flex wp-container-core-buttons-is-layout-16018d1d wp-block-buttons-is-layout-flex">
<div class="wp-block-button"><a class="wp-block-button__link has-base-3-color has-text-color has-background has-link-color wp-element-button" href="https://i.ibb.co/Nq4BvpP/Plan-Canardline-TX-1.png" style="background-color:#dc241f">Plan détaillé de la ligne de Tramway TX-1</a></div>



<div class="wp-block-button"><a class="wp-block-button__link has-base-3-color has-text-color has-background has-link-color wp-element-button" href="https://i.ibb.co/sdW1XR30/Plaquette-TX-1.png" style="background-color:#dc241f">Plaquette détaillée de la ligne de Tramway TX-1</a></div>
</div>



<p></p>

<p>Ligne TX-1, découvrez le futur tramway d&rsquo;Arnolpheville ! Le projet de la métropole d&rsquo;Arnolpheville consistant à équiper la ville d&rsquo;un tram a ayant obtenu sa validation définitive, Transports Canard lance &#8230; <a title="Les projets pour l&rsquo;avenir chez Transports Canard" class="read-more" href="https://seal.transport-manager.net/marshall/les-projets-pour-lavenir-chez-borisvitali-liners/" aria-label="En savoir plus sur Les projets pour l&rsquo;avenir chez Transports Canard">Lire la suite</a></p>
