{"id":3106,"date":"2025-04-18T09:16:33","date_gmt":"2025-04-18T07:16:33","guid":{"rendered":"https:\/\/seal.transport-manager.net\/marshall\/?page_id=3106"},"modified":"2025-07-31T20:14:13","modified_gmt":"2025-07-31T18:14:13","slug":"iz13300-irizar-ie-tram-18","status":"publish","type":"page","link":"https:\/\/seal.transport-manager.net\/marshall\/iz13300-irizar-ie-tram-18\/","title":{"rendered":"IZ13300 &#8211; Irizar ie Tram 18"},"content":{"rendered":"<div class=\"wp-block-image\">\n<figure class=\"aligncenter size-full\"><a href=\"https:\/\/i.ibb.co\/r9qJDJP\/ie-Tram18-Canard.png\"><img loading=\"lazy\" decoding=\"async\" width=\"1080\" height=\"360\" src=\"https:\/\/seal.transport-manager.net\/marshall\/wp-content\/uploads\/sites\/76\/2025\/02\/ieTram18Canard.png\" alt=\"\" class=\"wp-image-2980\" srcset=\"https:\/\/seal.transport-manager.net\/marshall\/wp-content\/uploads\/sites\/76\/2025\/02\/ieTram18Canard.png 1080w, https:\/\/seal.transport-manager.net\/marshall\/wp-content\/uploads\/sites\/76\/2025\/02\/ieTram18Canard-300x100.png 300w, https:\/\/seal.transport-manager.net\/marshall\/wp-content\/uploads\/sites\/76\/2025\/02\/ieTram18Canard-1024x341.png 1024w, https:\/\/seal.transport-manager.net\/marshall\/wp-content\/uploads\/sites\/76\/2025\/02\/ieTram18Canard-768x256.png 768w\" sizes=\"auto, (max-width: 1080px) 100vw, 1080px\" \/><\/a><figcaption class=\"wp-element-caption\"><a href=\"https:\/\/i.ibb.co\/r9qJDJP\/ie-Tram18-Canard.png\">cliquez pour agrandir<\/a><\/figcaption><\/figure>\n<\/div>\n\n\n<div class=\"wp-block-columns is-layout-flex wp-container-core-columns-is-layout-9d6595d7 wp-block-columns-is-layout-flex\">\n<div class=\"wp-block-column is-layout-flow wp-block-column-is-layout-flow\">\n<figure class=\"wp-block-table is-style-stripes\"><table class=\"has-fixed-layout\"><tbody><tr><td class=\"has-text-align-center\" data-align=\"center\">mise en service<\/td><td class=\"has-text-align-center\" data-align=\"center\">2024-2025<\/td><\/tr><tr><td class=\"has-text-align-center\" data-align=\"center\">statut<\/td><td class=\"has-text-align-center\" data-align=\"center\">en service<\/td><\/tr><tr><td class=\"has-text-align-center\" data-align=\"center\">effectif<\/td><td class=\"has-text-align-center\" data-align=\"center\">17<\/td><\/tr><tr><td class=\"has-text-align-center\" data-align=\"center\">d\u00e9p\u00f4t<\/td><td class=\"has-text-align-center\" data-align=\"center\">Bellevarde<\/td><\/tr><tr><td class=\"has-text-align-center\" data-align=\"center\">affectation<\/td><td class=\"has-text-align-center\" data-align=\"center\"><img loading=\"lazy\" decoding=\"async\" width=\"111\" height=\"73\" class=\"wp-image-2882\" style=\"width: 111px\" src=\"https:\/\/seal.transport-manager.net\/marshall\/wp-content\/uploads\/sites\/76\/2025\/01\/CX-ein.png\" alt=\"\"><\/td><\/tr><\/tbody><\/table><\/figure>\n\n\n\n<h3 class=\"wp-block-heading\">Carri\u00e8re r\u00e9sum\u00e9e<\/h3>\n\n\n\n<p>Le ie Tram 18 est command\u00e9 en 17 exemplaires par Transports Canard en 2024. Nomm\u00e9e en interne IZ13300 (<strong>I<\/strong>ri<strong>z<\/strong>ar s\u00e9rie 13300), la s\u00e9rie est livr\u00e9e de d\u00e9cembre 2024 \u00e0 mai 2025 et est d\u00e9ploy\u00e9e sur la nouvelle ligne rapide en site propre CX-1 du r\u00e9seau Citycanard Express. Cette derni\u00e8re remplace l&rsquo;ancienne ligne 1 qui \u00e9tait alors \u00e9quip\u00e9e de Scania Omnicity standards au GNV.<\/p>\n<\/div>\n\n\n\n<div class=\"wp-block-column is-layout-flow wp-block-column-is-layout-flow\">\n<figure class=\"wp-block-table is-style-stripes\"><table class=\"has-fixed-layout\"><tbody><tr><td class=\"has-text-align-center\" data-align=\"center\">gamme<\/td><td class=\"has-text-align-center\" data-align=\"center\">ie Tram<\/td><\/tr><tr><td class=\"has-text-align-center\" data-align=\"center\">constructeur<\/td><td class=\"has-text-align-center\" data-align=\"center\"><img loading=\"lazy\" decoding=\"async\" width=\"21\" height=\"15\" class=\"wp-image-3107\" style=\"width: 21px\" src=\"https:\/\/seal.transport-manager.net\/marshall\/wp-content\/uploads\/sites\/76\/2025\/04\/Espana.png\" alt=\"\"> Irizar e-mobility<\/td><\/tr><tr><td class=\"has-text-align-center\" data-align=\"center\">cat\u00e9gorie<\/td><td class=\"has-text-align-center\" data-align=\"center\">urbain BHNS articul\u00e9<\/td><\/tr><tr><td class=\"has-text-align-center\" data-align=\"center\">propulsion<\/td><td class=\"has-text-align-center\" data-align=\"center\"><img loading=\"lazy\" decoding=\"async\" width=\"61\" height=\"61\" class=\"wp-image-1352\" style=\"width: 61px\" src=\"https:\/\/seal.transport-manager.net\/marshall\/wp-content\/uploads\/sites\/76\/2023\/01\/EV.png\" alt=\"\"><\/td><\/tr><tr><td class=\"has-text-align-center\" data-align=\"center\">commercialisation<\/td><td class=\"has-text-align-center\" data-align=\"center\">depuis 2018<\/td><\/tr><tr><td class=\"has-text-align-center\" data-align=\"center\">l x L x h<\/td><td class=\"has-text-align-center\" data-align=\"center\">18,73 m x 2,55 m x 3,3 m<\/td><\/tr><tr><td class=\"has-text-align-center\" data-align=\"center\">capacit\u00e9<\/td><td class=\"has-text-align-center\" data-align=\"center\">141 pax (dont 34 assis)<\/td><\/tr><tr><td class=\"has-text-align-center\" data-align=\"center\">moteur<\/td><td class=\"has-text-align-center\" data-align=\"center\">Alconza<br>\u00e9lectromoteurs sur les essieux central et arri\u00e8re<\/td><\/tr><tr><td class=\"has-text-align-center\" data-align=\"center\">puissance<\/td><td class=\"has-text-align-center\" data-align=\"center\">240 kW &#8211; 326 ch<\/td><\/tr><tr><td class=\"has-text-align-center\" data-align=\"center\">site de fabrication<\/td><td class=\"has-text-align-center\" data-align=\"center\"><img loading=\"lazy\" decoding=\"async\" width=\"21\" height=\"15\" class=\"wp-image-3107\" style=\"width: 21px\" src=\"https:\/\/seal.transport-manager.net\/marshall\/wp-content\/uploads\/sites\/76\/2025\/04\/Espana.png\" alt=\"\"> Ormaiztegi<\/td><\/tr><tr><td class=\"has-text-align-center\" data-align=\"center\">mod\u00e8les concurrents<br><em>(p\u00e9riode 2024-2025)<\/em><\/td><td class=\"has-text-align-center\" data-align=\"center\">Heuliez GX 437 Linium E<br>Van Hool Exquicity 18 E<br>VDL Citea SLFA-181 Electric<\/td><\/tr><\/tbody><\/table><\/figure>\n<\/div>\n<\/div>\n\n\n\n<h3 class=\"wp-block-heading\">R\u00e9f\u00e9rencement du parc<\/h3>\n\n\n\n<figure class=\"wp-block-table is-style-stripes\"><table><tbody><tr><td class=\"has-text-align-center\" data-align=\"center\">n\u00b0<\/td><td class=\"has-text-align-center\" data-align=\"center\">date de m.e.s<\/td><td class=\"has-text-align-center\" data-align=\"center\">statut<\/td><td class=\"has-text-align-center\" data-align=\"center\">affectation courante<br>\/ date de retrait<\/td><td class=\"has-text-align-center\" data-align=\"center\">immat.<\/td><td>historique des affectations<\/td><\/tr><tr><td class=\"has-text-align-center\" data-align=\"center\">IZ13301<\/td><td class=\"has-text-align-center\" data-align=\"center\">17 D\u00e9cembre 2024<\/td><td class=\"has-text-align-center\" data-align=\"center\">en service<\/td><td class=\"has-text-align-center\" data-align=\"center\"><img loading=\"lazy\" decoding=\"async\" width=\"111\" height=\"73\" src=\"https:\/\/seal.transport-manager.net\/groupebvl\/wp-content\/uploads\/sites\/307\/2025\/01\/CX-ein.png\" alt=\"\"><\/td><td class=\"has-text-align-center\" data-align=\"center\">01-258-55<\/td><td><img loading=\"lazy\" decoding=\"async\" width=\"111\" height=\"73\" class=\"wp-image-2882\" style=\"width: 55px\" src=\"https:\/\/seal.transport-manager.net\/marshall\/wp-content\/uploads\/sites\/76\/2025\/01\/CX-ein.png\" alt=\"\">: depuis Janvier 2025<\/td><\/tr><tr><td class=\"has-text-align-center\" data-align=\"center\">IZ13302<\/td><td class=\"has-text-align-center\" data-align=\"center\">17 D\u00e9cembre 2024<\/td><td class=\"has-text-align-center\" data-align=\"center\">en service<\/td><td class=\"has-text-align-center\" data-align=\"center\"><img loading=\"lazy\" decoding=\"async\" width=\"111\" height=\"73\" src=\"https:\/\/seal.transport-manager.net\/groupebvl\/wp-content\/uploads\/sites\/307\/2025\/01\/CX-ein.png\" alt=\"\"><\/td><td class=\"has-text-align-center\" data-align=\"center\">01-258-56<\/td><td><img loading=\"lazy\" decoding=\"async\" width=\"111\" height=\"73\" class=\"wp-image-2882\" style=\"width: 55px\" src=\"https:\/\/seal.transport-manager.net\/marshall\/wp-content\/uploads\/sites\/76\/2025\/01\/CX-ein.png\" alt=\"\">: depuis Janvier 2025<\/td><\/tr><tr><td class=\"has-text-align-center\" data-align=\"center\">IZ13303<\/td><td class=\"has-text-align-center\" data-align=\"center\">17 D\u00e9cembre 2024<\/td><td class=\"has-text-align-center\" data-align=\"center\">en service<\/td><td class=\"has-text-align-center\" data-align=\"center\"><img loading=\"lazy\" decoding=\"async\" width=\"111\" height=\"73\" src=\"https:\/\/seal.transport-manager.net\/groupebvl\/wp-content\/uploads\/sites\/307\/2025\/01\/CX-ein.png\" alt=\"\"><\/td><td class=\"has-text-align-center\" data-align=\"center\">01-258-57<\/td><td><img loading=\"lazy\" decoding=\"async\" width=\"111\" height=\"73\" class=\"wp-image-2882\" style=\"width: 55px\" src=\"https:\/\/seal.transport-manager.net\/marshall\/wp-content\/uploads\/sites\/76\/2025\/01\/CX-ein.png\" alt=\"\">: depuis Janvier 2025<\/td><\/tr><tr><td class=\"has-text-align-center\" data-align=\"center\">IZ13304<\/td><td class=\"has-text-align-center\" data-align=\"center\">17 D\u00e9cembre 2024<\/td><td class=\"has-text-align-center\" data-align=\"center\">en service<\/td><td class=\"has-text-align-center\" data-align=\"center\"><img loading=\"lazy\" decoding=\"async\" width=\"111\" height=\"73\" src=\"https:\/\/seal.transport-manager.net\/groupebvl\/wp-content\/uploads\/sites\/307\/2025\/01\/CX-ein.png\" alt=\"\"><\/td><td class=\"has-text-align-center\" data-align=\"center\">01-258-58<\/td><td><img loading=\"lazy\" decoding=\"async\" width=\"111\" height=\"73\" class=\"wp-image-2882\" style=\"width: 55px\" src=\"https:\/\/seal.transport-manager.net\/marshall\/wp-content\/uploads\/sites\/76\/2025\/01\/CX-ein.png\" alt=\"\">: depuis Janvier 2025<\/td><\/tr><tr><td class=\"has-text-align-center\" data-align=\"center\">IZ13305<\/td><td class=\"has-text-align-center\" data-align=\"center\">17 D\u00e9cembre 2024<\/td><td class=\"has-text-align-center\" data-align=\"center\">en service<\/td><td class=\"has-text-align-center\" data-align=\"center\"><img loading=\"lazy\" decoding=\"async\" width=\"111\" height=\"73\" src=\"https:\/\/seal.transport-manager.net\/groupebvl\/wp-content\/uploads\/sites\/307\/2025\/01\/CX-ein.png\" alt=\"\"><\/td><td class=\"has-text-align-center\" data-align=\"center\">01-258-59<\/td><td><img loading=\"lazy\" decoding=\"async\" width=\"111\" height=\"73\" class=\"wp-image-2882\" style=\"width: 55px\" src=\"https:\/\/seal.transport-manager.net\/marshall\/wp-content\/uploads\/sites\/76\/2025\/01\/CX-ein.png\" alt=\"\">: depuis Janvier 2025<\/td><\/tr><tr><td class=\"has-text-align-center\" data-align=\"center\">IZ13306<\/td><td class=\"has-text-align-center\" data-align=\"center\">14 Janvier 2025<\/td><td class=\"has-text-align-center\" data-align=\"center\">en service<\/td><td class=\"has-text-align-center\" data-align=\"center\"><img loading=\"lazy\" decoding=\"async\" width=\"111\" height=\"73\" src=\"https:\/\/seal.transport-manager.net\/groupebvl\/wp-content\/uploads\/sites\/307\/2025\/01\/CX-ein.png\" alt=\"\"><\/td><td class=\"has-text-align-center\" data-align=\"center\">01-282-33<\/td><td><img loading=\"lazy\" decoding=\"async\" width=\"111\" height=\"73\" class=\"wp-image-2882\" style=\"width: 55px\" src=\"https:\/\/seal.transport-manager.net\/marshall\/wp-content\/uploads\/sites\/76\/2025\/01\/CX-ein.png\" alt=\"\">: depuis Janvier 2025<\/td><\/tr><tr><td class=\"has-text-align-center\" data-align=\"center\">IZ13307<\/td><td class=\"has-text-align-center\" data-align=\"center\">14 Janvier 2025<\/td><td class=\"has-text-align-center\" data-align=\"center\">en service<\/td><td class=\"has-text-align-center\" data-align=\"center\"><img loading=\"lazy\" decoding=\"async\" width=\"111\" height=\"73\" src=\"https:\/\/seal.transport-manager.net\/groupebvl\/wp-content\/uploads\/sites\/307\/2025\/01\/CX-ein.png\" alt=\"\"><\/td><td class=\"has-text-align-center\" data-align=\"center\">01-282-34<\/td><td><img loading=\"lazy\" decoding=\"async\" width=\"111\" height=\"73\" class=\"wp-image-2882\" style=\"width: 55px\" src=\"https:\/\/seal.transport-manager.net\/marshall\/wp-content\/uploads\/sites\/76\/2025\/01\/CX-ein.png\" alt=\"\">: depuis Janvier 2025<\/td><\/tr><tr><td class=\"has-text-align-center\" data-align=\"center\">IZ13308<\/td><td class=\"has-text-align-center\" data-align=\"center\">18 Janvier 2025<\/td><td class=\"has-text-align-center\" data-align=\"center\">en service<\/td><td class=\"has-text-align-center\" data-align=\"center\"><img loading=\"lazy\" decoding=\"async\" width=\"111\" height=\"73\" src=\"https:\/\/seal.transport-manager.net\/groupebvl\/wp-content\/uploads\/sites\/307\/2025\/01\/CX-ein.png\" alt=\"\"><\/td><td class=\"has-text-align-center\" data-align=\"center\">01-286-12<\/td><td><img loading=\"lazy\" decoding=\"async\" width=\"111\" height=\"73\" class=\"wp-image-2882\" style=\"width: 55px\" src=\"https:\/\/seal.transport-manager.net\/marshall\/wp-content\/uploads\/sites\/76\/2025\/01\/CX-ein.png\" alt=\"\">: depuis Janvier 2025<\/td><\/tr><tr><td class=\"has-text-align-center\" data-align=\"center\">IZ13309<\/td><td class=\"has-text-align-center\" data-align=\"center\">18 Janvier 2025<\/td><td class=\"has-text-align-center\" data-align=\"center\">en service<\/td><td class=\"has-text-align-center\" data-align=\"center\"><img loading=\"lazy\" decoding=\"async\" width=\"111\" height=\"73\" src=\"https:\/\/seal.transport-manager.net\/groupebvl\/wp-content\/uploads\/sites\/307\/2025\/01\/CX-ein.png\" alt=\"\"><\/td><td class=\"has-text-align-center\" data-align=\"center\">01-286-13<\/td><td><img loading=\"lazy\" decoding=\"async\" width=\"111\" height=\"73\" class=\"wp-image-2882\" style=\"width: 55px\" src=\"https:\/\/seal.transport-manager.net\/marshall\/wp-content\/uploads\/sites\/76\/2025\/01\/CX-ein.png\" alt=\"\">: depuis Janvier 2025<\/td><\/tr><tr><td class=\"has-text-align-center\" data-align=\"center\">IZ13310<\/td><td class=\"has-text-align-center\" data-align=\"center\">30 Janvier 2025<\/td><td class=\"has-text-align-center\" data-align=\"center\">en service<\/td><td class=\"has-text-align-center\" data-align=\"center\"><img loading=\"lazy\" decoding=\"async\" width=\"111\" height=\"73\" src=\"https:\/\/seal.transport-manager.net\/groupebvl\/wp-content\/uploads\/sites\/307\/2025\/01\/CX-ein.png\" alt=\"\"><\/td><td class=\"has-text-align-center\" data-align=\"center\">01-295-84<\/td><td><img loading=\"lazy\" decoding=\"async\" width=\"111\" height=\"73\" class=\"wp-image-2882\" style=\"width: 55px\" src=\"https:\/\/seal.transport-manager.net\/marshall\/wp-content\/uploads\/sites\/76\/2025\/01\/CX-ein.png\" alt=\"\">: depuis F\u00e9vrier 2025<\/td><\/tr><tr><td class=\"has-text-align-center\" data-align=\"center\">IZ13311<\/td><td class=\"has-text-align-center\" data-align=\"center\">30 Janvier 2025<\/td><td class=\"has-text-align-center\" data-align=\"center\">en service<\/td><td class=\"has-text-align-center\" data-align=\"center\"><img loading=\"lazy\" decoding=\"async\" width=\"111\" height=\"73\" src=\"https:\/\/seal.transport-manager.net\/groupebvl\/wp-content\/uploads\/sites\/307\/2025\/01\/CX-ein.png\" alt=\"\"><\/td><td class=\"has-text-align-center\" data-align=\"center\">01-295-85<\/td><td><img loading=\"lazy\" decoding=\"async\" width=\"111\" height=\"73\" class=\"wp-image-2882\" style=\"width: 55px\" src=\"https:\/\/seal.transport-manager.net\/marshall\/wp-content\/uploads\/sites\/76\/2025\/01\/CX-ein.png\" alt=\"\">: depuis F\u00e9vrier 2025<\/td><\/tr><tr><td class=\"has-text-align-center\" data-align=\"center\">IZ13312<\/td><td class=\"has-text-align-center\" data-align=\"center\">22 F\u00e9vrier 2025<\/td><td class=\"has-text-align-center\" data-align=\"center\">en service<\/td><td class=\"has-text-align-center\" data-align=\"center\"><img loading=\"lazy\" decoding=\"async\" width=\"111\" height=\"73\" src=\"https:\/\/seal.transport-manager.net\/groupebvl\/wp-content\/uploads\/sites\/307\/2025\/01\/CX-ein.png\" alt=\"\"><\/td><td class=\"has-text-align-center\" data-align=\"center\">01-315-69<\/td><td><img loading=\"lazy\" decoding=\"async\" width=\"111\" height=\"73\" class=\"wp-image-2882\" style=\"width: 55px\" src=\"https:\/\/seal.transport-manager.net\/marshall\/wp-content\/uploads\/sites\/76\/2025\/01\/CX-ein.png\" alt=\"\">: depuis Mars 2025<\/td><\/tr><tr><td class=\"has-text-align-center\" data-align=\"center\">IZ13313<\/td><td class=\"has-text-align-center\" data-align=\"center\">22 F\u00e9vrier 2025<\/td><td class=\"has-text-align-center\" data-align=\"center\">en service<\/td><td class=\"has-text-align-center\" data-align=\"center\"><img loading=\"lazy\" decoding=\"async\" width=\"111\" height=\"73\" src=\"https:\/\/seal.transport-manager.net\/groupebvl\/wp-content\/uploads\/sites\/307\/2025\/01\/CX-ein.png\" alt=\"\"><\/td><td class=\"has-text-align-center\" data-align=\"center\">01-315-70<\/td><td><img loading=\"lazy\" decoding=\"async\" width=\"111\" height=\"73\" class=\"wp-image-2882\" style=\"width: 55px\" src=\"https:\/\/seal.transport-manager.net\/marshall\/wp-content\/uploads\/sites\/76\/2025\/01\/CX-ein.png\" alt=\"\">: depuis Mars 2025<\/td><\/tr><tr><td class=\"has-text-align-center\" data-align=\"center\">IZ13314<\/td><td class=\"has-text-align-center\" data-align=\"center\">17 Mars 2025<\/td><td class=\"has-text-align-center\" data-align=\"center\">en service<\/td><td class=\"has-text-align-center\" data-align=\"center\"><img loading=\"lazy\" decoding=\"async\" width=\"111\" height=\"73\" src=\"https:\/\/seal.transport-manager.net\/groupebvl\/wp-content\/uploads\/sites\/307\/2025\/01\/CX-ein.png\" alt=\"\"><\/td><td class=\"has-text-align-center\" data-align=\"center\">01-333-33<\/td><td><img loading=\"lazy\" decoding=\"async\" width=\"111\" height=\"73\" class=\"wp-image-2882\" style=\"width: 55px\" src=\"https:\/\/seal.transport-manager.net\/marshall\/wp-content\/uploads\/sites\/76\/2025\/01\/CX-ein.png\" alt=\"\">: depuis Mars 2025<\/td><\/tr><tr><td class=\"has-text-align-center\" data-align=\"center\">IZ13315<\/td><td class=\"has-text-align-center\" data-align=\"center\">17 Mars 2025<\/td><td class=\"has-text-align-center\" data-align=\"center\">en service<\/td><td class=\"has-text-align-center\" data-align=\"center\"><img loading=\"lazy\" decoding=\"async\" width=\"111\" height=\"73\" src=\"https:\/\/seal.transport-manager.net\/groupebvl\/wp-content\/uploads\/sites\/307\/2025\/01\/CX-ein.png\" alt=\"\"><\/td><td class=\"has-text-align-center\" data-align=\"center\">01-333-34<\/td><td><img loading=\"lazy\" decoding=\"async\" width=\"111\" height=\"73\" class=\"wp-image-2882\" style=\"width: 55px\" src=\"https:\/\/seal.transport-manager.net\/marshall\/wp-content\/uploads\/sites\/76\/2025\/01\/CX-ein.png\" alt=\"\">: depuis Mars 2025<\/td><\/tr><tr><td class=\"has-text-align-center\" data-align=\"center\">IZ13316<\/td><td class=\"has-text-align-center\" data-align=\"center\">6 Mai 2025<\/td><td class=\"has-text-align-center\" data-align=\"center\">en service<\/td><td class=\"has-text-align-center\" data-align=\"center\"><img loading=\"lazy\" decoding=\"async\" width=\"111\" height=\"73\" src=\"https:\/\/seal.transport-manager.net\/groupebvl\/wp-content\/uploads\/sites\/307\/2025\/01\/CX-ein.png\" alt=\"\"><\/td><td class=\"has-text-align-center\" data-align=\"center\">01-373-17<\/td><td><img loading=\"lazy\" decoding=\"async\" width=\"111\" height=\"73\" class=\"wp-image-2882\" style=\"width: 55px\" src=\"https:\/\/seal.transport-manager.net\/marshall\/wp-content\/uploads\/sites\/76\/2025\/01\/CX-ein.png\" alt=\"\">: depuis Mai 2025<\/td><\/tr><tr><td class=\"has-text-align-center\" data-align=\"center\">IZ13317<\/td><td class=\"has-text-align-center\" data-align=\"center\">6 Mai 2025<\/td><td class=\"has-text-align-center\" data-align=\"center\">en service<\/td><td class=\"has-text-align-center\" data-align=\"center\"><img loading=\"lazy\" decoding=\"async\" width=\"111\" height=\"73\" src=\"https:\/\/seal.transport-manager.net\/groupebvl\/wp-content\/uploads\/sites\/307\/2025\/01\/CX-ein.png\" alt=\"\"><\/td><td class=\"has-text-align-center\" data-align=\"center\">01-373-18<\/td><td><img loading=\"lazy\" decoding=\"async\" width=\"111\" height=\"73\" class=\"wp-image-2882\" style=\"width: 55px\" src=\"https:\/\/seal.transport-manager.net\/marshall\/wp-content\/uploads\/sites\/76\/2025\/01\/CX-ein.png\" alt=\"\">: depuis Mai 2025<\/td><\/tr><\/tbody><\/table><\/figure>\n\n\n\n<p><\/p>\n","protected":false},"excerpt":{"rendered":"<p>mise en service 2024-2025 statut en service effectif 17 d\u00e9p\u00f4t Bellevarde affectation Carri\u00e8re r\u00e9sum\u00e9e Le ie Tram 18 est command\u00e9 en 17 exemplaires par Transports Canard en 2024. Nomm\u00e9e en &#8230; <a title=\"IZ13300 &#8211; Irizar ie Tram 18\" class=\"read-more\" href=\"https:\/\/seal.transport-manager.net\/marshall\/iz13300-irizar-ie-tram-18\/\" aria-label=\"En savoir plus sur IZ13300 &#8211; Irizar ie Tram 18\">Lire la suite<\/a><\/p>\n","protected":false},"author":76,"featured_media":3649,"parent":0,"menu_order":0,"comment_status":"closed","ping_status":"closed","template":"","meta":{"footnotes":""},"class_list":["post-3106","page","type-page","status-publish","has-post-thumbnail"],"_links":{"self":[{"href":"https:\/\/seal.transport-manager.net\/marshall\/wp-json\/wp\/v2\/pages\/3106","targetHints":{"allow":["GET"]}}],"collection":[{"href":"https:\/\/seal.transport-manager.net\/marshall\/wp-json\/wp\/v2\/pages"}],"about":[{"href":"https:\/\/seal.transport-manager.net\/marshall\/wp-json\/wp\/v2\/types\/page"}],"author":[{"embeddable":true,"href":"https:\/\/seal.transport-manager.net\/marshall\/wp-json\/wp\/v2\/users\/76"}],"replies":[{"embeddable":true,"href":"https:\/\/seal.transport-manager.net\/marshall\/wp-json\/wp\/v2\/comments?post=3106"}],"version-history":[{"count":6,"href":"https:\/\/seal.transport-manager.net\/marshall\/wp-json\/wp\/v2\/pages\/3106\/revisions"}],"predecessor-version":[{"id":3554,"href":"https:\/\/seal.transport-manager.net\/marshall\/wp-json\/wp\/v2\/pages\/3106\/revisions\/3554"}],"wp:featuredmedia":[{"embeddable":true,"href":"https:\/\/seal.transport-manager.net\/marshall\/wp-json\/wp\/v2\/media\/3649"}],"wp:attachment":[{"href":"https:\/\/seal.transport-manager.net\/marshall\/wp-json\/wp\/v2\/media?parent=3106"}],"curies":[{"name":"wp","href":"https:\/\/api.w.org\/{rel}","templated":true}]}}