{"id":3146,"date":"2025-04-19T06:16:01","date_gmt":"2025-04-19T04:16:01","guid":{"rendered":"https:\/\/seal.transport-manager.net\/marshall\/?page_id=3146"},"modified":"2026-01-10T18:17:42","modified_gmt":"2026-01-10T17:17:42","slug":"vv11700-volvo-7900-hybrid-10-m","status":"publish","type":"page","link":"https:\/\/seal.transport-manager.net\/marshall\/vv11700-volvo-7900-hybrid-10-m\/","title":{"rendered":"VV11700 &#8211; Volvo 7900 Hybrid 10 m"},"content":{"rendered":"<div class=\"wp-block-image\">\n<figure class=\"aligncenter size-full\"><a href=\"https:\/\/i.ibb.co\/qMxhvBbp\/7900-Hybrid10-Canard.png\"><img loading=\"lazy\" decoding=\"async\" width=\"710\" height=\"360\" src=\"https:\/\/seal.transport-manager.net\/marshall\/wp-content\/uploads\/sites\/76\/2025\/02\/7900Hybrid10Canard.png\" alt=\"\" class=\"wp-image-2989\" srcset=\"https:\/\/seal.transport-manager.net\/marshall\/wp-content\/uploads\/sites\/76\/2025\/02\/7900Hybrid10Canard.png 710w, https:\/\/seal.transport-manager.net\/marshall\/wp-content\/uploads\/sites\/76\/2025\/02\/7900Hybrid10Canard-300x152.png 300w\" sizes=\"auto, (max-width: 710px) 100vw, 710px\" \/><\/a><figcaption class=\"wp-element-caption\"><a href=\"https:\/\/i.ibb.co\/qMxhvBbp\/7900-Hybrid10-Canard.png\">cliquez pour agrandir<\/a><\/figcaption><\/figure>\n<\/div>\n\n\n<div class=\"wp-block-columns is-layout-flex wp-container-core-columns-is-layout-9d6595d7 wp-block-columns-is-layout-flex\">\n<div class=\"wp-block-column is-layout-flow wp-block-column-is-layout-flow\">\n<figure class=\"wp-block-table is-style-stripes\"><table class=\"has-fixed-layout\"><tbody><tr><td class=\"has-text-align-center\" data-align=\"center\">mise en service<\/td><td class=\"has-text-align-center\" data-align=\"center\">2023-2024<\/td><\/tr><tr><td class=\"has-text-align-center\" data-align=\"center\">statut<\/td><td class=\"has-text-align-center\" data-align=\"center\">en service<\/td><\/tr><tr><td class=\"has-text-align-center\" data-align=\"center\">effectif<\/td><td class=\"has-text-align-center\" data-align=\"center\">5<\/td><\/tr><tr><td class=\"has-text-align-center\" data-align=\"center\">d\u00e9p\u00f4t<\/td><td class=\"has-text-align-center\" data-align=\"center\">Archambaud<\/td><\/tr><tr><td class=\"has-text-align-center\" data-align=\"center\">affectation<\/td><td class=\"has-text-align-center\" data-align=\"center\"><img loading=\"lazy\" decoding=\"async\" width=\"84\" height=\"73\" class=\"wp-image-1953\" style=\"width: 84px\" src=\"https:\/\/seal.transport-manager.net\/marshall\/wp-content\/uploads\/sites\/76\/2023\/09\/Einundsechzig.png\" alt=\"\"><\/td><\/tr><\/tbody><\/table><\/figure>\n\n\n\n<h3 class=\"wp-block-heading\">Carri\u00e8re r\u00e9sum\u00e9e<\/h3>\n\n\n\n<p>Le 7900 Hybrid version courte est command\u00e9 en 5 exemplaires par Transports Canard en 2023. Nomm\u00e9e VV11700 en interne (<strong>V<\/strong>ol<strong>v<\/strong>o s\u00e9rie 11700), la s\u00e9rie est livr\u00e9e de d\u00e9cembre 2023 \u00e0 f\u00e9vrier 2024 et est mise en service sur la ligne 61 du r\u00e9seau Citycanard o\u00f9 elle remplace les Cito, permettant leur retrait d\u00e9finitif, et assure la majorit\u00e9 des services au c\u00f4t\u00e9s d&rsquo;Europolis.<\/p>\n<\/div>\n\n\n\n<div class=\"wp-block-column is-layout-flow wp-block-column-is-layout-flow\">\n<figure class=\"wp-block-table is-style-stripes\"><table class=\"has-fixed-layout\"><tbody><tr><td class=\"has-text-align-center\" data-align=\"center\">gamme<\/td><td class=\"has-text-align-center\" data-align=\"center\">7900<\/td><\/tr><tr><td class=\"has-text-align-center\" data-align=\"center\">constructeur<\/td><td class=\"has-text-align-center\" data-align=\"center\"><img loading=\"lazy\" decoding=\"async\" width=\"24\" height=\"15\" class=\"wp-image-2518\" style=\"width: 24px\" src=\"https:\/\/seal.transport-manager.net\/marshall\/wp-content\/uploads\/sites\/76\/2024\/09\/Suecia.png\" alt=\"\"> Volvo Buses<\/td><\/tr><tr><td class=\"has-text-align-center\" data-align=\"center\">cat\u00e9gorie<\/td><td class=\"has-text-align-center\" data-align=\"center\">urbain court<\/td><\/tr><tr><td class=\"has-text-align-center\" data-align=\"center\">propulsion<\/td><td class=\"has-text-align-center\" data-align=\"center\"><img loading=\"lazy\" decoding=\"async\" width=\"61\" height=\"61\" class=\"wp-image-1026\" style=\"width: 61px\" src=\"https:\/\/seal.transport-manager.net\/marshall\/wp-content\/uploads\/sites\/76\/2022\/10\/HYB.png\" alt=\"\"><\/td><\/tr><tr><td class=\"has-text-align-center\" data-align=\"center\">commercialisation<\/td><td class=\"has-text-align-center\" data-align=\"center\">2011-2024<\/td><\/tr><tr><td class=\"has-text-align-center\" data-align=\"center\">l x L x h<\/td><td class=\"has-text-align-center\" data-align=\"center\">10,64 m x 2,55 m x 3,28 m<\/td><\/tr><tr><td class=\"has-text-align-center\" data-align=\"center\">capacit\u00e9<\/td><td class=\"has-text-align-center\" data-align=\"center\">90 pax (dont 23 assis)<\/td><\/tr><tr><td class=\"has-text-align-center\" data-align=\"center\">moteur<\/td><td class=\"has-text-align-center\" data-align=\"center\">Volvo D5K-240<br>5.1 L 4 cylindres en ligne en position longitudinale arri\u00e8re + cha\u00eene de traction \u00e9lectrique Volvo i-SAM<\/td><\/tr><tr><td class=\"has-text-align-center\" data-align=\"center\">puissance<\/td><td class=\"has-text-align-center\" data-align=\"center\">177 kW &#8211; 240 ch (partie thermique)<br>+<br>110 kW &#8211; 150 ch (partie \u00e9lectrique)<\/td><\/tr><tr><td class=\"has-text-align-center\" data-align=\"center\">site de fabrication<\/td><td class=\"has-text-align-center\" data-align=\"center\"><img loading=\"lazy\" decoding=\"async\" width=\"24\" height=\"15\" class=\"wp-image-2519\" style=\"width: 24px\" src=\"https:\/\/seal.transport-manager.net\/marshall\/wp-content\/uploads\/sites\/76\/2024\/09\/Polonia.png\" alt=\"\"> Wroclaw<\/td><\/tr><tr><td class=\"has-text-align-center\" data-align=\"center\">mod\u00e8les concurrents<br><em>(p\u00e9riode 2023-2024)<\/em><\/td><td class=\"has-text-align-center\" data-align=\"center\">Mercedes-Benz Citaro K C2<br>Heuliez GX 137 L<br>Iveco Urbanway 10<br>Otokar Kent C 10 <br>Scania Citywide LF10.9 II<br>Solaris Urbino 10 IV<\/td><\/tr><\/tbody><\/table><\/figure>\n<\/div>\n<\/div>\n\n\n\n<h3 class=\"wp-block-heading\">R\u00e9f\u00e9rencement du parc<\/h3>\n\n\n\n<figure class=\"wp-block-table is-style-stripes\"><table><tbody><tr><td class=\"has-text-align-center\" data-align=\"center\">n\u00b0<\/td><td class=\"has-text-align-center\" data-align=\"center\">date de m.e.s<\/td><td class=\"has-text-align-center\" data-align=\"center\">statut<\/td><td class=\"has-text-align-center\" data-align=\"center\">affectation courante<br>\/ date de retrait<\/td><td class=\"has-text-align-center\" data-align=\"center\">immat.<\/td><td>historique des affectations<\/td><\/tr><tr><td class=\"has-text-align-center\" data-align=\"center\">VV11701<\/td><td class=\"has-text-align-center\" data-align=\"center\">3 D\u00e9cembre 2023<\/td><td class=\"has-text-align-center\" data-align=\"center\">en service<\/td><td class=\"has-text-align-center\" data-align=\"center\"><img loading=\"lazy\" decoding=\"async\" width=\"84\" height=\"73\" src=\"https:\/\/seal.transport-manager.net\/groupebvl\/wp-content\/uploads\/sites\/307\/2024\/06\/Einundsechzig.png\" alt=\"\"><\/td><td class=\"has-text-align-center\" data-align=\"center\">TM-956-95<\/td><td><img loading=\"lazy\" decoding=\"async\" width=\"84\" height=\"73\" class=\"wp-image-1953\" style=\"width: 42px\" src=\"https:\/\/seal.transport-manager.net\/marshall\/wp-content\/uploads\/sites\/76\/2023\/09\/Einundsechzig.png\" alt=\"\">: depuis D\u00e9cembre 2023<\/td><\/tr><tr><td class=\"has-text-align-center\" data-align=\"center\">VV11702<\/td><td class=\"has-text-align-center\" data-align=\"center\">10 D\u00e9cembre 2023<\/td><td class=\"has-text-align-center\" data-align=\"center\">en service<\/td><td class=\"has-text-align-center\" data-align=\"center\"><img loading=\"lazy\" decoding=\"async\" width=\"84\" height=\"73\" src=\"https:\/\/seal.transport-manager.net\/groupebvl\/wp-content\/uploads\/sites\/307\/2024\/06\/Einundsechzig.png\" alt=\"\"><\/td><td class=\"has-text-align-center\" data-align=\"center\">TM-962-56<\/td><td><img loading=\"lazy\" decoding=\"async\" width=\"84\" height=\"73\" class=\"wp-image-1953\" style=\"width: 42px\" src=\"https:\/\/seal.transport-manager.net\/marshall\/wp-content\/uploads\/sites\/76\/2023\/09\/Einundsechzig.png\" alt=\"\">: depuis D\u00e9cembre 2023<\/td><\/tr><tr><td class=\"has-text-align-center\" data-align=\"center\">VV11703<\/td><td class=\"has-text-align-center\" data-align=\"center\">17 D\u00e9cembre 2023<\/td><td class=\"has-text-align-center\" data-align=\"center\">en service<\/td><td class=\"has-text-align-center\" data-align=\"center\"><img loading=\"lazy\" decoding=\"async\" width=\"84\" height=\"73\" src=\"https:\/\/seal.transport-manager.net\/groupebvl\/wp-content\/uploads\/sites\/307\/2024\/06\/Einundsechzig.png\" alt=\"\"><\/td><td class=\"has-text-align-center\" data-align=\"center\">TM-967-13<\/td><td><img loading=\"lazy\" decoding=\"async\" width=\"84\" height=\"73\" class=\"wp-image-1953\" style=\"width: 42px\" src=\"https:\/\/seal.transport-manager.net\/marshall\/wp-content\/uploads\/sites\/76\/2023\/09\/Einundsechzig.png\" alt=\"\">: depuis D\u00e9cembre 2023<\/td><\/tr><tr><td class=\"has-text-align-center\" data-align=\"center\">VV11704<\/td><td class=\"has-text-align-center\" data-align=\"center\">12 Janvier 2024<\/td><td class=\"has-text-align-center\" data-align=\"center\">en service<\/td><td class=\"has-text-align-center\" data-align=\"center\"><img loading=\"lazy\" decoding=\"async\" width=\"84\" height=\"73\" src=\"https:\/\/seal.transport-manager.net\/groupebvl\/wp-content\/uploads\/sites\/307\/2024\/06\/Einundsechzig.png\" alt=\"\"><\/td><td class=\"has-text-align-center\" data-align=\"center\">TM-983-77<\/td><td><img loading=\"lazy\" decoding=\"async\" width=\"84\" height=\"73\" class=\"wp-image-1953\" style=\"width: 42px\" src=\"https:\/\/seal.transport-manager.net\/marshall\/wp-content\/uploads\/sites\/76\/2023\/09\/Einundsechzig.png\" alt=\"\">: depuis Janvier 2024<\/td><\/tr><tr><td class=\"has-text-align-center\" data-align=\"center\">VV11705<\/td><td class=\"has-text-align-center\" data-align=\"center\">12 F\u00e9vrier 2024<\/td><td class=\"has-text-align-center\" data-align=\"center\">en service<\/td><td class=\"has-text-align-center\" data-align=\"center\"><img loading=\"lazy\" decoding=\"async\" width=\"84\" height=\"73\" src=\"https:\/\/seal.transport-manager.net\/groupebvl\/wp-content\/uploads\/sites\/307\/2024\/06\/Einundsechzig.png\" alt=\"\"><\/td><td class=\"has-text-align-center\" data-align=\"center\">01-009-00<\/td><td><img loading=\"lazy\" decoding=\"async\" width=\"84\" height=\"73\" class=\"wp-image-1953\" style=\"width: 42px\" src=\"https:\/\/seal.transport-manager.net\/marshall\/wp-content\/uploads\/sites\/76\/2023\/09\/Einundsechzig.png\" alt=\"\">: depuis F\u00e9vrier 2024<\/td><\/tr><\/tbody><\/table><\/figure>\n\n\n\n<p><\/p>\n","protected":false},"excerpt":{"rendered":"<p>mise en service 2023-2024 statut en service effectif 5 d\u00e9p\u00f4t Archambaud affectation Carri\u00e8re r\u00e9sum\u00e9e Le 7900 Hybrid version courte est command\u00e9 en 5 exemplaires par Transports Canard en 2023. Nomm\u00e9e &#8230; <a title=\"VV11700 &#8211; Volvo 7900 Hybrid 10 m\" class=\"read-more\" href=\"https:\/\/seal.transport-manager.net\/marshall\/vv11700-volvo-7900-hybrid-10-m\/\" aria-label=\"En savoir plus sur VV11700 &#8211; Volvo 7900 Hybrid 10 m\">Lire la suite<\/a><\/p>\n","protected":false},"author":76,"featured_media":3656,"parent":0,"menu_order":0,"comment_status":"closed","ping_status":"closed","template":"","meta":{"footnotes":""},"class_list":["post-3146","page","type-page","status-publish","has-post-thumbnail"],"_links":{"self":[{"href":"https:\/\/seal.transport-manager.net\/marshall\/wp-json\/wp\/v2\/pages\/3146","targetHints":{"allow":["GET"]}}],"collection":[{"href":"https:\/\/seal.transport-manager.net\/marshall\/wp-json\/wp\/v2\/pages"}],"about":[{"href":"https:\/\/seal.transport-manager.net\/marshall\/wp-json\/wp\/v2\/types\/page"}],"author":[{"embeddable":true,"href":"https:\/\/seal.transport-manager.net\/marshall\/wp-json\/wp\/v2\/users\/76"}],"replies":[{"embeddable":true,"href":"https:\/\/seal.transport-manager.net\/marshall\/wp-json\/wp\/v2\/comments?post=3146"}],"version-history":[{"count":5,"href":"https:\/\/seal.transport-manager.net\/marshall\/wp-json\/wp\/v2\/pages\/3146\/revisions"}],"predecessor-version":[{"id":4337,"href":"https:\/\/seal.transport-manager.net\/marshall\/wp-json\/wp\/v2\/pages\/3146\/revisions\/4337"}],"wp:featuredmedia":[{"embeddable":true,"href":"https:\/\/seal.transport-manager.net\/marshall\/wp-json\/wp\/v2\/media\/3656"}],"wp:attachment":[{"href":"https:\/\/seal.transport-manager.net\/marshall\/wp-json\/wp\/v2\/media?parent=3146"}],"curies":[{"name":"wp","href":"https:\/\/api.w.org\/{rel}","templated":true}]}}

<div class="wp-block-image">
<figure class="aligncenter size-full"><a href="https://i.ibb.co/qMxhvBbp/7900-Hybrid10-Canard.png"><img loading="lazy" decoding="async" width="710" height="360" src="https://seal.transport-manager.net/marshall/wp-content/uploads/sites/76/2025/02/7900Hybrid10Canard.png" alt="" class="wp-image-2989" srcset="https://seal.transport-manager.net/marshall/wp-content/uploads/sites/76/2025/02/7900Hybrid10Canard.png 710w, https://seal.transport-manager.net/marshall/wp-content/uploads/sites/76/2025/02/7900Hybrid10Canard-300x152.png 300w" sizes="auto, (max-width: 710px) 100vw, 710px" /></a><figcaption class="wp-element-caption"><a href="https://i.ibb.co/qMxhvBbp/7900-Hybrid10-Canard.png">cliquez pour agrandir</a></figcaption></figure>
</div>


<div class="wp-block-columns is-layout-flex wp-container-core-columns-is-layout-9d6595d7 wp-block-columns-is-layout-flex">
<div class="wp-block-column is-layout-flow wp-block-column-is-layout-flow">
<figure class="wp-block-table is-style-stripes"><table class="has-fixed-layout"><tbody><tr><td class="has-text-align-center" data-align="center">mise en service</td><td class="has-text-align-center" data-align="center">2023-2024</td></tr><tr><td class="has-text-align-center" data-align="center">statut</td><td class="has-text-align-center" data-align="center">en service</td></tr><tr><td class="has-text-align-center" data-align="center">effectif</td><td class="has-text-align-center" data-align="center">5</td></tr><tr><td class="has-text-align-center" data-align="center">dépôt</td><td class="has-text-align-center" data-align="center">Archambaud</td></tr><tr><td class="has-text-align-center" data-align="center">affectation</td><td class="has-text-align-center" data-align="center"><img loading="lazy" decoding="async" width="84" height="73" class="wp-image-1953" style="width: 84px" src="https://seal.transport-manager.net/marshall/wp-content/uploads/sites/76/2023/09/Einundsechzig.png" alt=""></td></tr></tbody></table></figure>



<h3 class="wp-block-heading">Carrière résumée</h3>



<p>Le 7900 Hybrid version courte est commandé en 5 exemplaires par Transports Canard en 2023. Nommée VV11700 en interne (<strong>V</strong>ol<strong>v</strong>o série 11700), la série est livrée de décembre 2023 à février 2024 et est mise en service sur la ligne 61 du réseau Citycanard où elle remplace les Cito, permettant leur retrait définitif, et assure la majorité des services au côtés d&rsquo;Europolis.</p>
</div>



<div class="wp-block-column is-layout-flow wp-block-column-is-layout-flow">
<figure class="wp-block-table is-style-stripes"><table class="has-fixed-layout"><tbody><tr><td class="has-text-align-center" data-align="center">gamme</td><td class="has-text-align-center" data-align="center">7900</td></tr><tr><td class="has-text-align-center" data-align="center">constructeur</td><td class="has-text-align-center" data-align="center"><img loading="lazy" decoding="async" width="24" height="15" class="wp-image-2518" style="width: 24px" src="https://seal.transport-manager.net/marshall/wp-content/uploads/sites/76/2024/09/Suecia.png" alt=""> Volvo Buses</td></tr><tr><td class="has-text-align-center" data-align="center">catégorie</td><td class="has-text-align-center" data-align="center">urbain court</td></tr><tr><td class="has-text-align-center" data-align="center">propulsion</td><td class="has-text-align-center" data-align="center"><img loading="lazy" decoding="async" width="61" height="61" class="wp-image-1026" style="width: 61px" src="https://seal.transport-manager.net/marshall/wp-content/uploads/sites/76/2022/10/HYB.png" alt=""></td></tr><tr><td class="has-text-align-center" data-align="center">commercialisation</td><td class="has-text-align-center" data-align="center">2011-2024</td></tr><tr><td class="has-text-align-center" data-align="center">l x L x h</td><td class="has-text-align-center" data-align="center">10,64 m x 2,55 m x 3,28 m</td></tr><tr><td class="has-text-align-center" data-align="center">capacité</td><td class="has-text-align-center" data-align="center">90 pax (dont 23 assis)</td></tr><tr><td class="has-text-align-center" data-align="center">moteur</td><td class="has-text-align-center" data-align="center">Volvo D5K-240<br>5.1 L 4 cylindres en ligne en position longitudinale arrière + chaîne de traction électrique Volvo i-SAM</td></tr><tr><td class="has-text-align-center" data-align="center">puissance</td><td class="has-text-align-center" data-align="center">177 kW &#8211; 240 ch (partie thermique)<br>+<br>110 kW &#8211; 150 ch (partie électrique)</td></tr><tr><td class="has-text-align-center" data-align="center">site de fabrication</td><td class="has-text-align-center" data-align="center"><img loading="lazy" decoding="async" width="24" height="15" class="wp-image-2519" style="width: 24px" src="https://seal.transport-manager.net/marshall/wp-content/uploads/sites/76/2024/09/Polonia.png" alt=""> Wroclaw</td></tr><tr><td class="has-text-align-center" data-align="center">modèles concurrents<br><em>(période 2023-2024)</em></td><td class="has-text-align-center" data-align="center">Mercedes-Benz Citaro K C2<br>Heuliez GX 137 L<br>Iveco Urbanway 10<br>Otokar Kent C 10 <br>Scania Citywide LF10.9 II<br>Solaris Urbino 10 IV</td></tr></tbody></table></figure>
</div>
</div>



<h3 class="wp-block-heading">Référencement du parc</h3>



<figure class="wp-block-table is-style-stripes"><table><tbody><tr><td class="has-text-align-center" data-align="center">n°</td><td class="has-text-align-center" data-align="center">date de m.e.s</td><td class="has-text-align-center" data-align="center">statut</td><td class="has-text-align-center" data-align="center">affectation courante<br>/ date de retrait</td><td class="has-text-align-center" data-align="center">immat.</td><td>historique des affectations</td></tr><tr><td class="has-text-align-center" data-align="center">VV11701</td><td class="has-text-align-center" data-align="center">3 Décembre 2023</td><td class="has-text-align-center" data-align="center">en service</td><td class="has-text-align-center" data-align="center"><img loading="lazy" decoding="async" width="84" height="73" src="https://seal.transport-manager.net/groupebvl/wp-content/uploads/sites/307/2024/06/Einundsechzig.png" alt=""></td><td class="has-text-align-center" data-align="center">TM-956-95</td><td><img loading="lazy" decoding="async" width="84" height="73" class="wp-image-1953" style="width: 42px" src="https://seal.transport-manager.net/marshall/wp-content/uploads/sites/76/2023/09/Einundsechzig.png" alt="">: depuis Décembre 2023</td></tr><tr><td class="has-text-align-center" data-align="center">VV11702</td><td class="has-text-align-center" data-align="center">10 Décembre 2023</td><td class="has-text-align-center" data-align="center">en service</td><td class="has-text-align-center" data-align="center"><img loading="lazy" decoding="async" width="84" height="73" src="https://seal.transport-manager.net/groupebvl/wp-content/uploads/sites/307/2024/06/Einundsechzig.png" alt=""></td><td class="has-text-align-center" data-align="center">TM-962-56</td><td><img loading="lazy" decoding="async" width="84" height="73" class="wp-image-1953" style="width: 42px" src="https://seal.transport-manager.net/marshall/wp-content/uploads/sites/76/2023/09/Einundsechzig.png" alt="">: depuis Décembre 2023</td></tr><tr><td class="has-text-align-center" data-align="center">VV11703</td><td class="has-text-align-center" data-align="center">17 Décembre 2023</td><td class="has-text-align-center" data-align="center">en service</td><td class="has-text-align-center" data-align="center"><img loading="lazy" decoding="async" width="84" height="73" src="https://seal.transport-manager.net/groupebvl/wp-content/uploads/sites/307/2024/06/Einundsechzig.png" alt=""></td><td class="has-text-align-center" data-align="center">TM-967-13</td><td><img loading="lazy" decoding="async" width="84" height="73" class="wp-image-1953" style="width: 42px" src="https://seal.transport-manager.net/marshall/wp-content/uploads/sites/76/2023/09/Einundsechzig.png" alt="">: depuis Décembre 2023</td></tr><tr><td class="has-text-align-center" data-align="center">VV11704</td><td class="has-text-align-center" data-align="center">12 Janvier 2024</td><td class="has-text-align-center" data-align="center">en service</td><td class="has-text-align-center" data-align="center"><img loading="lazy" decoding="async" width="84" height="73" src="https://seal.transport-manager.net/groupebvl/wp-content/uploads/sites/307/2024/06/Einundsechzig.png" alt=""></td><td class="has-text-align-center" data-align="center">TM-983-77</td><td><img loading="lazy" decoding="async" width="84" height="73" class="wp-image-1953" style="width: 42px" src="https://seal.transport-manager.net/marshall/wp-content/uploads/sites/76/2023/09/Einundsechzig.png" alt="">: depuis Janvier 2024</td></tr><tr><td class="has-text-align-center" data-align="center">VV11705</td><td class="has-text-align-center" data-align="center">12 Février 2024</td><td class="has-text-align-center" data-align="center">en service</td><td class="has-text-align-center" data-align="center"><img loading="lazy" decoding="async" width="84" height="73" src="https://seal.transport-manager.net/groupebvl/wp-content/uploads/sites/307/2024/06/Einundsechzig.png" alt=""></td><td class="has-text-align-center" data-align="center">01-009-00</td><td><img loading="lazy" decoding="async" width="84" height="73" class="wp-image-1953" style="width: 42px" src="https://seal.transport-manager.net/marshall/wp-content/uploads/sites/76/2023/09/Einundsechzig.png" alt="">: depuis Février 2024</td></tr></tbody></table></figure>



<p></p>

<p>mise en service 2023-2024 statut en service effectif 5 dépôt Archambaud affectation Carrière résumée Le 7900 Hybrid version courte est commandé en 5 exemplaires par Transports Canard en 2023. Nommée &#8230; <a title="VV11700 &#8211; Volvo 7900 Hybrid 10 m" class="read-more" href="https://seal.transport-manager.net/marshall/vv11700-volvo-7900-hybrid-10-m/" aria-label="En savoir plus sur VV11700 &#8211; Volvo 7900 Hybrid 10 m">Lire la suite</a></p>
