{"id":3154,"date":"2025-04-19T07:19:30","date_gmt":"2025-04-19T05:19:30","guid":{"rendered":"https:\/\/seal.transport-manager.net\/marshall\/?page_id=3154"},"modified":"2025-07-31T20:25:14","modified_gmt":"2025-07-31T18:25:14","slug":"sk1100-setra-s-315-nf","status":"publish","type":"page","link":"https:\/\/seal.transport-manager.net\/marshall\/sk1100-setra-s-315-nf\/","title":{"rendered":"SK1100 &#8211; Setra S 315 NF"},"content":{"rendered":"<div class=\"wp-block-image\">\n<figure class=\"aligncenter size-full\"><a href=\"https:\/\/i.ibb.co\/4R2kRXjJ\/S315-NFCanard.png\"><img loading=\"lazy\" decoding=\"async\" width=\"842\" height=\"360\" src=\"https:\/\/seal.transport-manager.net\/marshall\/wp-content\/uploads\/sites\/76\/2025\/02\/S315NFCanard.png\" alt=\"\" class=\"wp-image-2998\" srcset=\"https:\/\/seal.transport-manager.net\/marshall\/wp-content\/uploads\/sites\/76\/2025\/02\/S315NFCanard.png 842w, https:\/\/seal.transport-manager.net\/marshall\/wp-content\/uploads\/sites\/76\/2025\/02\/S315NFCanard-300x128.png 300w, https:\/\/seal.transport-manager.net\/marshall\/wp-content\/uploads\/sites\/76\/2025\/02\/S315NFCanard-768x328.png 768w\" sizes=\"auto, (max-width: 842px) 100vw, 842px\" \/><\/a><figcaption class=\"wp-element-caption\"><a href=\"https:\/\/i.ibb.co\/4R2kRXjJ\/S315-NFCanard.png\">cliquez pour agrandir<\/a><\/figcaption><\/figure>\n<\/div>\n\n\n<div class=\"wp-block-columns is-layout-flex wp-container-core-columns-is-layout-9d6595d7 wp-block-columns-is-layout-flex\">\n<div class=\"wp-block-column is-layout-flow wp-block-column-is-layout-flow\">\n<figure class=\"wp-block-table is-style-stripes\"><table class=\"has-fixed-layout\"><tbody><tr><td class=\"has-text-align-center\" data-align=\"center\">mise en service<\/td><td class=\"has-text-align-center\" data-align=\"center\">2002<\/td><\/tr><tr><td class=\"has-text-align-center\" data-align=\"center\">statut<\/td><td class=\"has-text-align-center\" data-align=\"center\">retir\u00e9<\/td><\/tr><tr><td class=\"has-text-align-center\" data-align=\"center\">effectif historique<\/td><td class=\"has-text-align-center\" data-align=\"center\">4<\/td><\/tr><tr><td class=\"has-text-align-center\" data-align=\"center\">retrait<\/td><td class=\"has-text-align-center\" data-align=\"center\">2023<\/td><\/tr><tr><td class=\"has-text-align-center\" data-align=\"center\">exemplaire pr\u00e9serv\u00e9<\/td><td class=\"has-text-align-center\" data-align=\"center\">SK1101<\/td><\/tr><\/tbody><\/table><\/figure>\n\n\n\n<h2 class=\"wp-block-heading\">Carri\u00e8re r\u00e9sum\u00e9e<\/h2>\n\n\n\n<p>Le S 315 NF est command\u00e9 en 4 exemplaires par Transports Canard en 2002. Il s&rsquo;agit de la toute premi\u00e8re commande d&rsquo;autobus neufs contract\u00e9e par la compagnie. Nomm\u00e9e SK1100 en interne (<strong>S<\/strong>etra <strong>K<\/strong>\u00e4ssbohrer s\u00e9rie 1100), la s\u00e9rie est livr\u00e9e en juillet-ao\u00fbt 2002 et est mise en service sur la ligne 1 du r\u00e9seau Citycanard. En 2005, les nouveaux GX 317 au gaz remplacent les Setra sur la ligne 1 et ces derniers sont r\u00e9affect\u00e9s sur la ligne 4 du r\u00e9seau Citycanard sur laquelle ils resteront pour le restant de  leur carri\u00e8re. En 2023, ils sont remplac\u00e9s sur la ligne 4 par des Scania Omnicity GNV et prennent leur retraite d\u00e9finitive. Le dernier S 315 NF quitte les inventaires en septembre 2023.<\/p>\n<\/div>\n\n\n\n<div class=\"wp-block-column is-layout-flow wp-block-column-is-layout-flow\">\n<figure class=\"wp-block-table is-style-stripes\"><table class=\"has-fixed-layout\"><tbody><tr><td class=\"has-text-align-center\" data-align=\"center\">gamme<\/td><td class=\"has-text-align-center\" data-align=\"center\">S 300 Multiclass<\/td><\/tr><tr><td class=\"has-text-align-center\" data-align=\"center\">constructeur<\/td><td class=\"has-text-align-center\" data-align=\"center\"><img loading=\"lazy\" decoding=\"async\" width=\"25\" height=\"15\" class=\"wp-image-2513\" style=\"width: 25px\" src=\"https:\/\/seal.transport-manager.net\/marshall\/wp-content\/uploads\/sites\/76\/2024\/09\/Germania.png\" alt=\"\"> Setra K\u00e4ssbohrer<\/td><\/tr><tr><td class=\"has-text-align-center\" data-align=\"center\">cat\u00e9gorie<\/td><td class=\"has-text-align-center\" data-align=\"center\">urbain standard<\/td><\/tr><tr><td class=\"has-text-align-center\" data-align=\"center\">propulsion<\/td><td class=\"has-text-align-center\" data-align=\"center\"><img loading=\"lazy\" decoding=\"async\" width=\"61\" height=\"61\" class=\"wp-image-1029\" style=\"width: 61px\" src=\"https:\/\/seal.transport-manager.net\/marshall\/wp-content\/uploads\/sites\/76\/2022\/10\/D.png\" alt=\"\"><\/td><\/tr><tr><td class=\"has-text-align-center\" data-align=\"center\">commercialisation<\/td><td class=\"has-text-align-center\" data-align=\"center\">1996-2006<\/td><\/tr><tr><td class=\"has-text-align-center\" data-align=\"center\">l x L x h<\/td><td class=\"has-text-align-center\" data-align=\"center\">12,0 m x 2,55 m x 2,95 m<\/td><\/tr><tr><td class=\"has-text-align-center\" data-align=\"center\">capacit\u00e9<\/td><td class=\"has-text-align-center\" data-align=\"center\">98 pax (dont 31 assis)<\/td><\/tr><tr><td class=\"has-text-align-center\" data-align=\"center\">moteur<\/td><td class=\"has-text-align-center\" data-align=\"center\">Mercedes-Benz OM 447 LA<br>11.9 L 6 cylindres en ligne en position longitudinale arri\u00e8re<\/td><\/tr><tr><td class=\"has-text-align-center\" data-align=\"center\">puissance<\/td><td class=\"has-text-align-center\" data-align=\"center\">185 kW &#8211; 252 ch<\/td><\/tr><tr><td class=\"has-text-align-center\" data-align=\"center\">site de fabrication<\/td><td class=\"has-text-align-center\" data-align=\"center\"><img loading=\"lazy\" decoding=\"async\" width=\"21\" height=\"15\" class=\"wp-image-2515\" style=\"width: 21px\" src=\"https:\/\/seal.transport-manager.net\/marshall\/wp-content\/uploads\/sites\/76\/2024\/09\/Francia.png\" alt=\"\"> Ligny-en-Barrois<\/td><\/tr><tr><td class=\"has-text-align-center\" data-align=\"center\">mod\u00e8les concurrents<br><em>(en 2002)<\/em><\/td><td class=\"has-text-align-center\" data-align=\"center\">Mercedes-Benz Citaro C1<br>Heuliez GX 317<br>Volvo 7000<br>Renault Agora S<br>MAN NL 223<br>Scania Omnicity<br>Solaris Urbino 12 II<br>Van Hool A330<\/td><\/tr><\/tbody><\/table><\/figure>\n<\/div>\n<\/div>\n\n\n\n<h3 class=\"wp-block-heading\">R\u00e9f\u00e9rencement du parc<\/h3>\n\n\n\n<figure class=\"wp-block-table is-style-stripes\"><table><tbody><tr><td class=\"has-text-align-center\" data-align=\"center\">n\u00b0<\/td><td class=\"has-text-align-center\" data-align=\"center\">date de m.e.s<\/td><td class=\"has-text-align-center\" data-align=\"center\">statut<\/td><td class=\"has-text-align-center\" data-align=\"center\">affectation courante<br>\/ date de retrait<\/td><td class=\"has-text-align-center\" data-align=\"center\">immat.<\/td><td>historique des affectations<\/td><\/tr><tr><td class=\"has-text-align-center\" data-align=\"center\">SK1101<\/td><td class=\"has-text-align-center\" data-align=\"center\">14 Juillet 2002<\/td><td class=\"has-text-align-center\" data-align=\"center\">collection<\/td><td class=\"has-text-align-center\" data-align=\"center\">24 Septembre 2023<\/td><td class=\"has-text-align-center\" data-align=\"center\">TM-390-00<\/td><td><img loading=\"lazy\" decoding=\"async\" width=\"73\" height=\"73\" class=\"wp-image-1405\" style=\"width: 36px\" src=\"https:\/\/seal.transport-manager.net\/marshall\/wp-content\/uploads\/sites\/76\/2023\/02\/eins.png\" alt=\"\">: de Septembre 2002 \u00e0 Janvier 2005<br><img loading=\"lazy\" decoding=\"async\" width=\"73\" height=\"73\" class=\"wp-image-1409\" style=\"width: 36px\" src=\"https:\/\/seal.transport-manager.net\/marshall\/wp-content\/uploads\/sites\/76\/2023\/02\/vier.png\" alt=\"\">: de Janvier 2005 \u00e0 Septembre 2023<\/td><\/tr><tr><td class=\"has-text-align-center\" data-align=\"center\">SK1102<\/td><td class=\"has-text-align-center\" data-align=\"center\">14 Juillet 2002<\/td><td class=\"has-text-align-center\" data-align=\"center\">r\u00e9form\u00e9<\/td><td class=\"has-text-align-center\" data-align=\"center\">31 Juillet 2023<\/td><td class=\"has-text-align-center\" data-align=\"center\">TM-390-01<\/td><td><img loading=\"lazy\" decoding=\"async\" width=\"73\" height=\"73\" class=\"wp-image-1405\" style=\"width: 36px\" src=\"https:\/\/seal.transport-manager.net\/marshall\/wp-content\/uploads\/sites\/76\/2023\/02\/eins.png\" alt=\"\">: de Septembre 2002 \u00e0 Janvier 2005<br><img loading=\"lazy\" decoding=\"async\" width=\"73\" height=\"73\" class=\"wp-image-1409\" style=\"width: 36px\" src=\"https:\/\/seal.transport-manager.net\/marshall\/wp-content\/uploads\/sites\/76\/2023\/02\/vier.png\" alt=\"\">: de Janvier 2005 \u00e0 Juillet 2023<\/td><\/tr><tr><td class=\"has-text-align-center\" data-align=\"center\">SK1103<\/td><td class=\"has-text-align-center\" data-align=\"center\">27 Juillet 2002<\/td><td class=\"has-text-align-center\" data-align=\"center\">r\u00e9form\u00e9<\/td><td class=\"has-text-align-center\" data-align=\"center\">4 Septembre 2023<\/td><td class=\"has-text-align-center\" data-align=\"center\">TM-396-37<\/td><td><img loading=\"lazy\" decoding=\"async\" width=\"73\" height=\"73\" class=\"wp-image-1405\" style=\"width: 36px\" src=\"https:\/\/seal.transport-manager.net\/marshall\/wp-content\/uploads\/sites\/76\/2023\/02\/eins.png\" alt=\"\">: de Septembre 2002 \u00e0 Janvier 2005<br><img loading=\"lazy\" decoding=\"async\" width=\"73\" height=\"73\" class=\"wp-image-1409\" style=\"width: 36px\" src=\"https:\/\/seal.transport-manager.net\/marshall\/wp-content\/uploads\/sites\/76\/2023\/02\/vier.png\" alt=\"\">: de Janvier 2005 \u00e0 Septembre 2023<\/td><\/tr><tr><td class=\"has-text-align-center\" data-align=\"center\">SK1104<\/td><td class=\"has-text-align-center\" data-align=\"center\">23 Ao\u00fbt 2002<\/td><td class=\"has-text-align-center\" data-align=\"center\">r\u00e9form\u00e9<\/td><td class=\"has-text-align-center\" data-align=\"center\">17 Septembre 2023<\/td><td class=\"has-text-align-center\" data-align=\"center\">TM-405-31<\/td><td><img loading=\"lazy\" decoding=\"async\" width=\"73\" height=\"73\" class=\"wp-image-1405\" style=\"width: 36px\" src=\"https:\/\/seal.transport-manager.net\/marshall\/wp-content\/uploads\/sites\/76\/2023\/02\/eins.png\" alt=\"\">: de Septembre 2002 \u00e0 F\u00e9vrier 2005<br><img loading=\"lazy\" decoding=\"async\" width=\"73\" height=\"73\" class=\"wp-image-1409\" style=\"width: 36px\" src=\"https:\/\/seal.transport-manager.net\/marshall\/wp-content\/uploads\/sites\/76\/2023\/02\/vier.png\" alt=\"\">: de F\u00e9vrier 2005 \u00e0 Septembre 2023<\/td><\/tr><\/tbody><\/table><\/figure>\n","protected":false},"excerpt":{"rendered":"<p>mise en service 2002 statut retir\u00e9 effectif historique 4 retrait 2023 exemplaire pr\u00e9serv\u00e9 SK1101 Carri\u00e8re r\u00e9sum\u00e9e Le S 315 NF est command\u00e9 en 4 exemplaires par Transports Canard en 2002. &#8230; <a title=\"SK1100 &#8211; Setra S 315 NF\" class=\"read-more\" href=\"https:\/\/seal.transport-manager.net\/marshall\/sk1100-setra-s-315-nf\/\" aria-label=\"En savoir plus sur SK1100 &#8211; Setra S 315 NF\">Lire la suite<\/a><\/p>\n","protected":false},"author":76,"featured_media":3653,"parent":0,"menu_order":0,"comment_status":"closed","ping_status":"closed","template":"","meta":{"footnotes":""},"class_list":["post-3154","page","type-page","status-publish","has-post-thumbnail"],"_links":{"self":[{"href":"https:\/\/seal.transport-manager.net\/marshall\/wp-json\/wp\/v2\/pages\/3154","targetHints":{"allow":["GET"]}}],"collection":[{"href":"https:\/\/seal.transport-manager.net\/marshall\/wp-json\/wp\/v2\/pages"}],"about":[{"href":"https:\/\/seal.transport-manager.net\/marshall\/wp-json\/wp\/v2\/types\/page"}],"author":[{"embeddable":true,"href":"https:\/\/seal.transport-manager.net\/marshall\/wp-json\/wp\/v2\/users\/76"}],"replies":[{"embeddable":true,"href":"https:\/\/seal.transport-manager.net\/marshall\/wp-json\/wp\/v2\/comments?post=3154"}],"version-history":[{"count":2,"href":"https:\/\/seal.transport-manager.net\/marshall\/wp-json\/wp\/v2\/pages\/3154\/revisions"}],"predecessor-version":[{"id":3230,"href":"https:\/\/seal.transport-manager.net\/marshall\/wp-json\/wp\/v2\/pages\/3154\/revisions\/3230"}],"wp:featuredmedia":[{"embeddable":true,"href":"https:\/\/seal.transport-manager.net\/marshall\/wp-json\/wp\/v2\/media\/3653"}],"wp:attachment":[{"href":"https:\/\/seal.transport-manager.net\/marshall\/wp-json\/wp\/v2\/media?parent=3154"}],"curies":[{"name":"wp","href":"https:\/\/api.w.org\/{rel}","templated":true}]}}