{"id":3236,"date":"2025-05-01T11:33:30","date_gmt":"2025-05-01T09:33:30","guid":{"rendered":"https:\/\/seal.transport-manager.net\/marshall\/?page_id=3236"},"modified":"2025-05-01T11:36:25","modified_gmt":"2025-05-01T09:36:25","slug":"prototype-alstom-aptis","status":"publish","type":"page","link":"https:\/\/seal.transport-manager.net\/marshall\/prototype-alstom-aptis\/","title":{"rendered":"Prototype &#8211; Alstom-NTL Aptis"},"content":{"rendered":"<div class=\"wp-block-image\">\n<figure class=\"aligncenter size-full\"><a href=\"https:\/\/i.ibb.co\/fz3HSN7D\/Aptis-Canard.png\"><img loading=\"lazy\" decoding=\"async\" width=\"790\" height=\"360\" src=\"https:\/\/seal.transport-manager.net\/marshall\/wp-content\/uploads\/sites\/76\/2025\/05\/AptisCanard.png\" alt=\"\" class=\"wp-image-3237\" srcset=\"https:\/\/seal.transport-manager.net\/marshall\/wp-content\/uploads\/sites\/76\/2025\/05\/AptisCanard.png 790w, https:\/\/seal.transport-manager.net\/marshall\/wp-content\/uploads\/sites\/76\/2025\/05\/AptisCanard-300x137.png 300w, https:\/\/seal.transport-manager.net\/marshall\/wp-content\/uploads\/sites\/76\/2025\/05\/AptisCanard-768x350.png 768w\" sizes=\"auto, (max-width: 790px) 100vw, 790px\" \/><\/a><figcaption class=\"wp-element-caption\"><a href=\"https:\/\/i.ibb.co\/fz3HSN7D\/Aptis-Canard.png\">cliquez pour agrandir<\/a><\/figcaption><\/figure>\n<\/div>\n\n\n<div class=\"wp-block-columns is-layout-flex wp-container-core-columns-is-layout-9d6595d7 wp-block-columns-is-layout-flex\">\n<div class=\"wp-block-column is-layout-flow wp-block-column-is-layout-flow\">\n<figure class=\"wp-block-table is-style-stripes\"><table class=\"has-fixed-layout\"><tbody><tr><td class=\"has-text-align-center\" data-align=\"center\">mise en service<\/td><td class=\"has-text-align-center\" data-align=\"center\">2021<\/td><\/tr><tr><td class=\"has-text-align-center\" data-align=\"center\">statut<\/td><td class=\"has-text-align-center\" data-align=\"center\">prototype, retir\u00e9<\/td><\/tr><tr><td class=\"has-text-align-center\" data-align=\"center\">effectif historique<\/td><td class=\"has-text-align-center\" data-align=\"center\">1<\/td><\/tr><tr><td class=\"has-text-align-center\" data-align=\"center\">retrait<\/td><td class=\"has-text-align-center\" data-align=\"center\">2022<\/td><\/tr><tr><td class=\"has-text-align-center\" data-align=\"center\">exemplaire pr\u00e9serv\u00e9<\/td><td class=\"has-text-align-center\" data-align=\"center\"><em>prototype<\/em><\/td><\/tr><\/tbody><\/table><\/figure>\n\n\n\n<h3 class=\"wp-block-heading\">Carri\u00e8re r\u00e9sum\u00e9e<\/h3>\n\n\n\n<p>L&rsquo;Alstom Aptis a fait l&rsquo;objet d&rsquo;une campagne d&rsquo;essai sur le r\u00e9seau Transports Canard dans l&rsquo;optique d&rsquo;un futur achat de neuf voitures. Le v\u00e9hicule d&rsquo;essai, un mod\u00e8le de pr\u00e9s\u00e9rie, arrive sur le r\u00e9seau Transports Canard en janvier 2021 et circule en compagnie des Scania Omnicity GNV sur la ligne 5 du r\u00e9seau Citycanard. Toutefois, en mai 2021, le retrait de l&rsquo;Aptis du march\u00e9 du fait de son \u00e9chec commercial rend caduque l&rsquo;option d&rsquo;achat. Le prototype mis \u00e0 disposition de Transports Canard reste cependant en service jusqu&rsquo;\u00e0 novembre 2022 o\u00f9 il est finalement rendu \u00e0 son constructeur. En 2025, Transports Canard r\u00e9cup\u00e8re le v\u00e9hicule et l&rsquo;incorpore \u00e0 sa collection.<\/p>\n\n\n\n<p>Techniquement parlant, l&rsquo;Aptis d\u00e9rive directement du tramway sur pneumatiques Translohr dont le constructeur NTL fut absorb\u00e9 par Alstom et en r\u00e9cup\u00e8re notamment les trains roulants. Il s&rsquo;agit d&rsquo;un v\u00e9hicule tr\u00e8s original dot\u00e9 de deux essieux directeurs rel\u00e9gu\u00e9s aux extr\u00e9mit\u00e9s, permettant une emprise monotrace ainsi qu&rsquo;un large espace central accessible aux PMR. En contrepartie, cette architecture impose le regroupement des portes vers le centre, g\u00e9n\u00e9rant d&rsquo;importantes pertes d&rsquo;espace habitable tandis que l&#8217;empattement tr\u00e8s \u00e9tir\u00e9 rend l&rsquo;Aptis intol\u00e9rant aux gros ralentisseurs.<\/p>\n<\/div>\n\n\n\n<div class=\"wp-block-column is-layout-flow wp-block-column-is-layout-flow\">\n<figure class=\"wp-block-table is-style-stripes\"><table class=\"has-fixed-layout\"><tbody><tr><td class=\"has-text-align-center\" data-align=\"center\">gamme<\/td><td class=\"has-text-align-center\" data-align=\"center\">Aptis<\/td><\/tr><tr><td class=\"has-text-align-center\" data-align=\"center\">constructeur<\/td><td class=\"has-text-align-center\" data-align=\"center\"><img loading=\"lazy\" decoding=\"async\" width=\"21\" height=\"15\" class=\"wp-image-2515\" style=\"width: 21px\" src=\"https:\/\/seal.transport-manager.net\/marshall\/wp-content\/uploads\/sites\/76\/2024\/09\/Francia.png\" alt=\"\"> Alstom-NTL<\/td><\/tr><tr><td class=\"has-text-align-center\" data-align=\"center\">cat\u00e9gorie<\/td><td class=\"has-text-align-center\" data-align=\"center\">urbain standard<\/td><\/tr><tr><td class=\"has-text-align-center\" data-align=\"center\">propulsion<\/td><td class=\"has-text-align-center\" data-align=\"center\"><img loading=\"lazy\" decoding=\"async\" width=\"61\" height=\"61\" class=\"wp-image-1352\" style=\"width: 61px\" src=\"https:\/\/seal.transport-manager.net\/marshall\/wp-content\/uploads\/sites\/76\/2023\/01\/EV.png\" alt=\"\"><\/td><\/tr><tr><td class=\"has-text-align-center\" data-align=\"center\">commercialisation<\/td><td class=\"has-text-align-center\" data-align=\"center\">2019-2021<\/td><\/tr><tr><td class=\"has-text-align-center\" data-align=\"center\">l x L x h<\/td><td class=\"has-text-align-center\" data-align=\"center\">12,0 m x 2,55 m x 3,1 m<\/td><\/tr><tr><td class=\"has-text-align-center\" data-align=\"center\">capacit\u00e9<\/td><td class=\"has-text-align-center\" data-align=\"center\">95 pax (dont 20 assis)<\/td><\/tr><tr><td class=\"has-text-align-center\" data-align=\"center\">moteur<\/td><td class=\"has-text-align-center\" data-align=\"center\">Alstom<br>\u00e9lectromoteur sur l&rsquo;essieu arri\u00e8re<\/td><\/tr><tr><td class=\"has-text-align-center\" data-align=\"center\">puissance<\/td><td class=\"has-text-align-center\" data-align=\"center\">180 kW &#8211; 245 ch<\/td><\/tr><tr><td class=\"has-text-align-center\" data-align=\"center\">site de fabrication<\/td><td class=\"has-text-align-center\" data-align=\"center\"><img loading=\"lazy\" decoding=\"async\" width=\"21\" height=\"15\" class=\"wp-image-2515\" style=\"width: 21px\" src=\"https:\/\/seal.transport-manager.net\/marshall\/wp-content\/uploads\/sites\/76\/2024\/09\/Francia.png\" alt=\"\"> Reichshoffen<\/td><\/tr><tr><td class=\"has-text-align-center\" data-align=\"center\">mod\u00e8les concurrents<br><em>(p\u00e9riode 2021-2022)<\/em><\/td><td class=\"has-text-align-center\" data-align=\"center\">Mercedes-Benz eCitaro<br>Heuliez GX 337 E<br>Volvo 7900 E<br>Bollor\u00e9 Bluebus 12<br>Yutong E12 LF<br>MAN Lion&rsquo;s City 12E<br>Scania Citywide LF12 E<br>Solaris Urbino 12 IV E<br>VDL Citea SLF-120 Electric<br>Irizar ie Bus 12<br>Hess LighTram 12<\/td><\/tr><\/tbody><\/table><\/figure>\n<\/div>\n<\/div>\n\n\n\n<h3 class=\"wp-block-heading\">R\u00e9f\u00e9rencement du parc<\/h3>\n\n\n\n<figure class=\"wp-block-table is-style-stripes\"><table><tbody><tr><td class=\"has-text-align-center\" data-align=\"center\">n\u00b0<\/td><td class=\"has-text-align-center\" data-align=\"center\">date de m.e.s<\/td><td class=\"has-text-align-center\" data-align=\"center\">statut<\/td><td class=\"has-text-align-center\" data-align=\"center\">affectation courante<br>\/ date de retrait<\/td><td class=\"has-text-align-center\" data-align=\"center\">immat.<\/td><td>historique des affectations<\/td><\/tr><tr><td class=\"has-text-align-center\" data-align=\"center\">prototype<\/td><td class=\"has-text-align-center\" data-align=\"center\">11 Janvier 2021<\/td><td class=\"has-text-align-center\" data-align=\"center\">collection<\/td><td class=\"has-text-align-center\" data-align=\"center\">27 Novembre 2022<\/td><td class=\"has-text-align-center\" data-align=\"center\">01-346-23<\/td><td><img loading=\"lazy\" decoding=\"async\" width=\"73\" height=\"73\" class=\"wp-image-1408\" style=\"width: 36px\" src=\"https:\/\/seal.transport-manager.net\/marshall\/wp-content\/uploads\/sites\/76\/2023\/02\/funf.png\" alt=\"\">: de Janvier 2021 \u00e0 Novembre 2022<\/td><\/tr><\/tbody><\/table><\/figure>\n\n\n\n<p><\/p>\n","protected":false},"excerpt":{"rendered":"<p>mise en service 2021 statut prototype, retir\u00e9 effectif historique 1 retrait 2022 exemplaire pr\u00e9serv\u00e9 prototype Carri\u00e8re r\u00e9sum\u00e9e L&rsquo;Alstom Aptis a fait l&rsquo;objet d&rsquo;une campagne d&rsquo;essai sur le r\u00e9seau Transports Canard &#8230; <a title=\"Prototype &#8211; Alstom-NTL Aptis\" class=\"read-more\" href=\"https:\/\/seal.transport-manager.net\/marshall\/prototype-alstom-aptis\/\" aria-label=\"En savoir plus sur Prototype &#8211; Alstom-NTL Aptis\">Lire la suite<\/a><\/p>\n","protected":false},"author":76,"featured_media":0,"parent":0,"menu_order":0,"comment_status":"closed","ping_status":"closed","template":"","meta":{"footnotes":""},"class_list":["post-3236","page","type-page","status-publish"],"_links":{"self":[{"href":"https:\/\/seal.transport-manager.net\/marshall\/wp-json\/wp\/v2\/pages\/3236","targetHints":{"allow":["GET"]}}],"collection":[{"href":"https:\/\/seal.transport-manager.net\/marshall\/wp-json\/wp\/v2\/pages"}],"about":[{"href":"https:\/\/seal.transport-manager.net\/marshall\/wp-json\/wp\/v2\/types\/page"}],"author":[{"embeddable":true,"href":"https:\/\/seal.transport-manager.net\/marshall\/wp-json\/wp\/v2\/users\/76"}],"replies":[{"embeddable":true,"href":"https:\/\/seal.transport-manager.net\/marshall\/wp-json\/wp\/v2\/comments?post=3236"}],"version-history":[{"count":2,"href":"https:\/\/seal.transport-manager.net\/marshall\/wp-json\/wp\/v2\/pages\/3236\/revisions"}],"predecessor-version":[{"id":3241,"href":"https:\/\/seal.transport-manager.net\/marshall\/wp-json\/wp\/v2\/pages\/3236\/revisions\/3241"}],"wp:attachment":[{"href":"https:\/\/seal.transport-manager.net\/marshall\/wp-json\/wp\/v2\/media?parent=3236"}],"curies":[{"name":"wp","href":"https:\/\/api.w.org\/{rel}","templated":true}]}}

<div class="wp-block-image">
<figure class="aligncenter size-full"><a href="https://i.ibb.co/fz3HSN7D/Aptis-Canard.png"><img loading="lazy" decoding="async" width="790" height="360" src="https://seal.transport-manager.net/marshall/wp-content/uploads/sites/76/2025/05/AptisCanard.png" alt="" class="wp-image-3237" srcset="https://seal.transport-manager.net/marshall/wp-content/uploads/sites/76/2025/05/AptisCanard.png 790w, https://seal.transport-manager.net/marshall/wp-content/uploads/sites/76/2025/05/AptisCanard-300x137.png 300w, https://seal.transport-manager.net/marshall/wp-content/uploads/sites/76/2025/05/AptisCanard-768x350.png 768w" sizes="auto, (max-width: 790px) 100vw, 790px" /></a><figcaption class="wp-element-caption"><a href="https://i.ibb.co/fz3HSN7D/Aptis-Canard.png">cliquez pour agrandir</a></figcaption></figure>
</div>


<div class="wp-block-columns is-layout-flex wp-container-core-columns-is-layout-9d6595d7 wp-block-columns-is-layout-flex">
<div class="wp-block-column is-layout-flow wp-block-column-is-layout-flow">
<figure class="wp-block-table is-style-stripes"><table class="has-fixed-layout"><tbody><tr><td class="has-text-align-center" data-align="center">mise en service</td><td class="has-text-align-center" data-align="center">2021</td></tr><tr><td class="has-text-align-center" data-align="center">statut</td><td class="has-text-align-center" data-align="center">prototype, retiré</td></tr><tr><td class="has-text-align-center" data-align="center">effectif historique</td><td class="has-text-align-center" data-align="center">1</td></tr><tr><td class="has-text-align-center" data-align="center">retrait</td><td class="has-text-align-center" data-align="center">2022</td></tr><tr><td class="has-text-align-center" data-align="center">exemplaire préservé</td><td class="has-text-align-center" data-align="center"><em>prototype</em></td></tr></tbody></table></figure>



<h3 class="wp-block-heading">Carrière résumée</h3>



<p>L&rsquo;Alstom Aptis a fait l&rsquo;objet d&rsquo;une campagne d&rsquo;essai sur le réseau Transports Canard dans l&rsquo;optique d&rsquo;un futur achat de neuf voitures. Le véhicule d&rsquo;essai, un modèle de présérie, arrive sur le réseau Transports Canard en janvier 2021 et circule en compagnie des Scania Omnicity GNV sur la ligne 5 du réseau Citycanard. Toutefois, en mai 2021, le retrait de l&rsquo;Aptis du marché du fait de son échec commercial rend caduque l&rsquo;option d&rsquo;achat. Le prototype mis à disposition de Transports Canard reste cependant en service jusqu&rsquo;à novembre 2022 où il est finalement rendu à son constructeur. En 2025, Transports Canard récupère le véhicule et l&rsquo;incorpore à sa collection.</p>



<p>Techniquement parlant, l&rsquo;Aptis dérive directement du tramway sur pneumatiques Translohr dont le constructeur NTL fut absorbé par Alstom et en récupère notamment les trains roulants. Il s&rsquo;agit d&rsquo;un véhicule très original doté de deux essieux directeurs relégués aux extrémités, permettant une emprise monotrace ainsi qu&rsquo;un large espace central accessible aux PMR. En contrepartie, cette architecture impose le regroupement des portes vers le centre, générant d&rsquo;importantes pertes d&rsquo;espace habitable tandis que l&#8217;empattement très étiré rend l&rsquo;Aptis intolérant aux gros ralentisseurs.</p>
</div>



<div class="wp-block-column is-layout-flow wp-block-column-is-layout-flow">
<figure class="wp-block-table is-style-stripes"><table class="has-fixed-layout"><tbody><tr><td class="has-text-align-center" data-align="center">gamme</td><td class="has-text-align-center" data-align="center">Aptis</td></tr><tr><td class="has-text-align-center" data-align="center">constructeur</td><td class="has-text-align-center" data-align="center"><img loading="lazy" decoding="async" width="21" height="15" class="wp-image-2515" style="width: 21px" src="https://seal.transport-manager.net/marshall/wp-content/uploads/sites/76/2024/09/Francia.png" alt=""> Alstom-NTL</td></tr><tr><td class="has-text-align-center" data-align="center">catégorie</td><td class="has-text-align-center" data-align="center">urbain standard</td></tr><tr><td class="has-text-align-center" data-align="center">propulsion</td><td class="has-text-align-center" data-align="center"><img loading="lazy" decoding="async" width="61" height="61" class="wp-image-1352" style="width: 61px" src="https://seal.transport-manager.net/marshall/wp-content/uploads/sites/76/2023/01/EV.png" alt=""></td></tr><tr><td class="has-text-align-center" data-align="center">commercialisation</td><td class="has-text-align-center" data-align="center">2019-2021</td></tr><tr><td class="has-text-align-center" data-align="center">l x L x h</td><td class="has-text-align-center" data-align="center">12,0 m x 2,55 m x 3,1 m</td></tr><tr><td class="has-text-align-center" data-align="center">capacité</td><td class="has-text-align-center" data-align="center">95 pax (dont 20 assis)</td></tr><tr><td class="has-text-align-center" data-align="center">moteur</td><td class="has-text-align-center" data-align="center">Alstom<br>électromoteur sur l&rsquo;essieu arrière</td></tr><tr><td class="has-text-align-center" data-align="center">puissance</td><td class="has-text-align-center" data-align="center">180 kW &#8211; 245 ch</td></tr><tr><td class="has-text-align-center" data-align="center">site de fabrication</td><td class="has-text-align-center" data-align="center"><img loading="lazy" decoding="async" width="21" height="15" class="wp-image-2515" style="width: 21px" src="https://seal.transport-manager.net/marshall/wp-content/uploads/sites/76/2024/09/Francia.png" alt=""> Reichshoffen</td></tr><tr><td class="has-text-align-center" data-align="center">modèles concurrents<br><em>(période 2021-2022)</em></td><td class="has-text-align-center" data-align="center">Mercedes-Benz eCitaro<br>Heuliez GX 337 E<br>Volvo 7900 E<br>Bolloré Bluebus 12<br>Yutong E12 LF<br>MAN Lion&rsquo;s City 12E<br>Scania Citywide LF12 E<br>Solaris Urbino 12 IV E<br>VDL Citea SLF-120 Electric<br>Irizar ie Bus 12<br>Hess LighTram 12</td></tr></tbody></table></figure>
</div>
</div>



<h3 class="wp-block-heading">Référencement du parc</h3>



<figure class="wp-block-table is-style-stripes"><table><tbody><tr><td class="has-text-align-center" data-align="center">n°</td><td class="has-text-align-center" data-align="center">date de m.e.s</td><td class="has-text-align-center" data-align="center">statut</td><td class="has-text-align-center" data-align="center">affectation courante<br>/ date de retrait</td><td class="has-text-align-center" data-align="center">immat.</td><td>historique des affectations</td></tr><tr><td class="has-text-align-center" data-align="center">prototype</td><td class="has-text-align-center" data-align="center">11 Janvier 2021</td><td class="has-text-align-center" data-align="center">collection</td><td class="has-text-align-center" data-align="center">27 Novembre 2022</td><td class="has-text-align-center" data-align="center">01-346-23</td><td><img loading="lazy" decoding="async" width="73" height="73" class="wp-image-1408" style="width: 36px" src="https://seal.transport-manager.net/marshall/wp-content/uploads/sites/76/2023/02/funf.png" alt="">: de Janvier 2021 à Novembre 2022</td></tr></tbody></table></figure>



<p></p>

<p>mise en service 2021 statut prototype, retiré effectif historique 1 retrait 2022 exemplaire préservé prototype Carrière résumée L&rsquo;Alstom Aptis a fait l&rsquo;objet d&rsquo;une campagne d&rsquo;essai sur le réseau Transports Canard &#8230; <a title="Prototype &#8211; Alstom-NTL Aptis" class="read-more" href="https://seal.transport-manager.net/marshall/prototype-alstom-aptis/" aria-label="En savoir plus sur Prototype &#8211; Alstom-NTL Aptis">Lire la suite</a></p>
