{"id":3356,"date":"2025-05-28T21:35:25","date_gmt":"2025-05-28T19:35:25","guid":{"rendered":"https:\/\/seal.transport-manager.net\/marshall\/?page_id=3356"},"modified":"2025-08-20T20:25:49","modified_gmt":"2025-08-20T18:25:49","slug":"iu14700-isuzu-citibus","status":"publish","type":"page","link":"https:\/\/seal.transport-manager.net\/marshall\/iu14700-isuzu-citibus\/","title":{"rendered":"IU14700 &#8211; Isuzu Citibus"},"content":{"rendered":"<div class=\"wp-block-image\">\n<figure class=\"aligncenter size-full\"><a href=\"https:\/\/i.ibb.co\/V0KB1skj\/Citibus-Canard.png\"><img loading=\"lazy\" decoding=\"async\" width=\"740\" height=\"360\" src=\"https:\/\/seal.transport-manager.net\/marshall\/wp-content\/uploads\/sites\/76\/2025\/05\/CitibusCanard.png\" alt=\"\" class=\"wp-image-3357\" srcset=\"https:\/\/seal.transport-manager.net\/marshall\/wp-content\/uploads\/sites\/76\/2025\/05\/CitibusCanard.png 740w, https:\/\/seal.transport-manager.net\/marshall\/wp-content\/uploads\/sites\/76\/2025\/05\/CitibusCanard-300x146.png 300w\" sizes=\"auto, (max-width: 740px) 100vw, 740px\" \/><\/a><figcaption class=\"wp-element-caption\"><a href=\"https:\/\/i.ibb.co\/V0KB1skj\/Citibus-Canard.png\">cliquez pour agrandir<\/a><\/figcaption><\/figure>\n<\/div>\n\n\n<div class=\"wp-block-columns is-layout-flex wp-container-core-columns-is-layout-9d6595d7 wp-block-columns-is-layout-flex\">\n<div class=\"wp-block-column is-layout-flow wp-block-column-is-layout-flow\">\n<figure class=\"wp-block-table is-style-stripes\"><table class=\"has-fixed-layout\"><tbody><tr><td class=\"has-text-align-center\" data-align=\"center\">mise en service<\/td><td class=\"has-text-align-center\" data-align=\"center\">2025<\/td><\/tr><tr><td class=\"has-text-align-center\" data-align=\"center\">statut<\/td><td class=\"has-text-align-center\" data-align=\"center\">en service<\/td><\/tr><tr><td class=\"has-text-align-center\" data-align=\"center\">effectif<\/td><td class=\"has-text-align-center\" data-align=\"center\">13<\/td><\/tr><tr><td class=\"has-text-align-center\" data-align=\"center\">d\u00e9p\u00f4t<\/td><td class=\"has-text-align-center\" data-align=\"center\">Archambaud<\/td><\/tr><tr><td class=\"has-text-align-center\" data-align=\"center\">affectations<\/td><td class=\"has-text-align-center\" data-align=\"center\"><img loading=\"lazy\" decoding=\"async\" width=\"84\" height=\"73\" class=\"wp-image-2773\" style=\"width: 84px\" src=\"https:\/\/seal.transport-manager.net\/marshall\/wp-content\/uploads\/sites\/76\/2024\/12\/zweiundsechzig.png\" alt=\"\"><img loading=\"lazy\" decoding=\"async\" width=\"84\" height=\"73\" class=\"wp-image-2720\" style=\"width: 84px\" src=\"https:\/\/seal.transport-manager.net\/marshall\/wp-content\/uploads\/sites\/76\/2024\/12\/dreiundsechzig.png\" alt=\"\"><\/td><\/tr><\/tbody><\/table><\/figure>\n\n\n\n<h3 class=\"wp-block-heading\">Carri\u00e8re r\u00e9sum\u00e9e<\/h3>\n\n\n\n<p>Le Citibus est command\u00e9 en 13 exemplaires par Transports Canard en 2025. Nomm\u00e9e en interne IU14700 (<strong>I<\/strong>suz<strong>u<\/strong> s\u00e9rie 14700), la s\u00e9rie est livr\u00e9e de mai \u00e0 juillet 2025 et d\u00e9ploy\u00e9e sur la nouvelle ligne 62 du r\u00e9seau Citycanard ainsi que sur la ligne 63 o\u00f9 elle c\u00f4toie et remplace partiellement des Carsa Midicity.<\/p>\n<\/div>\n\n\n\n<div class=\"wp-block-column is-layout-flow wp-block-column-is-layout-flow\">\n<figure class=\"wp-block-table is-style-stripes\"><table class=\"has-fixed-layout\"><tbody><tr><td class=\"has-text-align-center\" data-align=\"center\">gamme<\/td><td class=\"has-text-align-center\" data-align=\"center\">Citibus<\/td><\/tr><tr><td class=\"has-text-align-center\" data-align=\"center\">constructeur<\/td><td class=\"has-text-align-center\" data-align=\"center\"><img loading=\"lazy\" decoding=\"async\" width=\"21\" height=\"14\" class=\"wp-image-3126\" style=\"width: 21px\" src=\"https:\/\/seal.transport-manager.net\/marshall\/wp-content\/uploads\/sites\/76\/2025\/04\/Turquia.png\" alt=\"\"> Anadolu Isuzu<\/td><\/tr><tr><td class=\"has-text-align-center\" data-align=\"center\">cat\u00e9gorie<\/td><td class=\"has-text-align-center\" data-align=\"center\">urbain midi<\/td><\/tr><tr><td class=\"has-text-align-center\" data-align=\"center\">propulsion<\/td><td class=\"has-text-align-center\" data-align=\"center\"><img loading=\"lazy\" decoding=\"async\" width=\"61\" height=\"61\" class=\"wp-image-1029\" style=\"width: 61px\" src=\"https:\/\/seal.transport-manager.net\/marshall\/wp-content\/uploads\/sites\/76\/2022\/10\/D.png\" alt=\"\"><\/td><\/tr><tr><td class=\"has-text-align-center\" data-align=\"center\">commercialisation<\/td><td class=\"has-text-align-center\" data-align=\"center\">depuis 2016<\/td><\/tr><tr><td class=\"has-text-align-center\" data-align=\"center\">l x L x h<\/td><td class=\"has-text-align-center\" data-align=\"center\">9,52 m x 2,41 m x 3,12 m<\/td><\/tr><tr><td class=\"has-text-align-center\" data-align=\"center\">capacit\u00e9<\/td><td class=\"has-text-align-center\" data-align=\"center\">75 pax (dont 20 assis)<\/td><\/tr><tr><td class=\"has-text-align-center\" data-align=\"center\">moteur<\/td><td class=\"has-text-align-center\" data-align=\"center\">Cummins ISB4.5<br>4.5 L 4 cylindres en ligne en position longitudinale arri\u00e8re<\/td><\/tr><tr><td class=\"has-text-align-center\" data-align=\"center\">puissance<\/td><td class=\"has-text-align-center\" data-align=\"center\">157 kW &#8211; 213 ch<\/td><\/tr><tr><td class=\"has-text-align-center\" data-align=\"center\">site de fabrication<\/td><td class=\"has-text-align-center\" data-align=\"center\"><img loading=\"lazy\" decoding=\"async\" width=\"21\" height=\"14\" class=\"wp-image-3126\" style=\"width: 21px\" src=\"https:\/\/seal.transport-manager.net\/marshall\/wp-content\/uploads\/sites\/76\/2025\/04\/Turquia.png\" alt=\"\"> Sekerpinar<\/td><\/tr><tr><td class=\"has-text-align-center\" data-align=\"center\">mod\u00e8les concurrents<br><em>(en 2025)<\/em><\/td><td class=\"has-text-align-center\" data-align=\"center\">Heuliez GX 137 G<br>Otokar Vectio C<\/td><\/tr><\/tbody><\/table><\/figure>\n<\/div>\n<\/div>\n\n\n\n<h3 class=\"wp-block-heading\">R\u00e9f\u00e9rencement du parc<\/h3>\n\n\n\n<figure class=\"wp-block-table is-style-stripes\"><table><tbody><tr><td class=\"has-text-align-center\" data-align=\"center\">n\u00b0<\/td><td class=\"has-text-align-center\" data-align=\"center\">date de m.e.s<\/td><td class=\"has-text-align-center\" data-align=\"center\">statut<\/td><td class=\"has-text-align-center\" data-align=\"center\">affectation courante<br>\/ date de retrait<\/td><td class=\"has-text-align-center\" data-align=\"center\">immat.<\/td><td>historique des affectations<\/td><\/tr><tr><td class=\"has-text-align-center\" data-align=\"center\">IU14701<\/td><td class=\"has-text-align-center\" data-align=\"center\">30 Mai 2025<\/td><td class=\"has-text-align-center\" data-align=\"center\">en service <\/td><td class=\"has-text-align-center\" data-align=\"center\"><img loading=\"lazy\" decoding=\"async\" width=\"84\" height=\"73\" class=\"wp-image-2773\" style=\"width: 84px\" src=\"https:\/\/seal.transport-manager.net\/marshall\/wp-content\/uploads\/sites\/76\/2024\/12\/zweiundsechzig.png\" alt=\"\"><\/td><td class=\"has-text-align-center\" data-align=\"center\">01-392-66<\/td><td><img loading=\"lazy\" decoding=\"async\" width=\"84\" height=\"73\" class=\"wp-image-2773\" style=\"width: 42px\" src=\"https:\/\/seal.transport-manager.net\/marshall\/wp-content\/uploads\/sites\/76\/2024\/12\/zweiundsechzig.png\" alt=\"\">: depuis Juin 2025<\/td><\/tr><tr><td class=\"has-text-align-center\" data-align=\"center\">IU14702<\/td><td class=\"has-text-align-center\" data-align=\"center\">30 Mai 2025<\/td><td class=\"has-text-align-center\" data-align=\"center\">en service <\/td><td class=\"has-text-align-center\" data-align=\"center\"><img loading=\"lazy\" decoding=\"async\" width=\"84\" height=\"73\" class=\"wp-image-2773\" style=\"width: 84px\" src=\"https:\/\/seal.transport-manager.net\/marshall\/wp-content\/uploads\/sites\/76\/2024\/12\/zweiundsechzig.png\" alt=\"\"><\/td><td class=\"has-text-align-center\" data-align=\"center\">01-392-67<\/td><td><img loading=\"lazy\" decoding=\"async\" width=\"84\" height=\"73\" class=\"wp-image-2773\" style=\"width: 42px\" src=\"https:\/\/seal.transport-manager.net\/marshall\/wp-content\/uploads\/sites\/76\/2024\/12\/zweiundsechzig.png\" alt=\"\">: depuis Juin 2025<\/td><\/tr><tr><td class=\"has-text-align-center\" data-align=\"center\">IU14703<\/td><td class=\"has-text-align-center\" data-align=\"center\">6 Juin 2025<\/td><td class=\"has-text-align-center\" data-align=\"center\">en service<\/td><td class=\"has-text-align-center\" data-align=\"center\"><img loading=\"lazy\" decoding=\"async\" width=\"84\" height=\"73\" class=\"wp-image-2773\" style=\"width: 84px\" src=\"https:\/\/seal.transport-manager.net\/marshall\/wp-content\/uploads\/sites\/76\/2024\/12\/zweiundsechzig.png\" alt=\"\"><\/td><td class=\"has-text-align-center\" data-align=\"center\">01-397-99<\/td><td><img loading=\"lazy\" decoding=\"async\" width=\"84\" height=\"73\" class=\"wp-image-2773\" style=\"width: 42px\" src=\"https:\/\/seal.transport-manager.net\/marshall\/wp-content\/uploads\/sites\/76\/2024\/12\/zweiundsechzig.png\" alt=\"\">: depuis Juin 2025<\/td><\/tr><tr><td class=\"has-text-align-center\" data-align=\"center\">IU14704<\/td><td class=\"has-text-align-center\" data-align=\"center\">6 Juin 2025<\/td><td class=\"has-text-align-center\" data-align=\"center\">en service<\/td><td class=\"has-text-align-center\" data-align=\"center\"><img loading=\"lazy\" decoding=\"async\" width=\"84\" height=\"73\" class=\"wp-image-2773\" style=\"width: 84px\" src=\"https:\/\/seal.transport-manager.net\/marshall\/wp-content\/uploads\/sites\/76\/2024\/12\/zweiundsechzig.png\" alt=\"\"><\/td><td class=\"has-text-align-center\" data-align=\"center\">01-398-00<\/td><td><img loading=\"lazy\" decoding=\"async\" width=\"84\" height=\"73\" class=\"wp-image-2773\" style=\"width: 42px\" src=\"https:\/\/seal.transport-manager.net\/marshall\/wp-content\/uploads\/sites\/76\/2024\/12\/zweiundsechzig.png\" alt=\"\">: depuis Juin 2025<\/td><\/tr><tr><td class=\"has-text-align-center\" data-align=\"center\">IU14705<\/td><td class=\"has-text-align-center\" data-align=\"center\">6 Juin 2025<\/td><td class=\"has-text-align-center\" data-align=\"center\">en service<\/td><td class=\"has-text-align-center\" data-align=\"center\"><img loading=\"lazy\" decoding=\"async\" width=\"84\" height=\"73\" class=\"wp-image-2773\" style=\"width: 84px\" src=\"https:\/\/seal.transport-manager.net\/marshall\/wp-content\/uploads\/sites\/76\/2024\/12\/zweiundsechzig.png\" alt=\"\"><\/td><td class=\"has-text-align-center\" data-align=\"center\">01-398-01<\/td><td><img loading=\"lazy\" decoding=\"async\" width=\"84\" height=\"73\" class=\"wp-image-2773\" style=\"width: 42px\" src=\"https:\/\/seal.transport-manager.net\/marshall\/wp-content\/uploads\/sites\/76\/2024\/12\/zweiundsechzig.png\" alt=\"\">: depuis Juin 2025<\/td><\/tr><tr><td class=\"has-text-align-center\" data-align=\"center\">IU14706<\/td><td class=\"has-text-align-center\" data-align=\"center\">15 Juin 2025<\/td><td class=\"has-text-align-center\" data-align=\"center\">en service<\/td><td class=\"has-text-align-center\" data-align=\"center\"><img loading=\"lazy\" decoding=\"async\" width=\"84\" height=\"73\" class=\"wp-image-2773\" style=\"width: 84px\" src=\"https:\/\/seal.transport-manager.net\/marshall\/wp-content\/uploads\/sites\/76\/2024\/12\/zweiundsechzig.png\" alt=\"\"><\/td><td class=\"has-text-align-center\" data-align=\"center\">01-405-21<\/td><td><img loading=\"lazy\" decoding=\"async\" width=\"84\" height=\"73\" class=\"wp-image-2773\" style=\"width: 42px\" src=\"https:\/\/seal.transport-manager.net\/marshall\/wp-content\/uploads\/sites\/76\/2024\/12\/zweiundsechzig.png\" alt=\"\">: depuis Juin 2025<\/td><\/tr><tr><td class=\"has-text-align-center\" data-align=\"center\">IU14707<\/td><td class=\"has-text-align-center\" data-align=\"center\">15 Juin 2025<\/td><td class=\"has-text-align-center\" data-align=\"center\">en service<\/td><td class=\"has-text-align-center\" data-align=\"center\"><img loading=\"lazy\" decoding=\"async\" width=\"84\" height=\"73\" class=\"wp-image-2773\" style=\"width: 84px\" src=\"https:\/\/seal.transport-manager.net\/marshall\/wp-content\/uploads\/sites\/76\/2024\/12\/zweiundsechzig.png\" alt=\"\"><\/td><td class=\"has-text-align-center\" data-align=\"center\">01-405-22<\/td><td><img loading=\"lazy\" decoding=\"async\" width=\"84\" height=\"73\" class=\"wp-image-2773\" style=\"width: 42px\" src=\"https:\/\/seal.transport-manager.net\/marshall\/wp-content\/uploads\/sites\/76\/2024\/12\/zweiundsechzig.png\" alt=\"\">: depuis Juin 2025<\/td><\/tr><tr><td class=\"has-text-align-center\" data-align=\"center\">IU14708<\/td><td class=\"has-text-align-center\" data-align=\"center\">25 Juin 2025<\/td><td class=\"has-text-align-center\" data-align=\"center\">en service<\/td><td class=\"has-text-align-center\" data-align=\"center\"><img loading=\"lazy\" decoding=\"async\" width=\"84\" height=\"73\" class=\"wp-image-2720\" style=\"width: 84px\" src=\"https:\/\/seal.transport-manager.net\/marshall\/wp-content\/uploads\/sites\/76\/2024\/12\/dreiundsechzig.png\" alt=\"\"><\/td><td class=\"has-text-align-center\" data-align=\"center\">01-411-38<\/td><td><img loading=\"lazy\" decoding=\"async\" width=\"84\" height=\"73\" class=\"wp-image-2720\" style=\"width: 42px\" src=\"https:\/\/seal.transport-manager.net\/marshall\/wp-content\/uploads\/sites\/76\/2024\/12\/dreiundsechzig.png\" alt=\"\">: depuis Juillet 2025<\/td><\/tr><tr><td class=\"has-text-align-center\" data-align=\"center\">IU14709<\/td><td class=\"has-text-align-center\" data-align=\"center\">25 Juin 2025<\/td><td class=\"has-text-align-center\" data-align=\"center\">en service<\/td><td class=\"has-text-align-center\" data-align=\"center\"><img loading=\"lazy\" decoding=\"async\" width=\"84\" height=\"73\" class=\"wp-image-2720\" style=\"width: 84px\" src=\"https:\/\/seal.transport-manager.net\/marshall\/wp-content\/uploads\/sites\/76\/2024\/12\/dreiundsechzig.png\" alt=\"\"><\/td><td class=\"has-text-align-center\" data-align=\"center\">01-411-39<\/td><td><img loading=\"lazy\" decoding=\"async\" width=\"84\" height=\"73\" class=\"wp-image-2720\" style=\"width: 42px\" src=\"https:\/\/seal.transport-manager.net\/marshall\/wp-content\/uploads\/sites\/76\/2024\/12\/dreiundsechzig.png\" alt=\"\">: depuis Juillet 2025<\/td><\/tr><tr><td class=\"has-text-align-center\" data-align=\"center\">IU14710<\/td><td class=\"has-text-align-center\" data-align=\"center\">9 Juillet 2025<\/td><td class=\"has-text-align-center\" data-align=\"center\">en service<\/td><td class=\"has-text-align-center\" data-align=\"center\"><img loading=\"lazy\" decoding=\"async\" width=\"84\" height=\"73\" class=\"wp-image-2720\" style=\"width: 84px\" src=\"https:\/\/seal.transport-manager.net\/marshall\/wp-content\/uploads\/sites\/76\/2024\/12\/dreiundsechzig.png\" alt=\"\"><\/td><td class=\"has-text-align-center\" data-align=\"center\">01-424-17<\/td><td><img loading=\"lazy\" decoding=\"async\" width=\"84\" height=\"73\" class=\"wp-image-2720\" style=\"width: 42px\" src=\"https:\/\/seal.transport-manager.net\/marshall\/wp-content\/uploads\/sites\/76\/2024\/12\/dreiundsechzig.png\" alt=\"\">: depuis Juillet 2025<\/td><\/tr><tr><td class=\"has-text-align-center\" data-align=\"center\">IU14711<\/td><td class=\"has-text-align-center\" data-align=\"center\">9 Juillet 2025<\/td><td class=\"has-text-align-center\" data-align=\"center\">en service<\/td><td class=\"has-text-align-center\" data-align=\"center\"><img loading=\"lazy\" decoding=\"async\" width=\"84\" height=\"73\" class=\"wp-image-2720\" style=\"width: 84px\" src=\"https:\/\/seal.transport-manager.net\/marshall\/wp-content\/uploads\/sites\/76\/2024\/12\/dreiundsechzig.png\" alt=\"\"><\/td><td class=\"has-text-align-center\" data-align=\"center\">01-424-18<\/td><td><img loading=\"lazy\" decoding=\"async\" width=\"84\" height=\"73\" class=\"wp-image-2720\" style=\"width: 42px\" src=\"https:\/\/seal.transport-manager.net\/marshall\/wp-content\/uploads\/sites\/76\/2024\/12\/dreiundsechzig.png\" alt=\"\">: depuis Juillet 2025<\/td><\/tr><tr><td class=\"has-text-align-center\" data-align=\"center\">IU14712<\/td><td class=\"has-text-align-center\" data-align=\"center\">9 Juillet 2025<\/td><td class=\"has-text-align-center\" data-align=\"center\">en service<\/td><td class=\"has-text-align-center\" data-align=\"center\"><img loading=\"lazy\" decoding=\"async\" width=\"84\" height=\"73\" class=\"wp-image-2720\" style=\"width: 84px\" src=\"https:\/\/seal.transport-manager.net\/marshall\/wp-content\/uploads\/sites\/76\/2024\/12\/dreiundsechzig.png\" alt=\"\"><\/td><td class=\"has-text-align-center\" data-align=\"center\">01-424-19<\/td><td><img loading=\"lazy\" decoding=\"async\" width=\"84\" height=\"73\" class=\"wp-image-2720\" style=\"width: 42px\" src=\"https:\/\/seal.transport-manager.net\/marshall\/wp-content\/uploads\/sites\/76\/2024\/12\/dreiundsechzig.png\" alt=\"\">: depuis Juillet 2025<\/td><\/tr><tr><td class=\"has-text-align-center\" data-align=\"center\">IU14713<\/td><td class=\"has-text-align-center\" data-align=\"center\">9 Juillet 2025<\/td><td class=\"has-text-align-center\" data-align=\"center\">en service<\/td><td class=\"has-text-align-center\" data-align=\"center\"><img loading=\"lazy\" decoding=\"async\" width=\"84\" height=\"73\" class=\"wp-image-2720\" style=\"width: 84px\" src=\"https:\/\/seal.transport-manager.net\/marshall\/wp-content\/uploads\/sites\/76\/2024\/12\/dreiundsechzig.png\" alt=\"\"><\/td><td class=\"has-text-align-center\" data-align=\"center\">01-424-20<\/td><td><img loading=\"lazy\" decoding=\"async\" width=\"84\" height=\"73\" class=\"wp-image-2720\" style=\"width: 42px\" src=\"https:\/\/seal.transport-manager.net\/marshall\/wp-content\/uploads\/sites\/76\/2024\/12\/dreiundsechzig.png\" alt=\"\">: depuis Juillet 2025<\/td><\/tr><\/tbody><\/table><\/figure>\n","protected":false},"excerpt":{"rendered":"<p>mise en service 2025 statut en service effectif 13 d\u00e9p\u00f4t Archambaud affectations Carri\u00e8re r\u00e9sum\u00e9e Le Citibus est command\u00e9 en 13 exemplaires par Transports Canard en 2025. Nomm\u00e9e en interne IU14700 &#8230; <a title=\"IU14700 &#8211; Isuzu Citibus\" class=\"read-more\" href=\"https:\/\/seal.transport-manager.net\/marshall\/iu14700-isuzu-citibus\/\" aria-label=\"En savoir plus sur IU14700 &#8211; Isuzu Citibus\">Lire la suite<\/a><\/p>\n","protected":false},"author":76,"featured_media":3730,"parent":0,"menu_order":0,"comment_status":"closed","ping_status":"closed","template":"","meta":{"footnotes":""},"class_list":["post-3356","page","type-page","status-publish","has-post-thumbnail"],"_links":{"self":[{"href":"https:\/\/seal.transport-manager.net\/marshall\/wp-json\/wp\/v2\/pages\/3356","targetHints":{"allow":["GET"]}}],"collection":[{"href":"https:\/\/seal.transport-manager.net\/marshall\/wp-json\/wp\/v2\/pages"}],"about":[{"href":"https:\/\/seal.transport-manager.net\/marshall\/wp-json\/wp\/v2\/types\/page"}],"author":[{"embeddable":true,"href":"https:\/\/seal.transport-manager.net\/marshall\/wp-json\/wp\/v2\/users\/76"}],"replies":[{"embeddable":true,"href":"https:\/\/seal.transport-manager.net\/marshall\/wp-json\/wp\/v2\/comments?post=3356"}],"version-history":[{"count":17,"href":"https:\/\/seal.transport-manager.net\/marshall\/wp-json\/wp\/v2\/pages\/3356\/revisions"}],"predecessor-version":[{"id":3736,"href":"https:\/\/seal.transport-manager.net\/marshall\/wp-json\/wp\/v2\/pages\/3356\/revisions\/3736"}],"wp:featuredmedia":[{"embeddable":true,"href":"https:\/\/seal.transport-manager.net\/marshall\/wp-json\/wp\/v2\/media\/3730"}],"wp:attachment":[{"href":"https:\/\/seal.transport-manager.net\/marshall\/wp-json\/wp\/v2\/media?parent=3356"}],"curies":[{"name":"wp","href":"https:\/\/api.w.org\/{rel}","templated":true}]}}