{"id":3430,"date":"2025-06-22T17:50:35","date_gmt":"2025-06-22T15:50:35","guid":{"rendered":"https:\/\/seal.transport-manager.net\/marshall\/?page_id=3430"},"modified":"2025-10-29T20:16:37","modified_gmt":"2025-10-29T19:16:37","slug":"np2200-neoplan-trendliner-c","status":"publish","type":"page","link":"https:\/\/seal.transport-manager.net\/marshall\/np2200-neoplan-trendliner-c\/","title":{"rendered":"NP2200 &#8211; Neoplan Trendliner C"},"content":{"rendered":"<div class=\"wp-block-image\">\n<figure class=\"aligncenter size-full\"><a href=\"https:\/\/i.ibb.co\/YnGfPvC\/Trendliner-CCanard.png\"><img loading=\"lazy\" decoding=\"async\" width=\"890\" height=\"360\" src=\"https:\/\/seal.transport-manager.net\/marshall\/wp-content\/uploads\/sites\/76\/2025\/06\/TrendlinerCCanard.png\" alt=\"\" class=\"wp-image-3431\" srcset=\"https:\/\/seal.transport-manager.net\/marshall\/wp-content\/uploads\/sites\/76\/2025\/06\/TrendlinerCCanard.png 890w, https:\/\/seal.transport-manager.net\/marshall\/wp-content\/uploads\/sites\/76\/2025\/06\/TrendlinerCCanard-300x121.png 300w, https:\/\/seal.transport-manager.net\/marshall\/wp-content\/uploads\/sites\/76\/2025\/06\/TrendlinerCCanard-768x311.png 768w\" sizes=\"auto, (max-width: 890px) 100vw, 890px\" \/><\/a><figcaption class=\"wp-element-caption\"><a href=\"https:\/\/i.ibb.co\/YnGfPvC\/Trendliner-CCanard.png\">cliquez pour agrandir<\/a><\/figcaption><\/figure>\n<\/div>\n\n\n<div class=\"wp-block-columns is-layout-flex wp-container-core-columns-is-layout-9d6595d7 wp-block-columns-is-layout-flex\">\n<div class=\"wp-block-column is-layout-flow wp-block-column-is-layout-flow\">\n<figure class=\"wp-block-table is-style-stripes\"><table class=\"has-fixed-layout\"><tbody><tr><td class=\"has-text-align-center\" data-align=\"center\">mise en service<\/td><td class=\"has-text-align-center\" data-align=\"center\">2008<\/td><\/tr><tr><td class=\"has-text-align-center\" data-align=\"center\">statut<\/td><td class=\"has-text-align-center\" data-align=\"center\">en service<\/td><\/tr><tr><td class=\"has-text-align-center\" data-align=\"center\">effectif<\/td><td class=\"has-text-align-center\" data-align=\"center\">3<\/td><\/tr><tr><td class=\"has-text-align-center\" data-align=\"center\">d\u00e9p\u00f4t<\/td><td class=\"has-text-align-center\" data-align=\"center\">Delalaune<\/td><\/tr><tr><td class=\"has-text-align-center\" data-align=\"center\">affectation<\/td><td class=\"has-text-align-center\" data-align=\"center\"><img loading=\"lazy\" decoding=\"async\" width=\"111\" height=\"73\" class=\"wp-image-2950\" style=\"width: 111px\" src=\"https:\/\/seal.transport-manager.net\/marshall\/wp-content\/uploads\/sites\/76\/2025\/02\/SSP.png\" alt=\"\"><img loading=\"lazy\" decoding=\"async\" width=\"111\" height=\"73\" class=\"wp-image-2947\" style=\"width: 111px\" src=\"https:\/\/seal.transport-manager.net\/marshall\/wp-content\/uploads\/sites\/76\/2025\/02\/LTMp.png\" alt=\"\"><\/td><\/tr><\/tbody><\/table><\/figure>\n\n\n\n<h3 class=\"wp-block-heading\">Carri\u00e8re r\u00e9sum\u00e9e<\/h3>\n\n\n\n<p>Le Trendliner C est command\u00e9 en 3 exemplaires par Transports Canard en 2008. Nomm\u00e9e en interne NP2200 (<strong>N<\/strong>eo<strong>p<\/strong>lan s\u00e9rie 2200), la s\u00e9rie est livr\u00e9e de mai \u00e0 novembre 2008 et effectue des service sp\u00e9ciaux et des dessertes temporaires pour la filiale Gran Canard Services puis directement pour Transports Canard depuis 2025.<\/p>\n<\/div>\n\n\n\n<div class=\"wp-block-column is-layout-flow wp-block-column-is-layout-flow\">\n<figure class=\"wp-block-table is-style-stripes\"><table class=\"has-fixed-layout\"><tbody><tr><td class=\"has-text-align-center\" data-align=\"center\">gamme<\/td><td class=\"has-text-align-center\" data-align=\"center\">Trendliner<\/td><\/tr><tr><td class=\"has-text-align-center\" data-align=\"center\">constructeur<\/td><td class=\"has-text-align-center\" data-align=\"center\"><img loading=\"lazy\" decoding=\"async\" width=\"25\" height=\"15\" class=\"wp-image-2513\" style=\"width: 25px\" src=\"https:\/\/seal.transport-manager.net\/marshall\/wp-content\/uploads\/sites\/76\/2024\/09\/Germania.png\" alt=\"\"> Neoplan<\/td><\/tr><tr><td class=\"has-text-align-center\" data-align=\"center\">cat\u00e9gorie<\/td><td class=\"has-text-align-center\" data-align=\"center\">autocar interurbain standard<\/td><\/tr><tr><td class=\"has-text-align-center\" data-align=\"center\">propulsion<\/td><td class=\"has-text-align-center\" data-align=\"center\"><img loading=\"lazy\" decoding=\"async\" width=\"61\" height=\"61\" class=\"wp-image-1029\" style=\"width: 61px\" src=\"https:\/\/seal.transport-manager.net\/marshall\/wp-content\/uploads\/sites\/76\/2022\/10\/D.png\" alt=\"\"><\/td><\/tr><tr><td class=\"has-text-align-center\" data-align=\"center\">commercialisation<\/td><td class=\"has-text-align-center\" data-align=\"center\">2004-2008<\/td><\/tr><tr><td class=\"has-text-align-center\" data-align=\"center\">l x L x h<\/td><td class=\"has-text-align-center\" data-align=\"center\">13,01 m x 2,55 m x 3,40 m<\/td><\/tr><tr><td class=\"has-text-align-center\" data-align=\"center\">capacit\u00e9<\/td><td class=\"has-text-align-center\" data-align=\"center\">57 pax<\/td><\/tr><tr><td class=\"has-text-align-center\" data-align=\"center\">moteur<\/td><td class=\"has-text-align-center\" data-align=\"center\">MAN D2866LOH28<br>11.9 L 6 cylindres en ligne en position longitudinale arri\u00e8re<\/td><\/tr><tr><td class=\"has-text-align-center\" data-align=\"center\">puissance<\/td><td class=\"has-text-align-center\" data-align=\"center\">228 kW &#8211; 310 ch<\/td><\/tr><tr><td class=\"has-text-align-center\" data-align=\"center\">site de fabrication<\/td><td class=\"has-text-align-center\" data-align=\"center\"><img loading=\"lazy\" decoding=\"async\" width=\"21\" height=\"14\" class=\"wp-image-3126\" style=\"width: 21px\" src=\"https:\/\/seal.transport-manager.net\/marshall\/wp-content\/uploads\/sites\/76\/2025\/04\/Turquia.png\" alt=\"\"> Akyurt<\/td><\/tr><tr><td class=\"has-text-align-center\" data-align=\"center\">mod\u00e8les concurrents<br><em>(en 2008)<\/em><\/td><td class=\"has-text-align-center\" data-align=\"center\">Mercedes-Benz Intouro M<br>Setra S 416 \u00dcL<br>Volvo 8700<br>Irisbus Crossway 13<br>Fast Syter 2<br>Temsa Tourmalin IC13<br>MAN Lion&rsquo;s Regio C<br>Van Hool T916 CL<br>VDL Bova Futura FM13<\/td><\/tr><\/tbody><\/table><\/figure>\n<\/div>\n<\/div>\n\n\n\n<h3 class=\"wp-block-heading\">R\u00e9f\u00e9rencement du parc<\/h3>\n\n\n\n<figure class=\"wp-block-table is-style-stripes\"><table><tbody><tr><td class=\"has-text-align-center\" data-align=\"center\">n\u00b0<\/td><td class=\"has-text-align-center\" data-align=\"center\">date de m.e.s<\/td><td class=\"has-text-align-center\" data-align=\"center\">statut<\/td><td class=\"has-text-align-center\" data-align=\"center\">affectation courante<br>\/ date de retrait<\/td><td class=\"has-text-align-center\" data-align=\"center\">immat.<\/td><td>historique des affectations<\/td><\/tr><tr><td class=\"has-text-align-center\" data-align=\"center\">NP2201<\/td><td class=\"has-text-align-center\" data-align=\"center\">4 Mai 2008<\/td><td class=\"has-text-align-center\" data-align=\"center\">en service<\/td><td class=\"has-text-align-center\" data-align=\"center\"><img loading=\"lazy\" decoding=\"async\" width=\"111\" height=\"73\" src=\"https:\/\/seal.transport-manager.net\/groupebvl\/wp-content\/uploads\/sites\/307\/2025\/02\/SSP.png\" alt=\"\"><img loading=\"lazy\" decoding=\"async\" width=\"111\" height=\"73\" class=\"wp-image-2947\" style=\"width: 111px\" src=\"https:\/\/seal.transport-manager.net\/marshall\/wp-content\/uploads\/sites\/76\/2025\/02\/LTMp.png\" alt=\"\"><\/td><td class=\"has-text-align-center\" data-align=\"center\">01-319-11<\/td><td><img loading=\"lazy\" decoding=\"async\" width=\"111\" height=\"73\" class=\"wp-image-2950\" style=\"width: 55px\" src=\"https:\/\/seal.transport-manager.net\/marshall\/wp-content\/uploads\/sites\/76\/2025\/02\/SSP.png\" alt=\"\"><img loading=\"lazy\" decoding=\"async\" width=\"111\" height=\"73\" class=\"wp-image-2947\" style=\"width: 55px\" src=\"https:\/\/seal.transport-manager.net\/marshall\/wp-content\/uploads\/sites\/76\/2025\/02\/LTMp.png\" alt=\"\">: depuis Mai 2008<\/td><\/tr><tr><td class=\"has-text-align-center\" data-align=\"center\">NP2202<\/td><td class=\"has-text-align-center\" data-align=\"center\">17 Juillet 2008<\/td><td class=\"has-text-align-center\" data-align=\"center\">en service<\/td><td class=\"has-text-align-center\" data-align=\"center\"><img loading=\"lazy\" decoding=\"async\" width=\"111\" height=\"73\" src=\"https:\/\/seal.transport-manager.net\/groupebvl\/wp-content\/uploads\/sites\/307\/2025\/02\/SSP.png\" alt=\"\"><img loading=\"lazy\" decoding=\"async\" width=\"111\" height=\"73\" class=\"wp-image-2947\" style=\"width: 111px\" src=\"https:\/\/seal.transport-manager.net\/marshall\/wp-content\/uploads\/sites\/76\/2025\/02\/LTMp.png\" alt=\"\"><\/td><td class=\"has-text-align-center\" data-align=\"center\">01-313-74<\/td><td><img loading=\"lazy\" decoding=\"async\" width=\"111\" height=\"73\" class=\"wp-image-2950\" style=\"width: 55px\" src=\"https:\/\/seal.transport-manager.net\/marshall\/wp-content\/uploads\/sites\/76\/2025\/02\/SSP.png\" alt=\"\"><img loading=\"lazy\" decoding=\"async\" width=\"111\" height=\"73\" class=\"wp-image-2947\" style=\"width: 55px\" src=\"https:\/\/seal.transport-manager.net\/marshall\/wp-content\/uploads\/sites\/76\/2025\/02\/LTMp.png\" alt=\"\">: depuis Juillet 2008<\/td><\/tr><tr><td class=\"has-text-align-center\" data-align=\"center\">NP2203<\/td><td class=\"has-text-align-center\" data-align=\"center\">8 Novembre 2008<\/td><td class=\"has-text-align-center\" data-align=\"center\">en service<\/td><td class=\"has-text-align-center\" data-align=\"center\"><img loading=\"lazy\" decoding=\"async\" width=\"111\" height=\"73\" src=\"https:\/\/seal.transport-manager.net\/groupebvl\/wp-content\/uploads\/sites\/307\/2025\/02\/SSP.png\" alt=\"\"><img loading=\"lazy\" decoding=\"async\" width=\"111\" height=\"73\" class=\"wp-image-2947\" style=\"width: 111px\" src=\"https:\/\/seal.transport-manager.net\/marshall\/wp-content\/uploads\/sites\/76\/2025\/02\/LTMp.png\" alt=\"\"><\/td><td class=\"has-text-align-center\" data-align=\"center\">01-295-37<\/td><td><img loading=\"lazy\" decoding=\"async\" width=\"111\" height=\"73\" class=\"wp-image-2950\" style=\"width: 55px\" src=\"https:\/\/seal.transport-manager.net\/marshall\/wp-content\/uploads\/sites\/76\/2025\/02\/SSP.png\" alt=\"\"><img loading=\"lazy\" decoding=\"async\" width=\"111\" height=\"73\" class=\"wp-image-2947\" style=\"width: 55px\" src=\"https:\/\/seal.transport-manager.net\/marshall\/wp-content\/uploads\/sites\/76\/2025\/02\/LTMp.png\" alt=\"\">: depuis Novembre 2008<\/td><\/tr><\/tbody><\/table><\/figure>\n","protected":false},"excerpt":{"rendered":"<p>mise en service 2008 statut en service effectif 3 d\u00e9p\u00f4t Delalaune affectation Carri\u00e8re r\u00e9sum\u00e9e Le Trendliner C est command\u00e9 en 3 exemplaires par Transports Canard en 2008. Nomm\u00e9e en interne &#8230; <a title=\"NP2200 &#8211; Neoplan Trendliner C\" class=\"read-more\" href=\"https:\/\/seal.transport-manager.net\/marshall\/np2200-neoplan-trendliner-c\/\" aria-label=\"En savoir plus sur NP2200 &#8211; Neoplan Trendliner C\">Lire la suite<\/a><\/p>\n","protected":false},"author":76,"featured_media":3651,"parent":0,"menu_order":0,"comment_status":"closed","ping_status":"closed","template":"","meta":{"footnotes":""},"class_list":["post-3430","page","type-page","status-publish","has-post-thumbnail"],"_links":{"self":[{"href":"https:\/\/seal.transport-manager.net\/marshall\/wp-json\/wp\/v2\/pages\/3430","targetHints":{"allow":["GET"]}}],"collection":[{"href":"https:\/\/seal.transport-manager.net\/marshall\/wp-json\/wp\/v2\/pages"}],"about":[{"href":"https:\/\/seal.transport-manager.net\/marshall\/wp-json\/wp\/v2\/types\/page"}],"author":[{"embeddable":true,"href":"https:\/\/seal.transport-manager.net\/marshall\/wp-json\/wp\/v2\/users\/76"}],"replies":[{"embeddable":true,"href":"https:\/\/seal.transport-manager.net\/marshall\/wp-json\/wp\/v2\/comments?post=3430"}],"version-history":[{"count":4,"href":"https:\/\/seal.transport-manager.net\/marshall\/wp-json\/wp\/v2\/pages\/3430\/revisions"}],"predecessor-version":[{"id":4004,"href":"https:\/\/seal.transport-manager.net\/marshall\/wp-json\/wp\/v2\/pages\/3430\/revisions\/4004"}],"wp:featuredmedia":[{"embeddable":true,"href":"https:\/\/seal.transport-manager.net\/marshall\/wp-json\/wp\/v2\/media\/3651"}],"wp:attachment":[{"href":"https:\/\/seal.transport-manager.net\/marshall\/wp-json\/wp\/v2\/media?parent=3430"}],"curies":[{"name":"wp","href":"https:\/\/api.w.org\/{rel}","templated":true}]}}

<div class="wp-block-image">
<figure class="aligncenter size-full"><a href="https://i.ibb.co/YnGfPvC/Trendliner-CCanard.png"><img loading="lazy" decoding="async" width="890" height="360" src="https://seal.transport-manager.net/marshall/wp-content/uploads/sites/76/2025/06/TrendlinerCCanard.png" alt="" class="wp-image-3431" srcset="https://seal.transport-manager.net/marshall/wp-content/uploads/sites/76/2025/06/TrendlinerCCanard.png 890w, https://seal.transport-manager.net/marshall/wp-content/uploads/sites/76/2025/06/TrendlinerCCanard-300x121.png 300w, https://seal.transport-manager.net/marshall/wp-content/uploads/sites/76/2025/06/TrendlinerCCanard-768x311.png 768w" sizes="auto, (max-width: 890px) 100vw, 890px" /></a><figcaption class="wp-element-caption"><a href="https://i.ibb.co/YnGfPvC/Trendliner-CCanard.png">cliquez pour agrandir</a></figcaption></figure>
</div>


<div class="wp-block-columns is-layout-flex wp-container-core-columns-is-layout-9d6595d7 wp-block-columns-is-layout-flex">
<div class="wp-block-column is-layout-flow wp-block-column-is-layout-flow">
<figure class="wp-block-table is-style-stripes"><table class="has-fixed-layout"><tbody><tr><td class="has-text-align-center" data-align="center">mise en service</td><td class="has-text-align-center" data-align="center">2008</td></tr><tr><td class="has-text-align-center" data-align="center">statut</td><td class="has-text-align-center" data-align="center">en service</td></tr><tr><td class="has-text-align-center" data-align="center">effectif</td><td class="has-text-align-center" data-align="center">3</td></tr><tr><td class="has-text-align-center" data-align="center">dépôt</td><td class="has-text-align-center" data-align="center">Delalaune</td></tr><tr><td class="has-text-align-center" data-align="center">affectation</td><td class="has-text-align-center" data-align="center"><img loading="lazy" decoding="async" width="111" height="73" class="wp-image-2950" style="width: 111px" src="https://seal.transport-manager.net/marshall/wp-content/uploads/sites/76/2025/02/SSP.png" alt=""><img loading="lazy" decoding="async" width="111" height="73" class="wp-image-2947" style="width: 111px" src="https://seal.transport-manager.net/marshall/wp-content/uploads/sites/76/2025/02/LTMp.png" alt=""></td></tr></tbody></table></figure>



<h3 class="wp-block-heading">Carrière résumée</h3>



<p>Le Trendliner C est commandé en 3 exemplaires par Transports Canard en 2008. Nommée en interne NP2200 (<strong>N</strong>eo<strong>p</strong>lan série 2200), la série est livrée de mai à novembre 2008 et effectue des service spéciaux et des dessertes temporaires pour la filiale Gran Canard Services puis directement pour Transports Canard depuis 2025.</p>
</div>



<div class="wp-block-column is-layout-flow wp-block-column-is-layout-flow">
<figure class="wp-block-table is-style-stripes"><table class="has-fixed-layout"><tbody><tr><td class="has-text-align-center" data-align="center">gamme</td><td class="has-text-align-center" data-align="center">Trendliner</td></tr><tr><td class="has-text-align-center" data-align="center">constructeur</td><td class="has-text-align-center" data-align="center"><img loading="lazy" decoding="async" width="25" height="15" class="wp-image-2513" style="width: 25px" src="https://seal.transport-manager.net/marshall/wp-content/uploads/sites/76/2024/09/Germania.png" alt=""> Neoplan</td></tr><tr><td class="has-text-align-center" data-align="center">catégorie</td><td class="has-text-align-center" data-align="center">autocar interurbain standard</td></tr><tr><td class="has-text-align-center" data-align="center">propulsion</td><td class="has-text-align-center" data-align="center"><img loading="lazy" decoding="async" width="61" height="61" class="wp-image-1029" style="width: 61px" src="https://seal.transport-manager.net/marshall/wp-content/uploads/sites/76/2022/10/D.png" alt=""></td></tr><tr><td class="has-text-align-center" data-align="center">commercialisation</td><td class="has-text-align-center" data-align="center">2004-2008</td></tr><tr><td class="has-text-align-center" data-align="center">l x L x h</td><td class="has-text-align-center" data-align="center">13,01 m x 2,55 m x 3,40 m</td></tr><tr><td class="has-text-align-center" data-align="center">capacité</td><td class="has-text-align-center" data-align="center">57 pax</td></tr><tr><td class="has-text-align-center" data-align="center">moteur</td><td class="has-text-align-center" data-align="center">MAN D2866LOH28<br>11.9 L 6 cylindres en ligne en position longitudinale arrière</td></tr><tr><td class="has-text-align-center" data-align="center">puissance</td><td class="has-text-align-center" data-align="center">228 kW &#8211; 310 ch</td></tr><tr><td class="has-text-align-center" data-align="center">site de fabrication</td><td class="has-text-align-center" data-align="center"><img loading="lazy" decoding="async" width="21" height="14" class="wp-image-3126" style="width: 21px" src="https://seal.transport-manager.net/marshall/wp-content/uploads/sites/76/2025/04/Turquia.png" alt=""> Akyurt</td></tr><tr><td class="has-text-align-center" data-align="center">modèles concurrents<br><em>(en 2008)</em></td><td class="has-text-align-center" data-align="center">Mercedes-Benz Intouro M<br>Setra S 416 ÜL<br>Volvo 8700<br>Irisbus Crossway 13<br>Fast Syter 2<br>Temsa Tourmalin IC13<br>MAN Lion&rsquo;s Regio C<br>Van Hool T916 CL<br>VDL Bova Futura FM13</td></tr></tbody></table></figure>
</div>
</div>



<h3 class="wp-block-heading">Référencement du parc</h3>



<figure class="wp-block-table is-style-stripes"><table><tbody><tr><td class="has-text-align-center" data-align="center">n°</td><td class="has-text-align-center" data-align="center">date de m.e.s</td><td class="has-text-align-center" data-align="center">statut</td><td class="has-text-align-center" data-align="center">affectation courante<br>/ date de retrait</td><td class="has-text-align-center" data-align="center">immat.</td><td>historique des affectations</td></tr><tr><td class="has-text-align-center" data-align="center">NP2201</td><td class="has-text-align-center" data-align="center">4 Mai 2008</td><td class="has-text-align-center" data-align="center">en service</td><td class="has-text-align-center" data-align="center"><img loading="lazy" decoding="async" width="111" height="73" src="https://seal.transport-manager.net/groupebvl/wp-content/uploads/sites/307/2025/02/SSP.png" alt=""><img loading="lazy" decoding="async" width="111" height="73" class="wp-image-2947" style="width: 111px" src="https://seal.transport-manager.net/marshall/wp-content/uploads/sites/76/2025/02/LTMp.png" alt=""></td><td class="has-text-align-center" data-align="center">01-319-11</td><td><img loading="lazy" decoding="async" width="111" height="73" class="wp-image-2950" style="width: 55px" src="https://seal.transport-manager.net/marshall/wp-content/uploads/sites/76/2025/02/SSP.png" alt=""><img loading="lazy" decoding="async" width="111" height="73" class="wp-image-2947" style="width: 55px" src="https://seal.transport-manager.net/marshall/wp-content/uploads/sites/76/2025/02/LTMp.png" alt="">: depuis Mai 2008</td></tr><tr><td class="has-text-align-center" data-align="center">NP2202</td><td class="has-text-align-center" data-align="center">17 Juillet 2008</td><td class="has-text-align-center" data-align="center">en service</td><td class="has-text-align-center" data-align="center"><img loading="lazy" decoding="async" width="111" height="73" src="https://seal.transport-manager.net/groupebvl/wp-content/uploads/sites/307/2025/02/SSP.png" alt=""><img loading="lazy" decoding="async" width="111" height="73" class="wp-image-2947" style="width: 111px" src="https://seal.transport-manager.net/marshall/wp-content/uploads/sites/76/2025/02/LTMp.png" alt=""></td><td class="has-text-align-center" data-align="center">01-313-74</td><td><img loading="lazy" decoding="async" width="111" height="73" class="wp-image-2950" style="width: 55px" src="https://seal.transport-manager.net/marshall/wp-content/uploads/sites/76/2025/02/SSP.png" alt=""><img loading="lazy" decoding="async" width="111" height="73" class="wp-image-2947" style="width: 55px" src="https://seal.transport-manager.net/marshall/wp-content/uploads/sites/76/2025/02/LTMp.png" alt="">: depuis Juillet 2008</td></tr><tr><td class="has-text-align-center" data-align="center">NP2203</td><td class="has-text-align-center" data-align="center">8 Novembre 2008</td><td class="has-text-align-center" data-align="center">en service</td><td class="has-text-align-center" data-align="center"><img loading="lazy" decoding="async" width="111" height="73" src="https://seal.transport-manager.net/groupebvl/wp-content/uploads/sites/307/2025/02/SSP.png" alt=""><img loading="lazy" decoding="async" width="111" height="73" class="wp-image-2947" style="width: 111px" src="https://seal.transport-manager.net/marshall/wp-content/uploads/sites/76/2025/02/LTMp.png" alt=""></td><td class="has-text-align-center" data-align="center">01-295-37</td><td><img loading="lazy" decoding="async" width="111" height="73" class="wp-image-2950" style="width: 55px" src="https://seal.transport-manager.net/marshall/wp-content/uploads/sites/76/2025/02/SSP.png" alt=""><img loading="lazy" decoding="async" width="111" height="73" class="wp-image-2947" style="width: 55px" src="https://seal.transport-manager.net/marshall/wp-content/uploads/sites/76/2025/02/LTMp.png" alt="">: depuis Novembre 2008</td></tr></tbody></table></figure>

<p>mise en service 2008 statut en service effectif 3 dépôt Delalaune affectation Carrière résumée Le Trendliner C est commandé en 3 exemplaires par Transports Canard en 2008. Nommée en interne &#8230; <a title="NP2200 &#8211; Neoplan Trendliner C" class="read-more" href="https://seal.transport-manager.net/marshall/np2200-neoplan-trendliner-c/" aria-label="En savoir plus sur NP2200 &#8211; Neoplan Trendliner C">Lire la suite</a></p>
