{"id":3529,"date":"2025-07-15T21:35:32","date_gmt":"2025-07-15T19:35:32","guid":{"rendered":"https:\/\/seal.transport-manager.net\/marshall\/?page_id=3529"},"modified":"2025-11-16T09:01:02","modified_gmt":"2025-11-16T08:01:02","slug":"fs6400-fast-starter-2","status":"publish","type":"page","link":"https:\/\/seal.transport-manager.net\/marshall\/fs6400-fast-starter-2\/","title":{"rendered":"FS6400 &#8211; Fast Starter 2"},"content":{"rendered":"<div class=\"wp-block-image\">\n<figure class=\"aligncenter size-full\"><a href=\"https:\/\/i.ibb.co\/4ntsNqV7\/Starter2-Canard.png\"><img loading=\"lazy\" decoding=\"async\" width=\"900\" height=\"360\" src=\"https:\/\/seal.transport-manager.net\/marshall\/wp-content\/uploads\/sites\/76\/2025\/07\/Starter2Canard.png\" alt=\"\" class=\"wp-image-3530\" srcset=\"https:\/\/seal.transport-manager.net\/marshall\/wp-content\/uploads\/sites\/76\/2025\/07\/Starter2Canard.png 900w, https:\/\/seal.transport-manager.net\/marshall\/wp-content\/uploads\/sites\/76\/2025\/07\/Starter2Canard-300x120.png 300w, https:\/\/seal.transport-manager.net\/marshall\/wp-content\/uploads\/sites\/76\/2025\/07\/Starter2Canard-768x307.png 768w\" sizes=\"auto, (max-width: 900px) 100vw, 900px\" \/><\/a><figcaption class=\"wp-element-caption\"><a href=\"https:\/\/i.ibb.co\/4ntsNqV7\/Starter2-Canard.png\">cliquez pour agrandir<\/a><\/figcaption><\/figure>\n<\/div>\n\n\n<div class=\"wp-block-columns is-layout-flex wp-container-core-columns-is-layout-9d6595d7 wp-block-columns-is-layout-flex\">\n<div class=\"wp-block-column is-layout-flow wp-block-column-is-layout-flow\">\n<figure class=\"wp-block-table is-style-stripes\"><table class=\"has-fixed-layout\"><tbody><tr><td class=\"has-text-align-center\" data-align=\"center\">mise en service<\/td><td class=\"has-text-align-center\" data-align=\"center\">2013<\/td><\/tr><tr><td class=\"has-text-align-center\" data-align=\"center\">statut<\/td><td class=\"has-text-align-center\" data-align=\"center\">en service<\/td><\/tr><tr><td class=\"has-text-align-center\" data-align=\"center\">effectif<\/td><td class=\"has-text-align-center\" data-align=\"center\">3<\/td><\/tr><tr><td class=\"has-text-align-center\" data-align=\"center\">d\u00e9p\u00f4t<\/td><td class=\"has-text-align-center\" data-align=\"center\">Delalaune<\/td><\/tr><tr><td class=\"has-text-align-center\" data-align=\"center\">affectations<\/td><td class=\"has-text-align-center\" data-align=\"center\"><img loading=\"lazy\" decoding=\"async\" width=\"111\" height=\"73\" class=\"wp-image-3441\" style=\"width: 111px\" src=\"https:\/\/seal.transport-manager.net\/marshall\/wp-content\/uploads\/sites\/76\/2025\/06\/sechshunderteinundfunfzig.png\" alt=\"\"><img loading=\"lazy\" decoding=\"async\" width=\"111\" height=\"73\" class=\"wp-image-3442\" style=\"width: 111px\" src=\"https:\/\/seal.transport-manager.net\/marshall\/wp-content\/uploads\/sites\/76\/2025\/06\/sechshundertzweiundfunfzig.png\" alt=\"\"><\/td><\/tr><\/tbody><\/table><\/figure>\n\n\n\n<h3 class=\"wp-block-heading\">Carri\u00e8re r\u00e9sum\u00e9e<\/h3>\n\n\n\n<p>Le Starter 2 est command\u00e9 en 3 exemplaires par Transports Canard en 2011. Nomm\u00e9e FS6400 en interne (<strong>F<\/strong>a<strong>s<\/strong>t s\u00e9rie 6400), la s\u00e9rie n&rsquo;est livr\u00e9e que deux ans plus tard de mars \u00e0 octobre 2013 et assure le service des lignes interurbaines scolaires Regiocanard S 651 et 652 (ancien r\u00e9seau S).<\/p>\n<\/div>\n\n\n\n<div class=\"wp-block-column is-layout-flow wp-block-column-is-layout-flow\">\n<figure class=\"wp-block-table is-style-stripes\"><table class=\"has-fixed-layout\"><tbody><tr><td class=\"has-text-align-center\" data-align=\"center\">gamme<\/td><td class=\"has-text-align-center\" data-align=\"center\">Starter 2<\/td><\/tr><tr><td class=\"has-text-align-center\" data-align=\"center\">constructeur<\/td><td class=\"has-text-align-center\" data-align=\"center\"><img loading=\"lazy\" decoding=\"async\" width=\"21\" height=\"15\" class=\"wp-image-2515\" style=\"width: 21px\" src=\"https:\/\/seal.transport-manager.net\/marshall\/wp-content\/uploads\/sites\/76\/2024\/09\/Francia.png\" alt=\"\"> Carrier Carrosserie<\/td><\/tr><tr><td class=\"has-text-align-center\" data-align=\"center\">cat\u00e9gorie<\/td><td class=\"has-text-align-center\" data-align=\"center\">autocar polyvalent standard<\/td><\/tr><tr><td class=\"has-text-align-center\" data-align=\"center\">propulsion<\/td><td class=\"has-text-align-center\" data-align=\"center\"><img loading=\"lazy\" decoding=\"async\" width=\"61\" height=\"61\" class=\"wp-image-1029\" style=\"width: 61px\" src=\"https:\/\/seal.transport-manager.net\/marshall\/wp-content\/uploads\/sites\/76\/2022\/10\/D.png\" alt=\"\"><\/td><\/tr><tr><td class=\"has-text-align-center\" data-align=\"center\">commercialisation<\/td><td class=\"has-text-align-center\" data-align=\"center\">2006-2011<\/td><\/tr><tr><td class=\"has-text-align-center\" data-align=\"center\">l x L x h<\/td><td class=\"has-text-align-center\" data-align=\"center\">12,54 m x 2,55 m x 3,3 m<\/td><\/tr><tr><td class=\"has-text-align-center\" data-align=\"center\">capacit\u00e9<\/td><td class=\"has-text-align-center\" data-align=\"center\">63 pax<\/td><\/tr><tr><td class=\"has-text-align-center\" data-align=\"center\">moteur<\/td><td class=\"has-text-align-center\" data-align=\"center\">MAN D0836LOH64<br>6.9 L 6 cylindres en ligne en position transversale arri\u00e8re<\/td><\/tr><tr><td class=\"has-text-align-center\" data-align=\"center\">puissance<\/td><td class=\"has-text-align-center\" data-align=\"center\">213 kW &#8211; 290 ch<\/td><\/tr><tr><td class=\"has-text-align-center\" data-align=\"center\">site de fabrication<\/td><td class=\"has-text-align-center\" data-align=\"center\"><img loading=\"lazy\" decoding=\"async\" width=\"21\" height=\"15\" class=\"wp-image-2515\" style=\"width: 21px\" src=\"https:\/\/seal.transport-manager.net\/marshall\/wp-content\/uploads\/sites\/76\/2024\/09\/Francia.png\" alt=\"\"> Alen\u00e7on<\/td><\/tr><tr><td class=\"has-text-align-center\" data-align=\"center\">mod\u00e8les concurrents<br><em>(en 2011)<\/em><\/td><td class=\"has-text-align-center\" data-align=\"center\">Mercedes-Benz Intouro<br>Setra S 415 \u00dcL<br>Irisbus Crossway Line<br>Temsa Tourmalin IC12<br>MAN Lion&rsquo;s Regio<br>Solaris InterUrbino<br>Van Hool T915 CL<br>Irizar i4 12<\/td><\/tr><\/tbody><\/table><\/figure>\n<\/div>\n<\/div>\n\n\n\n<h3 class=\"wp-block-heading\">R\u00e9f\u00e9rencement du parc<\/h3>\n\n\n\n<figure class=\"wp-block-table is-style-stripes\"><table><tbody><tr><td class=\"has-text-align-center\" data-align=\"center\">n\u00b0<\/td><td class=\"has-text-align-center\" data-align=\"center\">date de m.e.s<\/td><td class=\"has-text-align-center\" data-align=\"center\">statut<\/td><td class=\"has-text-align-center\" data-align=\"center\">affectation courante<br>\/ date de retrait<\/td><td class=\"has-text-align-center\" data-align=\"center\">immat.<\/td><td>historique des affectations<\/td><\/tr><tr><td class=\"has-text-align-center\" data-align=\"center\">FS6401<\/td><td class=\"has-text-align-center\" data-align=\"center\">11 Mars 2013<\/td><td class=\"has-text-align-center\" data-align=\"center\">en service<\/td><td class=\"has-text-align-center\" data-align=\"center\"><img loading=\"lazy\" decoding=\"async\" width=\"111\" height=\"73\" class=\"wp-image-3441\" style=\"width: 111px\" src=\"https:\/\/seal.transport-manager.net\/marshall\/wp-content\/uploads\/sites\/76\/2025\/06\/sechshunderteinundfunfzig.png\" alt=\"\"><img loading=\"lazy\" decoding=\"async\" width=\"111\" height=\"73\" class=\"wp-image-3442\" style=\"width: 111px\" src=\"https:\/\/seal.transport-manager.net\/marshall\/wp-content\/uploads\/sites\/76\/2025\/06\/sechshundertzweiundfunfzig.png\" alt=\"\"><\/td><td class=\"has-text-align-center\" data-align=\"center\">01-430-33<\/td><td><img loading=\"lazy\" decoding=\"async\" width=\"111\" height=\"73\" class=\"wp-image-3441\" style=\"width: 55px\" src=\"https:\/\/seal.transport-manager.net\/marshall\/wp-content\/uploads\/sites\/76\/2025\/06\/sechshunderteinundfunfzig.png\" alt=\"\"><img loading=\"lazy\" decoding=\"async\" width=\"111\" height=\"73\" class=\"wp-image-3442\" style=\"width: 55px\" src=\"https:\/\/seal.transport-manager.net\/marshall\/wp-content\/uploads\/sites\/76\/2025\/06\/sechshundertzweiundfunfzig.png\" alt=\"\">: depuis Septembre 2013<\/td><\/tr><tr><td class=\"has-text-align-center\" data-align=\"center\">FS6402<\/td><td class=\"has-text-align-center\" data-align=\"center\">11 Mars 2013<\/td><td class=\"has-text-align-center\" data-align=\"center\">en service<\/td><td class=\"has-text-align-center\" data-align=\"center\"><img loading=\"lazy\" decoding=\"async\" width=\"111\" height=\"73\" class=\"wp-image-3441\" style=\"width: 111px\" src=\"https:\/\/seal.transport-manager.net\/marshall\/wp-content\/uploads\/sites\/76\/2025\/06\/sechshunderteinundfunfzig.png\" alt=\"\"><img loading=\"lazy\" decoding=\"async\" width=\"111\" height=\"73\" class=\"wp-image-3442\" style=\"width: 111px\" src=\"https:\/\/seal.transport-manager.net\/marshall\/wp-content\/uploads\/sites\/76\/2025\/06\/sechshundertzweiundfunfzig.png\" alt=\"\"><\/td><td class=\"has-text-align-center\" data-align=\"center\">01-430-34<\/td><td><img loading=\"lazy\" decoding=\"async\" width=\"111\" height=\"73\" class=\"wp-image-3441\" style=\"width: 55px\" src=\"https:\/\/seal.transport-manager.net\/marshall\/wp-content\/uploads\/sites\/76\/2025\/06\/sechshunderteinundfunfzig.png\" alt=\"\"><img loading=\"lazy\" decoding=\"async\" width=\"111\" height=\"73\" class=\"wp-image-3442\" style=\"width: 55px\" src=\"https:\/\/seal.transport-manager.net\/marshall\/wp-content\/uploads\/sites\/76\/2025\/06\/sechshundertzweiundfunfzig.png\" alt=\"\">: depuis Septembre 2013<\/td><\/tr><tr><td class=\"has-text-align-center\" data-align=\"center\">FS6403<\/td><td class=\"has-text-align-center\" data-align=\"center\">23 Octobre 2013<\/td><td class=\"has-text-align-center\" data-align=\"center\">en service<\/td><td class=\"has-text-align-center\" data-align=\"center\"><img loading=\"lazy\" decoding=\"async\" width=\"111\" height=\"73\" class=\"wp-image-3441\" style=\"width: 111px\" src=\"https:\/\/seal.transport-manager.net\/marshall\/wp-content\/uploads\/sites\/76\/2025\/06\/sechshunderteinundfunfzig.png\" alt=\"\"><img loading=\"lazy\" decoding=\"async\" width=\"111\" height=\"73\" class=\"wp-image-3442\" style=\"width: 111px\" src=\"https:\/\/seal.transport-manager.net\/marshall\/wp-content\/uploads\/sites\/76\/2025\/06\/sechshundertzweiundfunfzig.png\" alt=\"\"><\/td><td class=\"has-text-align-center\" data-align=\"center\">01-437-88<\/td><td><img loading=\"lazy\" decoding=\"async\" width=\"111\" height=\"73\" class=\"wp-image-3441\" style=\"width: 55px\" src=\"https:\/\/seal.transport-manager.net\/marshall\/wp-content\/uploads\/sites\/76\/2025\/06\/sechshunderteinundfunfzig.png\" alt=\"\"><img loading=\"lazy\" decoding=\"async\" width=\"111\" height=\"73\" class=\"wp-image-3442\" style=\"width: 55px\" src=\"https:\/\/seal.transport-manager.net\/marshall\/wp-content\/uploads\/sites\/76\/2025\/06\/sechshundertzweiundfunfzig.png\" alt=\"\">: depuis Novembre 2013<\/td><\/tr><\/tbody><\/table><\/figure>\n","protected":false},"excerpt":{"rendered":"<p>mise en service 2013 statut en service effectif 3 d\u00e9p\u00f4t Delalaune affectations Carri\u00e8re r\u00e9sum\u00e9e Le Starter 2 est command\u00e9 en 3 exemplaires par Transports Canard en 2011. Nomm\u00e9e FS6400 en &#8230; <a title=\"FS6400 &#8211; Fast Starter 2\" class=\"read-more\" href=\"https:\/\/seal.transport-manager.net\/marshall\/fs6400-fast-starter-2\/\" aria-label=\"En savoir plus sur FS6400 &#8211; Fast Starter 2\">Lire la suite<\/a><\/p>\n","protected":false},"author":76,"featured_media":3645,"parent":0,"menu_order":0,"comment_status":"closed","ping_status":"closed","template":"","meta":{"footnotes":""},"class_list":["post-3529","page","type-page","status-publish","has-post-thumbnail"],"_links":{"self":[{"href":"https:\/\/seal.transport-manager.net\/marshall\/wp-json\/wp\/v2\/pages\/3529","targetHints":{"allow":["GET"]}}],"collection":[{"href":"https:\/\/seal.transport-manager.net\/marshall\/wp-json\/wp\/v2\/pages"}],"about":[{"href":"https:\/\/seal.transport-manager.net\/marshall\/wp-json\/wp\/v2\/types\/page"}],"author":[{"embeddable":true,"href":"https:\/\/seal.transport-manager.net\/marshall\/wp-json\/wp\/v2\/users\/76"}],"replies":[{"embeddable":true,"href":"https:\/\/seal.transport-manager.net\/marshall\/wp-json\/wp\/v2\/comments?post=3529"}],"version-history":[{"count":3,"href":"https:\/\/seal.transport-manager.net\/marshall\/wp-json\/wp\/v2\/pages\/3529\/revisions"}],"predecessor-version":[{"id":4152,"href":"https:\/\/seal.transport-manager.net\/marshall\/wp-json\/wp\/v2\/pages\/3529\/revisions\/4152"}],"wp:featuredmedia":[{"embeddable":true,"href":"https:\/\/seal.transport-manager.net\/marshall\/wp-json\/wp\/v2\/media\/3645"}],"wp:attachment":[{"href":"https:\/\/seal.transport-manager.net\/marshall\/wp-json\/wp\/v2\/media?parent=3529"}],"curies":[{"name":"wp","href":"https:\/\/api.w.org\/{rel}","templated":true}]}}

<div class="wp-block-image">
<figure class="aligncenter size-full"><a href="https://i.ibb.co/4ntsNqV7/Starter2-Canard.png"><img loading="lazy" decoding="async" width="900" height="360" src="https://seal.transport-manager.net/marshall/wp-content/uploads/sites/76/2025/07/Starter2Canard.png" alt="" class="wp-image-3530" srcset="https://seal.transport-manager.net/marshall/wp-content/uploads/sites/76/2025/07/Starter2Canard.png 900w, https://seal.transport-manager.net/marshall/wp-content/uploads/sites/76/2025/07/Starter2Canard-300x120.png 300w, https://seal.transport-manager.net/marshall/wp-content/uploads/sites/76/2025/07/Starter2Canard-768x307.png 768w" sizes="auto, (max-width: 900px) 100vw, 900px" /></a><figcaption class="wp-element-caption"><a href="https://i.ibb.co/4ntsNqV7/Starter2-Canard.png">cliquez pour agrandir</a></figcaption></figure>
</div>


<div class="wp-block-columns is-layout-flex wp-container-core-columns-is-layout-9d6595d7 wp-block-columns-is-layout-flex">
<div class="wp-block-column is-layout-flow wp-block-column-is-layout-flow">
<figure class="wp-block-table is-style-stripes"><table class="has-fixed-layout"><tbody><tr><td class="has-text-align-center" data-align="center">mise en service</td><td class="has-text-align-center" data-align="center">2013</td></tr><tr><td class="has-text-align-center" data-align="center">statut</td><td class="has-text-align-center" data-align="center">en service</td></tr><tr><td class="has-text-align-center" data-align="center">effectif</td><td class="has-text-align-center" data-align="center">3</td></tr><tr><td class="has-text-align-center" data-align="center">dépôt</td><td class="has-text-align-center" data-align="center">Delalaune</td></tr><tr><td class="has-text-align-center" data-align="center">affectations</td><td class="has-text-align-center" data-align="center"><img loading="lazy" decoding="async" width="111" height="73" class="wp-image-3441" style="width: 111px" src="https://seal.transport-manager.net/marshall/wp-content/uploads/sites/76/2025/06/sechshunderteinundfunfzig.png" alt=""><img loading="lazy" decoding="async" width="111" height="73" class="wp-image-3442" style="width: 111px" src="https://seal.transport-manager.net/marshall/wp-content/uploads/sites/76/2025/06/sechshundertzweiundfunfzig.png" alt=""></td></tr></tbody></table></figure>



<h3 class="wp-block-heading">Carrière résumée</h3>



<p>Le Starter 2 est commandé en 3 exemplaires par Transports Canard en 2011. Nommée FS6400 en interne (<strong>F</strong>a<strong>s</strong>t série 6400), la série n&rsquo;est livrée que deux ans plus tard de mars à octobre 2013 et assure le service des lignes interurbaines scolaires Regiocanard S 651 et 652 (ancien réseau S).</p>
</div>



<div class="wp-block-column is-layout-flow wp-block-column-is-layout-flow">
<figure class="wp-block-table is-style-stripes"><table class="has-fixed-layout"><tbody><tr><td class="has-text-align-center" data-align="center">gamme</td><td class="has-text-align-center" data-align="center">Starter 2</td></tr><tr><td class="has-text-align-center" data-align="center">constructeur</td><td class="has-text-align-center" data-align="center"><img loading="lazy" decoding="async" width="21" height="15" class="wp-image-2515" style="width: 21px" src="https://seal.transport-manager.net/marshall/wp-content/uploads/sites/76/2024/09/Francia.png" alt=""> Carrier Carrosserie</td></tr><tr><td class="has-text-align-center" data-align="center">catégorie</td><td class="has-text-align-center" data-align="center">autocar polyvalent standard</td></tr><tr><td class="has-text-align-center" data-align="center">propulsion</td><td class="has-text-align-center" data-align="center"><img loading="lazy" decoding="async" width="61" height="61" class="wp-image-1029" style="width: 61px" src="https://seal.transport-manager.net/marshall/wp-content/uploads/sites/76/2022/10/D.png" alt=""></td></tr><tr><td class="has-text-align-center" data-align="center">commercialisation</td><td class="has-text-align-center" data-align="center">2006-2011</td></tr><tr><td class="has-text-align-center" data-align="center">l x L x h</td><td class="has-text-align-center" data-align="center">12,54 m x 2,55 m x 3,3 m</td></tr><tr><td class="has-text-align-center" data-align="center">capacité</td><td class="has-text-align-center" data-align="center">63 pax</td></tr><tr><td class="has-text-align-center" data-align="center">moteur</td><td class="has-text-align-center" data-align="center">MAN D0836LOH64<br>6.9 L 6 cylindres en ligne en position transversale arrière</td></tr><tr><td class="has-text-align-center" data-align="center">puissance</td><td class="has-text-align-center" data-align="center">213 kW &#8211; 290 ch</td></tr><tr><td class="has-text-align-center" data-align="center">site de fabrication</td><td class="has-text-align-center" data-align="center"><img loading="lazy" decoding="async" width="21" height="15" class="wp-image-2515" style="width: 21px" src="https://seal.transport-manager.net/marshall/wp-content/uploads/sites/76/2024/09/Francia.png" alt=""> Alençon</td></tr><tr><td class="has-text-align-center" data-align="center">modèles concurrents<br><em>(en 2011)</em></td><td class="has-text-align-center" data-align="center">Mercedes-Benz Intouro<br>Setra S 415 ÜL<br>Irisbus Crossway Line<br>Temsa Tourmalin IC12<br>MAN Lion&rsquo;s Regio<br>Solaris InterUrbino<br>Van Hool T915 CL<br>Irizar i4 12</td></tr></tbody></table></figure>
</div>
</div>



<h3 class="wp-block-heading">Référencement du parc</h3>



<figure class="wp-block-table is-style-stripes"><table><tbody><tr><td class="has-text-align-center" data-align="center">n°</td><td class="has-text-align-center" data-align="center">date de m.e.s</td><td class="has-text-align-center" data-align="center">statut</td><td class="has-text-align-center" data-align="center">affectation courante<br>/ date de retrait</td><td class="has-text-align-center" data-align="center">immat.</td><td>historique des affectations</td></tr><tr><td class="has-text-align-center" data-align="center">FS6401</td><td class="has-text-align-center" data-align="center">11 Mars 2013</td><td class="has-text-align-center" data-align="center">en service</td><td class="has-text-align-center" data-align="center"><img loading="lazy" decoding="async" width="111" height="73" class="wp-image-3441" style="width: 111px" src="https://seal.transport-manager.net/marshall/wp-content/uploads/sites/76/2025/06/sechshunderteinundfunfzig.png" alt=""><img loading="lazy" decoding="async" width="111" height="73" class="wp-image-3442" style="width: 111px" src="https://seal.transport-manager.net/marshall/wp-content/uploads/sites/76/2025/06/sechshundertzweiundfunfzig.png" alt=""></td><td class="has-text-align-center" data-align="center">01-430-33</td><td><img loading="lazy" decoding="async" width="111" height="73" class="wp-image-3441" style="width: 55px" src="https://seal.transport-manager.net/marshall/wp-content/uploads/sites/76/2025/06/sechshunderteinundfunfzig.png" alt=""><img loading="lazy" decoding="async" width="111" height="73" class="wp-image-3442" style="width: 55px" src="https://seal.transport-manager.net/marshall/wp-content/uploads/sites/76/2025/06/sechshundertzweiundfunfzig.png" alt="">: depuis Septembre 2013</td></tr><tr><td class="has-text-align-center" data-align="center">FS6402</td><td class="has-text-align-center" data-align="center">11 Mars 2013</td><td class="has-text-align-center" data-align="center">en service</td><td class="has-text-align-center" data-align="center"><img loading="lazy" decoding="async" width="111" height="73" class="wp-image-3441" style="width: 111px" src="https://seal.transport-manager.net/marshall/wp-content/uploads/sites/76/2025/06/sechshunderteinundfunfzig.png" alt=""><img loading="lazy" decoding="async" width="111" height="73" class="wp-image-3442" style="width: 111px" src="https://seal.transport-manager.net/marshall/wp-content/uploads/sites/76/2025/06/sechshundertzweiundfunfzig.png" alt=""></td><td class="has-text-align-center" data-align="center">01-430-34</td><td><img loading="lazy" decoding="async" width="111" height="73" class="wp-image-3441" style="width: 55px" src="https://seal.transport-manager.net/marshall/wp-content/uploads/sites/76/2025/06/sechshunderteinundfunfzig.png" alt=""><img loading="lazy" decoding="async" width="111" height="73" class="wp-image-3442" style="width: 55px" src="https://seal.transport-manager.net/marshall/wp-content/uploads/sites/76/2025/06/sechshundertzweiundfunfzig.png" alt="">: depuis Septembre 2013</td></tr><tr><td class="has-text-align-center" data-align="center">FS6403</td><td class="has-text-align-center" data-align="center">23 Octobre 2013</td><td class="has-text-align-center" data-align="center">en service</td><td class="has-text-align-center" data-align="center"><img loading="lazy" decoding="async" width="111" height="73" class="wp-image-3441" style="width: 111px" src="https://seal.transport-manager.net/marshall/wp-content/uploads/sites/76/2025/06/sechshunderteinundfunfzig.png" alt=""><img loading="lazy" decoding="async" width="111" height="73" class="wp-image-3442" style="width: 111px" src="https://seal.transport-manager.net/marshall/wp-content/uploads/sites/76/2025/06/sechshundertzweiundfunfzig.png" alt=""></td><td class="has-text-align-center" data-align="center">01-437-88</td><td><img loading="lazy" decoding="async" width="111" height="73" class="wp-image-3441" style="width: 55px" src="https://seal.transport-manager.net/marshall/wp-content/uploads/sites/76/2025/06/sechshunderteinundfunfzig.png" alt=""><img loading="lazy" decoding="async" width="111" height="73" class="wp-image-3442" style="width: 55px" src="https://seal.transport-manager.net/marshall/wp-content/uploads/sites/76/2025/06/sechshundertzweiundfunfzig.png" alt="">: depuis Novembre 2013</td></tr></tbody></table></figure>

<p>mise en service 2013 statut en service effectif 3 dépôt Delalaune affectations Carrière résumée Le Starter 2 est commandé en 3 exemplaires par Transports Canard en 2011. Nommée FS6400 en &#8230; <a title="FS6400 &#8211; Fast Starter 2" class="read-more" href="https://seal.transport-manager.net/marshall/fs6400-fast-starter-2/" aria-label="En savoir plus sur FS6400 &#8211; Fast Starter 2">Lire la suite</a></p>
