{"id":4052,"date":"2025-11-03T18:21:19","date_gmt":"2025-11-03T17:21:19","guid":{"rendered":"https:\/\/seal.transport-manager.net\/marshall\/?page_id=4052"},"modified":"2025-11-05T20:49:07","modified_gmt":"2025-11-05T19:49:07","slug":"np8900-neoplan-starliner-l","status":"publish","type":"page","link":"https:\/\/seal.transport-manager.net\/marshall\/np8900-neoplan-starliner-l\/","title":{"rendered":"NP8810 &#8211; Neoplan Starliner L"},"content":{"rendered":"<div class=\"wp-block-image\">\n<figure class=\"aligncenter size-full\"><a href=\"https:\/\/i.ibb.co\/N2mQqZg0\/P12-Starliner-LCanard.png\"><img loading=\"lazy\" decoding=\"async\" width=\"978\" height=\"360\" src=\"https:\/\/seal.transport-manager.net\/marshall\/wp-content\/uploads\/sites\/76\/2025\/11\/P12StarlinerLCanard.png\" alt=\"\" class=\"wp-image-4053\" srcset=\"https:\/\/seal.transport-manager.net\/marshall\/wp-content\/uploads\/sites\/76\/2025\/11\/P12StarlinerLCanard.png 978w, https:\/\/seal.transport-manager.net\/marshall\/wp-content\/uploads\/sites\/76\/2025\/11\/P12StarlinerLCanard-300x110.png 300w, https:\/\/seal.transport-manager.net\/marshall\/wp-content\/uploads\/sites\/76\/2025\/11\/P12StarlinerLCanard-768x283.png 768w\" sizes=\"auto, (max-width: 978px) 100vw, 978px\" \/><\/a><figcaption class=\"wp-element-caption\"><a href=\"https:\/\/i.ibb.co\/N2mQqZg0\/P12-Starliner-LCanard.png\">cliquez pour agrandir<\/a><\/figcaption><\/figure>\n<\/div>\n\n\n<div class=\"wp-block-columns is-layout-flex wp-container-core-columns-is-layout-9d6595d7 wp-block-columns-is-layout-flex\">\n<div class=\"wp-block-column is-layout-flow wp-block-column-is-layout-flow\">\n<figure class=\"wp-block-table is-style-stripes\"><table class=\"has-fixed-layout\"><tbody><tr><td class=\"has-text-align-center\" data-align=\"center\">mise en service<\/td><td class=\"has-text-align-center\" data-align=\"center\">2014<\/td><\/tr><tr><td class=\"has-text-align-center\" data-align=\"center\">statut<\/td><td class=\"has-text-align-center\" data-align=\"center\">en service<\/td><\/tr><tr><td class=\"has-text-align-center\" data-align=\"center\">effectif<\/td><td class=\"has-text-align-center\" data-align=\"center\">2<\/td><\/tr><tr><td class=\"has-text-align-center\" data-align=\"center\">d\u00e9p\u00f4t<\/td><td class=\"has-text-align-center\" data-align=\"center\">Delalaune<\/td><\/tr><tr><td class=\"has-text-align-center\" data-align=\"center\">affectations<\/td><td class=\"has-text-align-center\" data-align=\"center\"><img loading=\"lazy\" decoding=\"async\" width=\"111\" height=\"73\" class=\"wp-image-3979\" style=\"width: 111px\" src=\"https:\/\/seal.transport-manager.net\/marshall\/wp-content\/uploads\/sites\/76\/2025\/10\/Tour.png\" alt=\"\"><img loading=\"lazy\" decoding=\"async\" width=\"111\" height=\"73\" class=\"wp-image-3980\" style=\"width: 111px\" src=\"https:\/\/seal.transport-manager.net\/marshall\/wp-content\/uploads\/sites\/76\/2025\/10\/GT.png\" alt=\"\"><\/td><\/tr><\/tbody><\/table><\/figure>\n\n\n\n<h3 class=\"wp-block-heading\">Carri\u00e8re r\u00e9sum\u00e9e<\/h3>\n\n\n\n<p>Le Starliner L est command\u00e9 en 2 exemplaires par Transports Canard en 2014 afin de completer la flotte d\u00e9j\u00e0 command\u00e9e de Starliner classiques avec une version plus capacitaire. Nomm\u00e9e NP8810 en interne (<strong>N<\/strong>eo<strong>p<\/strong>lan s\u00e9rie 8810), la s\u00e9rie est livr\u00e9e en novembre 2014 et est d\u00e8s lors int\u00e9gr\u00e9e \u00e0 la flotte grand-tourisme de la filiale Canarama by Transports Canard. Suite \u00e0 la suppression de Canarama en 2025, les Starliner L sont officiellement incorpor\u00e9s dans le parc de Transports Canard.<\/p>\n\n\n\n<p>Depuis leur mise en service, les Starliner L, \u00e0 l&rsquo;instar de leurs homologues plus courts, sont consid\u00e9r\u00e9s comme les vaisseaux amiraux de la flotte Transports Canard.<\/p>\n<\/div>\n\n\n\n<div class=\"wp-block-column is-layout-flow wp-block-column-is-layout-flow\">\n<figure class=\"wp-block-table is-style-stripes\"><table class=\"has-fixed-layout\"><tbody><tr><td class=\"has-text-align-center\" data-align=\"center\">gamme<\/td><td class=\"has-text-align-center\" data-align=\"center\">Starliner II (P11\/P12)<\/td><\/tr><tr><td class=\"has-text-align-center\" data-align=\"center\">constructeur<\/td><td class=\"has-text-align-center\" data-align=\"center\"><img loading=\"lazy\" decoding=\"async\" width=\"25\" height=\"15\" class=\"wp-image-2513\" style=\"width: 25px\" src=\"https:\/\/seal.transport-manager.net\/marshall\/wp-content\/uploads\/sites\/76\/2024\/09\/Germania.png\" alt=\"\"> Neoplan<\/td><\/tr><tr><td class=\"has-text-align-center\" data-align=\"center\">cat\u00e9gorie<\/td><td class=\"has-text-align-center\" data-align=\"center\">autocar grand tourisme long<\/td><\/tr><tr><td class=\"has-text-align-center\" data-align=\"center\">propulsion<\/td><td class=\"has-text-align-center\" data-align=\"center\"><img loading=\"lazy\" decoding=\"async\" width=\"61\" height=\"61\" class=\"wp-image-1029\" style=\"width: 61px\" src=\"https:\/\/seal.transport-manager.net\/marshall\/wp-content\/uploads\/sites\/76\/2022\/10\/D.png\" alt=\"\"><\/td><\/tr><tr><td class=\"has-text-align-center\" data-align=\"center\">commercialisation<\/td><td class=\"has-text-align-center\" data-align=\"center\">2006-2014<\/td><\/tr><tr><td class=\"has-text-align-center\" data-align=\"center\">l x L x h<\/td><td class=\"has-text-align-center\" data-align=\"center\">13,99 m x 2,55 m x 3,97 m<\/td><\/tr><tr><td class=\"has-text-align-center\" data-align=\"center\">capacit\u00e9<\/td><td class=\"has-text-align-center\" data-align=\"center\">63 pax<\/td><\/tr><tr><td class=\"has-text-align-center\" data-align=\"center\">moteur<\/td><td class=\"has-text-align-center\" data-align=\"center\">MAN D2676LOH28<br>12.8 L 6 cylindres en ligne en position longitudinale arri\u00e8re<\/td><\/tr><tr><td class=\"has-text-align-center\" data-align=\"center\">puissance<\/td><td class=\"has-text-align-center\" data-align=\"center\">371 kW &#8211; 505 ch<\/td><\/tr><tr><td class=\"has-text-align-center\" data-align=\"center\">site de fabrication<\/td><td class=\"has-text-align-center\" data-align=\"center\"><img loading=\"lazy\" decoding=\"async\" width=\"25\" height=\"15\" class=\"wp-image-2513\" style=\"width: 25px\" src=\"https:\/\/seal.transport-manager.net\/marshall\/wp-content\/uploads\/sites\/76\/2024\/09\/Germania.png\" alt=\"\"> Plauen<\/td><\/tr><tr><td class=\"has-text-align-center\" data-align=\"center\">mod\u00e8les concurrents<br><em>(en 2014)<\/em><\/td><td class=\"has-text-align-center\" data-align=\"center\">Mercedes-Benz Travego L<br>Setra S 417 HDH<br>Volvo 9900 13.8 m<br>Van Hool TX17 Astron<br>Van Hool TX17 Astronef<br>Van Hool TX18 Altano<br>Irizar PB 14<\/td><\/tr><\/tbody><\/table><\/figure>\n<\/div>\n<\/div>\n\n\n\n<h3 class=\"wp-block-heading\">R\u00e9f\u00e9rencement du parc<\/h3>\n\n\n\n<figure class=\"wp-block-table is-style-stripes\"><table><tbody><tr><td class=\"has-text-align-center\" data-align=\"center\">n\u00b0<\/td><td class=\"has-text-align-center\" data-align=\"center\">date de m.e.s<\/td><td class=\"has-text-align-center\" data-align=\"center\">statut<\/td><td class=\"has-text-align-center\" data-align=\"center\">affectation courante<br>\/ date de retrait<\/td><td class=\"has-text-align-center\" data-align=\"center\">immat.<\/td><td>historique des affectations<\/td><\/tr><tr><td class=\"has-text-align-center\" data-align=\"center\">NP8811<\/td><td class=\"has-text-align-center\" data-align=\"center\">17 Novembre 2014<\/td><td class=\"has-text-align-center\" data-align=\"center\">en service<\/td><td class=\"has-text-align-center\" data-align=\"center\"><img loading=\"lazy\" decoding=\"async\" width=\"111\" height=\"73\" class=\"wp-image-3979\" style=\"width: 111px\" src=\"https:\/\/seal.transport-manager.net\/marshall\/wp-content\/uploads\/sites\/76\/2025\/10\/Tour.png\" alt=\"\"><img loading=\"lazy\" decoding=\"async\" width=\"111\" height=\"73\" class=\"wp-image-3980\" style=\"width: 111px\" src=\"https:\/\/seal.transport-manager.net\/marshall\/wp-content\/uploads\/sites\/76\/2025\/10\/GT.png\" alt=\"\"><\/td><td class=\"has-text-align-center\" data-align=\"center\">01-525-35<\/td><td><img loading=\"lazy\" decoding=\"async\" width=\"111\" height=\"73\" class=\"wp-image-3979\" style=\"width: 55px\" src=\"https:\/\/seal.transport-manager.net\/marshall\/wp-content\/uploads\/sites\/76\/2025\/10\/Tour.png\" alt=\"\"><img loading=\"lazy\" decoding=\"async\" width=\"111\" height=\"73\" class=\"wp-image-3980\" style=\"width: 55px\" src=\"https:\/\/seal.transport-manager.net\/marshall\/wp-content\/uploads\/sites\/76\/2025\/10\/GT.png\" alt=\"\">: depuis D\u00e9cembre 2014<\/td><\/tr><tr><td class=\"has-text-align-center\" data-align=\"center\">NP8812<\/td><td class=\"has-text-align-center\" data-align=\"center\">17 Novembre 2014<\/td><td class=\"has-text-align-center\" data-align=\"center\">en service<\/td><td class=\"has-text-align-center\" data-align=\"center\"><img loading=\"lazy\" decoding=\"async\" width=\"111\" height=\"73\" class=\"wp-image-3979\" style=\"width: 111px\" src=\"https:\/\/seal.transport-manager.net\/marshall\/wp-content\/uploads\/sites\/76\/2025\/10\/Tour.png\" alt=\"\"><img loading=\"lazy\" decoding=\"async\" width=\"111\" height=\"73\" class=\"wp-image-3980\" style=\"width: 111px\" src=\"https:\/\/seal.transport-manager.net\/marshall\/wp-content\/uploads\/sites\/76\/2025\/10\/GT.png\" alt=\"\"><\/td><td class=\"has-text-align-center\" data-align=\"center\">01-525-36<\/td><td><img loading=\"lazy\" decoding=\"async\" width=\"111\" height=\"73\" class=\"wp-image-3979\" style=\"width: 55px\" src=\"https:\/\/seal.transport-manager.net\/marshall\/wp-content\/uploads\/sites\/76\/2025\/10\/Tour.png\" alt=\"\"><img loading=\"lazy\" decoding=\"async\" width=\"111\" height=\"73\" class=\"wp-image-3980\" style=\"width: 55px\" src=\"https:\/\/seal.transport-manager.net\/marshall\/wp-content\/uploads\/sites\/76\/2025\/10\/GT.png\" alt=\"\">: depuis D\u00e9cembre 2014<\/td><\/tr><\/tbody><\/table><\/figure>\n","protected":false},"excerpt":{"rendered":"<p>mise en service 2014 statut en service effectif 2 d\u00e9p\u00f4t Delalaune affectations Carri\u00e8re r\u00e9sum\u00e9e Le Starliner L est command\u00e9 en 2 exemplaires par Transports Canard en 2014 afin de completer &#8230; <a title=\"NP8810 &#8211; Neoplan Starliner L\" class=\"read-more\" href=\"https:\/\/seal.transport-manager.net\/marshall\/np8900-neoplan-starliner-l\/\" aria-label=\"En savoir plus sur NP8810 &#8211; Neoplan Starliner L\">Lire la suite<\/a><\/p>\n","protected":false},"author":76,"featured_media":3651,"parent":0,"menu_order":0,"comment_status":"closed","ping_status":"closed","template":"","meta":{"footnotes":""},"class_list":["post-4052","page","type-page","status-publish","has-post-thumbnail"],"_links":{"self":[{"href":"https:\/\/seal.transport-manager.net\/marshall\/wp-json\/wp\/v2\/pages\/4052","targetHints":{"allow":["GET"]}}],"collection":[{"href":"https:\/\/seal.transport-manager.net\/marshall\/wp-json\/wp\/v2\/pages"}],"about":[{"href":"https:\/\/seal.transport-manager.net\/marshall\/wp-json\/wp\/v2\/types\/page"}],"author":[{"embeddable":true,"href":"https:\/\/seal.transport-manager.net\/marshall\/wp-json\/wp\/v2\/users\/76"}],"replies":[{"embeddable":true,"href":"https:\/\/seal.transport-manager.net\/marshall\/wp-json\/wp\/v2\/comments?post=4052"}],"version-history":[{"count":2,"href":"https:\/\/seal.transport-manager.net\/marshall\/wp-json\/wp\/v2\/pages\/4052\/revisions"}],"predecessor-version":[{"id":4059,"href":"https:\/\/seal.transport-manager.net\/marshall\/wp-json\/wp\/v2\/pages\/4052\/revisions\/4059"}],"wp:featuredmedia":[{"embeddable":true,"href":"https:\/\/seal.transport-manager.net\/marshall\/wp-json\/wp\/v2\/media\/3651"}],"wp:attachment":[{"href":"https:\/\/seal.transport-manager.net\/marshall\/wp-json\/wp\/v2\/media?parent=4052"}],"curies":[{"name":"wp","href":"https:\/\/api.w.org\/{rel}","templated":true}]}}

<div class="wp-block-image">
<figure class="aligncenter size-full"><a href="https://i.ibb.co/N2mQqZg0/P12-Starliner-LCanard.png"><img loading="lazy" decoding="async" width="978" height="360" src="https://seal.transport-manager.net/marshall/wp-content/uploads/sites/76/2025/11/P12StarlinerLCanard.png" alt="" class="wp-image-4053" srcset="https://seal.transport-manager.net/marshall/wp-content/uploads/sites/76/2025/11/P12StarlinerLCanard.png 978w, https://seal.transport-manager.net/marshall/wp-content/uploads/sites/76/2025/11/P12StarlinerLCanard-300x110.png 300w, https://seal.transport-manager.net/marshall/wp-content/uploads/sites/76/2025/11/P12StarlinerLCanard-768x283.png 768w" sizes="auto, (max-width: 978px) 100vw, 978px" /></a><figcaption class="wp-element-caption"><a href="https://i.ibb.co/N2mQqZg0/P12-Starliner-LCanard.png">cliquez pour agrandir</a></figcaption></figure>
</div>


<div class="wp-block-columns is-layout-flex wp-container-core-columns-is-layout-9d6595d7 wp-block-columns-is-layout-flex">
<div class="wp-block-column is-layout-flow wp-block-column-is-layout-flow">
<figure class="wp-block-table is-style-stripes"><table class="has-fixed-layout"><tbody><tr><td class="has-text-align-center" data-align="center">mise en service</td><td class="has-text-align-center" data-align="center">2014</td></tr><tr><td class="has-text-align-center" data-align="center">statut</td><td class="has-text-align-center" data-align="center">en service</td></tr><tr><td class="has-text-align-center" data-align="center">effectif</td><td class="has-text-align-center" data-align="center">2</td></tr><tr><td class="has-text-align-center" data-align="center">dépôt</td><td class="has-text-align-center" data-align="center">Delalaune</td></tr><tr><td class="has-text-align-center" data-align="center">affectations</td><td class="has-text-align-center" data-align="center"><img loading="lazy" decoding="async" width="111" height="73" class="wp-image-3979" style="width: 111px" src="https://seal.transport-manager.net/marshall/wp-content/uploads/sites/76/2025/10/Tour.png" alt=""><img loading="lazy" decoding="async" width="111" height="73" class="wp-image-3980" style="width: 111px" src="https://seal.transport-manager.net/marshall/wp-content/uploads/sites/76/2025/10/GT.png" alt=""></td></tr></tbody></table></figure>



<h3 class="wp-block-heading">Carrière résumée</h3>



<p>Le Starliner L est commandé en 2 exemplaires par Transports Canard en 2014 afin de completer la flotte déjà commandée de Starliner classiques avec une version plus capacitaire. Nommée NP8810 en interne (<strong>N</strong>eo<strong>p</strong>lan série 8810), la série est livrée en novembre 2014 et est dès lors intégrée à la flotte grand-tourisme de la filiale Canarama by Transports Canard. Suite à la suppression de Canarama en 2025, les Starliner L sont officiellement incorporés dans le parc de Transports Canard.</p>



<p>Depuis leur mise en service, les Starliner L, à l&rsquo;instar de leurs homologues plus courts, sont considérés comme les vaisseaux amiraux de la flotte Transports Canard.</p>
</div>



<div class="wp-block-column is-layout-flow wp-block-column-is-layout-flow">
<figure class="wp-block-table is-style-stripes"><table class="has-fixed-layout"><tbody><tr><td class="has-text-align-center" data-align="center">gamme</td><td class="has-text-align-center" data-align="center">Starliner II (P11/P12)</td></tr><tr><td class="has-text-align-center" data-align="center">constructeur</td><td class="has-text-align-center" data-align="center"><img loading="lazy" decoding="async" width="25" height="15" class="wp-image-2513" style="width: 25px" src="https://seal.transport-manager.net/marshall/wp-content/uploads/sites/76/2024/09/Germania.png" alt=""> Neoplan</td></tr><tr><td class="has-text-align-center" data-align="center">catégorie</td><td class="has-text-align-center" data-align="center">autocar grand tourisme long</td></tr><tr><td class="has-text-align-center" data-align="center">propulsion</td><td class="has-text-align-center" data-align="center"><img loading="lazy" decoding="async" width="61" height="61" class="wp-image-1029" style="width: 61px" src="https://seal.transport-manager.net/marshall/wp-content/uploads/sites/76/2022/10/D.png" alt=""></td></tr><tr><td class="has-text-align-center" data-align="center">commercialisation</td><td class="has-text-align-center" data-align="center">2006-2014</td></tr><tr><td class="has-text-align-center" data-align="center">l x L x h</td><td class="has-text-align-center" data-align="center">13,99 m x 2,55 m x 3,97 m</td></tr><tr><td class="has-text-align-center" data-align="center">capacité</td><td class="has-text-align-center" data-align="center">63 pax</td></tr><tr><td class="has-text-align-center" data-align="center">moteur</td><td class="has-text-align-center" data-align="center">MAN D2676LOH28<br>12.8 L 6 cylindres en ligne en position longitudinale arrière</td></tr><tr><td class="has-text-align-center" data-align="center">puissance</td><td class="has-text-align-center" data-align="center">371 kW &#8211; 505 ch</td></tr><tr><td class="has-text-align-center" data-align="center">site de fabrication</td><td class="has-text-align-center" data-align="center"><img loading="lazy" decoding="async" width="25" height="15" class="wp-image-2513" style="width: 25px" src="https://seal.transport-manager.net/marshall/wp-content/uploads/sites/76/2024/09/Germania.png" alt=""> Plauen</td></tr><tr><td class="has-text-align-center" data-align="center">modèles concurrents<br><em>(en 2014)</em></td><td class="has-text-align-center" data-align="center">Mercedes-Benz Travego L<br>Setra S 417 HDH<br>Volvo 9900 13.8 m<br>Van Hool TX17 Astron<br>Van Hool TX17 Astronef<br>Van Hool TX18 Altano<br>Irizar PB 14</td></tr></tbody></table></figure>
</div>
</div>



<h3 class="wp-block-heading">Référencement du parc</h3>



<figure class="wp-block-table is-style-stripes"><table><tbody><tr><td class="has-text-align-center" data-align="center">n°</td><td class="has-text-align-center" data-align="center">date de m.e.s</td><td class="has-text-align-center" data-align="center">statut</td><td class="has-text-align-center" data-align="center">affectation courante<br>/ date de retrait</td><td class="has-text-align-center" data-align="center">immat.</td><td>historique des affectations</td></tr><tr><td class="has-text-align-center" data-align="center">NP8811</td><td class="has-text-align-center" data-align="center">17 Novembre 2014</td><td class="has-text-align-center" data-align="center">en service</td><td class="has-text-align-center" data-align="center"><img loading="lazy" decoding="async" width="111" height="73" class="wp-image-3979" style="width: 111px" src="https://seal.transport-manager.net/marshall/wp-content/uploads/sites/76/2025/10/Tour.png" alt=""><img loading="lazy" decoding="async" width="111" height="73" class="wp-image-3980" style="width: 111px" src="https://seal.transport-manager.net/marshall/wp-content/uploads/sites/76/2025/10/GT.png" alt=""></td><td class="has-text-align-center" data-align="center">01-525-35</td><td><img loading="lazy" decoding="async" width="111" height="73" class="wp-image-3979" style="width: 55px" src="https://seal.transport-manager.net/marshall/wp-content/uploads/sites/76/2025/10/Tour.png" alt=""><img loading="lazy" decoding="async" width="111" height="73" class="wp-image-3980" style="width: 55px" src="https://seal.transport-manager.net/marshall/wp-content/uploads/sites/76/2025/10/GT.png" alt="">: depuis Décembre 2014</td></tr><tr><td class="has-text-align-center" data-align="center">NP8812</td><td class="has-text-align-center" data-align="center">17 Novembre 2014</td><td class="has-text-align-center" data-align="center">en service</td><td class="has-text-align-center" data-align="center"><img loading="lazy" decoding="async" width="111" height="73" class="wp-image-3979" style="width: 111px" src="https://seal.transport-manager.net/marshall/wp-content/uploads/sites/76/2025/10/Tour.png" alt=""><img loading="lazy" decoding="async" width="111" height="73" class="wp-image-3980" style="width: 111px" src="https://seal.transport-manager.net/marshall/wp-content/uploads/sites/76/2025/10/GT.png" alt=""></td><td class="has-text-align-center" data-align="center">01-525-36</td><td><img loading="lazy" decoding="async" width="111" height="73" class="wp-image-3979" style="width: 55px" src="https://seal.transport-manager.net/marshall/wp-content/uploads/sites/76/2025/10/Tour.png" alt=""><img loading="lazy" decoding="async" width="111" height="73" class="wp-image-3980" style="width: 55px" src="https://seal.transport-manager.net/marshall/wp-content/uploads/sites/76/2025/10/GT.png" alt="">: depuis Décembre 2014</td></tr></tbody></table></figure>

<p>mise en service 2014 statut en service effectif 2 dépôt Delalaune affectations Carrière résumée Le Starliner L est commandé en 2 exemplaires par Transports Canard en 2014 afin de completer &#8230; <a title="NP8810 &#8211; Neoplan Starliner L" class="read-more" href="https://seal.transport-manager.net/marshall/np8900-neoplan-starliner-l/" aria-label="En savoir plus sur NP8810 &#8211; Neoplan Starliner L">Lire la suite</a></p>
