{"id":4205,"date":"2025-11-29T11:21:42","date_gmt":"2025-11-29T10:21:42","guid":{"rendered":"https:\/\/seal.transport-manager.net\/marshall\/?page_id=4205"},"modified":"2026-01-21T19:14:56","modified_gmt":"2026-01-21T18:14:56","slug":"ok14900-otokar-kent-c-12","status":"publish","type":"page","link":"https:\/\/seal.transport-manager.net\/marshall\/ok14900-otokar-kent-c-12\/","title":{"rendered":"OK14900 &#8211; Otokar Kent C 12"},"content":{"rendered":"<div class=\"wp-block-image\">\n<figure class=\"aligncenter size-full\"><a href=\"https:\/\/i.ibb.co\/gFMWZMHK\/Kent-C12-Canard.png\"><img loading=\"lazy\" decoding=\"async\" width=\"890\" height=\"360\" src=\"https:\/\/seal.transport-manager.net\/marshall\/wp-content\/uploads\/sites\/76\/2025\/11\/KentC12Canard.png\" alt=\"\" class=\"wp-image-4206\" srcset=\"https:\/\/seal.transport-manager.net\/marshall\/wp-content\/uploads\/sites\/76\/2025\/11\/KentC12Canard.png 890w, https:\/\/seal.transport-manager.net\/marshall\/wp-content\/uploads\/sites\/76\/2025\/11\/KentC12Canard-300x121.png 300w, https:\/\/seal.transport-manager.net\/marshall\/wp-content\/uploads\/sites\/76\/2025\/11\/KentC12Canard-768x311.png 768w\" sizes=\"auto, (max-width: 890px) 100vw, 890px\" \/><\/a><figcaption class=\"wp-element-caption\"><a href=\"https:\/\/i.ibb.co\/gFMWZMHK\/Kent-C12-Canard.png\">cliquez pour agrandir<\/a><\/figcaption><\/figure>\n<\/div>\n\n\n<div class=\"wp-block-columns is-layout-flex wp-container-core-columns-is-layout-9d6595d7 wp-block-columns-is-layout-flex\">\n<div class=\"wp-block-column is-layout-flow wp-block-column-is-layout-flow\">\n<figure class=\"wp-block-table is-style-stripes\"><table class=\"has-fixed-layout\"><tbody><tr><td class=\"has-text-align-center\" data-align=\"center\">mise en service<\/td><td class=\"has-text-align-center\" data-align=\"center\">2025<\/td><\/tr><tr><td class=\"has-text-align-center\" data-align=\"center\">statut<\/td><td class=\"has-text-align-center\" data-align=\"center\">en service<\/td><\/tr><tr><td class=\"has-text-align-center\" data-align=\"center\">effectif<\/td><td class=\"has-text-align-center\" data-align=\"center\">11<\/td><\/tr><tr><td class=\"has-text-align-center\" data-align=\"center\">d\u00e9p\u00f4t<\/td><td class=\"has-text-align-center\" data-align=\"center\">Archambaud<\/td><\/tr><tr><td class=\"has-text-align-center\" data-align=\"center\">affectation<\/td><td class=\"has-text-align-center\" data-align=\"center\"><img loading=\"lazy\" decoding=\"async\" width=\"109\" height=\"63\" class=\"wp-image-4246\" style=\"width: 109px\" src=\"https:\/\/seal.transport-manager.net\/marshall\/wp-content\/uploads\/sites\/76\/2025\/12\/ArtenaShuttle.png\" alt=\"\"><\/td><\/tr><\/tbody><\/table><\/figure>\n\n\n\n<h3 class=\"wp-block-heading\">Carri\u00e8re r\u00e9sum\u00e9e<\/h3>\n\n\n\n<p>Le Kent C 12 est command\u00e9 en 11 exemplaires par Transports Canard en 2025. Nomm\u00e9e OK14900 en interne (<strong>O<\/strong>to<strong>k<\/strong>ar s\u00e9rie 14900), la s\u00e9rie est livr\u00e9e en d\u00e9cembre 2025 et est d\u00e9ploy\u00e9e sur le Skibus de la station Val d&rsquo;Artena dont Transports Canard vient de remporter l&rsquo;exploitation.<\/p>\n<\/div>\n\n\n\n<div class=\"wp-block-column is-layout-flow wp-block-column-is-layout-flow\">\n<figure class=\"wp-block-table is-style-stripes\"><table class=\"has-fixed-layout\"><tbody><tr><td class=\"has-text-align-center\" data-align=\"center\">gamme<\/td><td class=\"has-text-align-center\" data-align=\"center\">Kent<\/td><\/tr><tr><td class=\"has-text-align-center\" data-align=\"center\">constructeur<\/td><td class=\"has-text-align-center\" data-align=\"center\"><img loading=\"lazy\" decoding=\"async\" width=\"21\" height=\"14\" class=\"wp-image-3126\" style=\"width: 21px\" src=\"https:\/\/seal.transport-manager.net\/marshall\/wp-content\/uploads\/sites\/76\/2025\/04\/Turquia.png\" alt=\"\"> Otokar<\/td><\/tr><tr><td class=\"has-text-align-center\" data-align=\"center\">cat\u00e9gorie<\/td><td class=\"has-text-align-center\" data-align=\"center\">urbain standard<\/td><\/tr><tr><td class=\"has-text-align-center\" data-align=\"center\">propulsion<\/td><td class=\"has-text-align-center\" data-align=\"center\"><img loading=\"lazy\" decoding=\"async\" width=\"61\" height=\"61\" class=\"wp-image-1029\" style=\"width: 61px\" src=\"https:\/\/seal.transport-manager.net\/marshall\/wp-content\/uploads\/sites\/76\/2022\/10\/D.png\" alt=\"\"><\/td><\/tr><tr><td class=\"has-text-align-center\" data-align=\"center\">commercialisation<\/td><td class=\"has-text-align-center\" data-align=\"center\">depuis 2011<\/td><\/tr><tr><td class=\"has-text-align-center\" data-align=\"center\">l x L x h<\/td><td class=\"has-text-align-center\" data-align=\"center\">12,00 m x 2,55 m x 3,17 m<\/td><\/tr><tr><td class=\"has-text-align-center\" data-align=\"center\">capacit\u00e9<\/td><td class=\"has-text-align-center\" data-align=\"center\">97 pax (dont 28 assis)<\/td><\/tr><tr><td class=\"has-text-align-center\" data-align=\"center\">motorisation<\/td><td class=\"has-text-align-center\" data-align=\"center\">Cummins ISB6.7<br>6.7 L 6 cylindres en ligne en position longitudinale arri\u00e8re<\/td><\/tr><tr><td class=\"has-text-align-center\" data-align=\"center\">puissance<\/td><td class=\"has-text-align-center\" data-align=\"center\">220 kW &#8211; 299 ch<\/td><\/tr><tr><td class=\"has-text-align-center\" data-align=\"center\">site de fabrication<\/td><td class=\"has-text-align-center\" data-align=\"center\"><img loading=\"lazy\" decoding=\"async\" width=\"21\" height=\"14\" class=\"wp-image-3126\" style=\"width: 21px\" src=\"https:\/\/seal.transport-manager.net\/marshall\/wp-content\/uploads\/sites\/76\/2025\/04\/Turquia.png\" alt=\"\"> Sakarya<\/td><\/tr><tr><td class=\"has-text-align-center\" data-align=\"center\">mod\u00e8les concurrents<br><em>(en 2025)<\/em><\/td><td class=\"has-text-align-center\" data-align=\"center\">Mercedes-Benz Citaro C2<br>Mercedes-Benz Conecto<br>Iveco Urbanway 12<br>MAN Lion&rsquo;s City 12<br>Solaris Urbino 12 IV<br>Isuzu Citiport 12<br>Temsa Avenue LF 12<\/td><\/tr><\/tbody><\/table><\/figure>\n<\/div>\n<\/div>\n\n\n\n<h3 class=\"wp-block-heading\">R\u00e9f\u00e9rencement du parc<\/h3>\n\n\n\n<figure class=\"wp-block-table is-style-stripes\"><table><tbody><tr><td class=\"has-text-align-center\" data-align=\"center\">n\u00b0<\/td><td class=\"has-text-align-center\" data-align=\"center\">date de m.e.s<\/td><td class=\"has-text-align-center\" data-align=\"center\">statut<\/td><td class=\"has-text-align-center\" data-align=\"center\">affectation courante<br>\/ date de retrait<\/td><td class=\"has-text-align-center\" data-align=\"center\">immat.<\/td><td>historique des affectations<\/td><\/tr><tr><td class=\"has-text-align-center\" data-align=\"center\">OK14901<\/td><td class=\"has-text-align-center\" data-align=\"center\">1 D\u00e9cembre 2025<\/td><td class=\"has-text-align-center\" data-align=\"center\">en service<\/td><td class=\"has-text-align-center\" data-align=\"center\"><img loading=\"lazy\" decoding=\"async\" width=\"109\" height=\"63\" class=\"wp-image-4246\" style=\"width: 109px\" src=\"https:\/\/seal.transport-manager.net\/marshall\/wp-content\/uploads\/sites\/76\/2025\/12\/ArtenaShuttle.png\" alt=\"\"><\/td><td class=\"has-text-align-center\" data-align=\"center\">01-552-85<\/td><td><img loading=\"lazy\" decoding=\"async\" width=\"109\" height=\"63\" class=\"wp-image-4246\" style=\"width: 54px\" src=\"https:\/\/seal.transport-manager.net\/marshall\/wp-content\/uploads\/sites\/76\/2025\/12\/ArtenaShuttle.png\" alt=\"\"> : depuis D\u00e9cembre 2025<\/td><\/tr><tr><td class=\"has-text-align-center\" data-align=\"center\">OK14902<\/td><td class=\"has-text-align-center\" data-align=\"center\">1 D\u00e9cembre 2025<\/td><td class=\"has-text-align-center\" data-align=\"center\">en service<\/td><td class=\"has-text-align-center\" data-align=\"center\"><img loading=\"lazy\" decoding=\"async\" width=\"109\" height=\"63\" class=\"wp-image-4246\" style=\"width: 109px\" src=\"https:\/\/seal.transport-manager.net\/marshall\/wp-content\/uploads\/sites\/76\/2025\/12\/ArtenaShuttle.png\" alt=\"\"><\/td><td class=\"has-text-align-center\" data-align=\"center\">01-552-86<\/td><td><img loading=\"lazy\" decoding=\"async\" width=\"109\" height=\"63\" class=\"wp-image-4246\" style=\"width: 54px\" src=\"https:\/\/seal.transport-manager.net\/marshall\/wp-content\/uploads\/sites\/76\/2025\/12\/ArtenaShuttle.png\" alt=\"\"> : depuis D\u00e9cembre 2025<\/td><\/tr><tr><td class=\"has-text-align-center\" data-align=\"center\">OK14903<\/td><td class=\"has-text-align-center\" data-align=\"center\">1 D\u00e9cembre 2025<\/td><td class=\"has-text-align-center\" data-align=\"center\">en service<\/td><td class=\"has-text-align-center\" data-align=\"center\"><img loading=\"lazy\" decoding=\"async\" width=\"109\" height=\"63\" class=\"wp-image-4246\" style=\"width: 109px\" src=\"https:\/\/seal.transport-manager.net\/marshall\/wp-content\/uploads\/sites\/76\/2025\/12\/ArtenaShuttle.png\" alt=\"\"><\/td><td class=\"has-text-align-center\" data-align=\"center\">01-552-87<\/td><td><img loading=\"lazy\" decoding=\"async\" width=\"109\" height=\"63\" class=\"wp-image-4246\" style=\"width: 54px\" src=\"https:\/\/seal.transport-manager.net\/marshall\/wp-content\/uploads\/sites\/76\/2025\/12\/ArtenaShuttle.png\" alt=\"\"> : depuis D\u00e9cembre 2025<\/td><\/tr><tr><td class=\"has-text-align-center\" data-align=\"center\">OK14904<\/td><td class=\"has-text-align-center\" data-align=\"center\">1 D\u00e9cembre 2025<\/td><td class=\"has-text-align-center\" data-align=\"center\">en service<\/td><td class=\"has-text-align-center\" data-align=\"center\"><img loading=\"lazy\" decoding=\"async\" width=\"109\" height=\"63\" class=\"wp-image-4246\" style=\"width: 109px\" src=\"https:\/\/seal.transport-manager.net\/marshall\/wp-content\/uploads\/sites\/76\/2025\/12\/ArtenaShuttle.png\" alt=\"\"><\/td><td class=\"has-text-align-center\" data-align=\"center\">01-552-88<\/td><td><img loading=\"lazy\" decoding=\"async\" width=\"109\" height=\"63\" class=\"wp-image-4246\" style=\"width: 54px\" src=\"https:\/\/seal.transport-manager.net\/marshall\/wp-content\/uploads\/sites\/76\/2025\/12\/ArtenaShuttle.png\" alt=\"\"> : depuis D\u00e9cembre 2025<\/td><\/tr><tr><td class=\"has-text-align-center\" data-align=\"center\">OK14905<\/td><td class=\"has-text-align-center\" data-align=\"center\">10 D\u00e9cembre 2025<\/td><td class=\"has-text-align-center\" data-align=\"center\">en service<\/td><td class=\"has-text-align-center\" data-align=\"center\"><img loading=\"lazy\" decoding=\"async\" width=\"109\" height=\"63\" class=\"wp-image-4246\" style=\"width: 109px\" src=\"https:\/\/seal.transport-manager.net\/marshall\/wp-content\/uploads\/sites\/76\/2025\/12\/ArtenaShuttle.png\" alt=\"\"><\/td><td class=\"has-text-align-center\" data-align=\"center\">01-565-50<\/td><td><img loading=\"lazy\" decoding=\"async\" width=\"109\" height=\"63\" class=\"wp-image-4246\" style=\"width: 54px\" src=\"https:\/\/seal.transport-manager.net\/marshall\/wp-content\/uploads\/sites\/76\/2025\/12\/ArtenaShuttle.png\" alt=\"\"> : depuis D\u00e9cembre 2025<\/td><\/tr><tr><td class=\"has-text-align-center\" data-align=\"center\">OK14906<\/td><td class=\"has-text-align-center\" data-align=\"center\">10 D\u00e9cembre 2025<\/td><td class=\"has-text-align-center\" data-align=\"center\">en service<\/td><td class=\"has-text-align-center\" data-align=\"center\"><img loading=\"lazy\" decoding=\"async\" width=\"109\" height=\"63\" class=\"wp-image-4246\" style=\"width: 109px\" src=\"https:\/\/seal.transport-manager.net\/marshall\/wp-content\/uploads\/sites\/76\/2025\/12\/ArtenaShuttle.png\" alt=\"\"><\/td><td class=\"has-text-align-center\" data-align=\"center\">01-565-51<\/td><td><img loading=\"lazy\" decoding=\"async\" width=\"109\" height=\"63\" class=\"wp-image-4246\" style=\"width: 54px\" src=\"https:\/\/seal.transport-manager.net\/marshall\/wp-content\/uploads\/sites\/76\/2025\/12\/ArtenaShuttle.png\" alt=\"\"> : depuis D\u00e9cembre 2025<\/td><\/tr><tr><td class=\"has-text-align-center\" data-align=\"center\">OK14907<\/td><td class=\"has-text-align-center\" data-align=\"center\">10 D\u00e9cembre 2025<\/td><td class=\"has-text-align-center\" data-align=\"center\">en service<\/td><td class=\"has-text-align-center\" data-align=\"center\"><img loading=\"lazy\" decoding=\"async\" width=\"109\" height=\"63\" class=\"wp-image-4246\" style=\"width: 109px\" src=\"https:\/\/seal.transport-manager.net\/marshall\/wp-content\/uploads\/sites\/76\/2025\/12\/ArtenaShuttle.png\" alt=\"\"><\/td><td class=\"has-text-align-center\" data-align=\"center\">01-565-52<\/td><td><img loading=\"lazy\" decoding=\"async\" width=\"109\" height=\"63\" class=\"wp-image-4246\" style=\"width: 54px\" src=\"https:\/\/seal.transport-manager.net\/marshall\/wp-content\/uploads\/sites\/76\/2025\/12\/ArtenaShuttle.png\" alt=\"\"> : depuis D\u00e9cembre 2025<\/td><\/tr><tr><td class=\"has-text-align-center\" data-align=\"center\">OK14908<\/td><td class=\"has-text-align-center\" data-align=\"center\">10 D\u00e9cembre 2025<\/td><td class=\"has-text-align-center\" data-align=\"center\">en service<\/td><td class=\"has-text-align-center\" data-align=\"center\"><img loading=\"lazy\" decoding=\"async\" width=\"109\" height=\"63\" class=\"wp-image-4246\" style=\"width: 109px\" src=\"https:\/\/seal.transport-manager.net\/marshall\/wp-content\/uploads\/sites\/76\/2025\/12\/ArtenaShuttle.png\" alt=\"\"><\/td><td class=\"has-text-align-center\" data-align=\"center\">01-565-53<\/td><td><img loading=\"lazy\" decoding=\"async\" width=\"109\" height=\"63\" class=\"wp-image-4246\" style=\"width: 54px\" src=\"https:\/\/seal.transport-manager.net\/marshall\/wp-content\/uploads\/sites\/76\/2025\/12\/ArtenaShuttle.png\" alt=\"\"> : depuis D\u00e9cembre 2025<\/td><\/tr><tr><td class=\"has-text-align-center\" data-align=\"center\">OK14909<\/td><td class=\"has-text-align-center\" data-align=\"center\">23 D\u00e9cembre 2025<\/td><td class=\"has-text-align-center\" data-align=\"center\">en service<\/td><td class=\"has-text-align-center\" data-align=\"center\"><img loading=\"lazy\" decoding=\"async\" width=\"109\" height=\"63\" class=\"wp-image-4246\" style=\"width: 109px\" src=\"https:\/\/seal.transport-manager.net\/marshall\/wp-content\/uploads\/sites\/76\/2025\/12\/ArtenaShuttle.png\" alt=\"\"><\/td><td class=\"has-text-align-center\" data-align=\"center\">01-575-88<\/td><td><img loading=\"lazy\" decoding=\"async\" width=\"109\" height=\"63\" class=\"wp-image-4246\" style=\"width: 54px\" src=\"https:\/\/seal.transport-manager.net\/marshall\/wp-content\/uploads\/sites\/76\/2025\/12\/ArtenaShuttle.png\" alt=\"\"> : depuis D\u00e9cembre 2025<\/td><\/tr><tr><td class=\"has-text-align-center\" data-align=\"center\">OK14910<\/td><td class=\"has-text-align-center\" data-align=\"center\">23 D\u00e9cembre 2025<\/td><td class=\"has-text-align-center\" data-align=\"center\">en service<\/td><td class=\"has-text-align-center\" data-align=\"center\"><img loading=\"lazy\" decoding=\"async\" width=\"109\" height=\"63\" class=\"wp-image-4246\" style=\"width: 109px\" src=\"https:\/\/seal.transport-manager.net\/marshall\/wp-content\/uploads\/sites\/76\/2025\/12\/ArtenaShuttle.png\" alt=\"\"><\/td><td class=\"has-text-align-center\" data-align=\"center\">01-575-89<\/td><td><img loading=\"lazy\" decoding=\"async\" width=\"109\" height=\"63\" class=\"wp-image-4246\" style=\"width: 54px\" src=\"https:\/\/seal.transport-manager.net\/marshall\/wp-content\/uploads\/sites\/76\/2025\/12\/ArtenaShuttle.png\" alt=\"\"> : depuis D\u00e9cembre 2025<\/td><\/tr><tr><td class=\"has-text-align-center\" data-align=\"center\">OK14911<\/td><td class=\"has-text-align-center\" data-align=\"center\">23 D\u00e9cembre 2025<\/td><td class=\"has-text-align-center\" data-align=\"center\">en service<\/td><td class=\"has-text-align-center\" data-align=\"center\"><img loading=\"lazy\" decoding=\"async\" width=\"109\" height=\"63\" class=\"wp-image-4246\" style=\"width: 109px\" src=\"https:\/\/seal.transport-manager.net\/marshall\/wp-content\/uploads\/sites\/76\/2025\/12\/ArtenaShuttle.png\" alt=\"\"><\/td><td class=\"has-text-align-center\" data-align=\"center\">01-575-90<\/td><td><img loading=\"lazy\" decoding=\"async\" width=\"109\" height=\"63\" class=\"wp-image-4246\" style=\"width: 54px\" src=\"https:\/\/seal.transport-manager.net\/marshall\/wp-content\/uploads\/sites\/76\/2025\/12\/ArtenaShuttle.png\" alt=\"\"> : depuis D\u00e9cembre 2025<\/td><\/tr><\/tbody><\/table><\/figure>\n","protected":false},"excerpt":{"rendered":"<p>mise en service 2025 statut en service effectif 11 d\u00e9p\u00f4t Archambaud affectation Carri\u00e8re r\u00e9sum\u00e9e Le Kent C 12 est command\u00e9 en 11 exemplaires par Transports Canard en 2025. Nomm\u00e9e OK14900 &#8230; <a title=\"OK14900 &#8211; Otokar Kent C 12\" class=\"read-more\" href=\"https:\/\/seal.transport-manager.net\/marshall\/ok14900-otokar-kent-c-12\/\" aria-label=\"En savoir plus sur OK14900 &#8211; Otokar Kent C 12\">Lire la suite<\/a><\/p>\n","protected":false},"author":76,"featured_media":3652,"parent":0,"menu_order":0,"comment_status":"closed","ping_status":"closed","template":"","meta":{"footnotes":""},"class_list":["post-4205","page","type-page","status-publish","has-post-thumbnail"],"_links":{"self":[{"href":"https:\/\/seal.transport-manager.net\/marshall\/wp-json\/wp\/v2\/pages\/4205","targetHints":{"allow":["GET"]}}],"collection":[{"href":"https:\/\/seal.transport-manager.net\/marshall\/wp-json\/wp\/v2\/pages"}],"about":[{"href":"https:\/\/seal.transport-manager.net\/marshall\/wp-json\/wp\/v2\/types\/page"}],"author":[{"embeddable":true,"href":"https:\/\/seal.transport-manager.net\/marshall\/wp-json\/wp\/v2\/users\/76"}],"replies":[{"embeddable":true,"href":"https:\/\/seal.transport-manager.net\/marshall\/wp-json\/wp\/v2\/comments?post=4205"}],"version-history":[{"count":12,"href":"https:\/\/seal.transport-manager.net\/marshall\/wp-json\/wp\/v2\/pages\/4205\/revisions"}],"predecessor-version":[{"id":4370,"href":"https:\/\/seal.transport-manager.net\/marshall\/wp-json\/wp\/v2\/pages\/4205\/revisions\/4370"}],"wp:featuredmedia":[{"embeddable":true,"href":"https:\/\/seal.transport-manager.net\/marshall\/wp-json\/wp\/v2\/media\/3652"}],"wp:attachment":[{"href":"https:\/\/seal.transport-manager.net\/marshall\/wp-json\/wp\/v2\/media?parent=4205"}],"curies":[{"name":"wp","href":"https:\/\/api.w.org\/{rel}","templated":true}]}}