{"id":4442,"date":"2026-03-18T18:44:32","date_gmt":"2026-03-18T17:44:32","guid":{"rendered":"https:\/\/seal.transport-manager.net\/marshall\/?page_id=4442"},"modified":"2026-03-28T20:31:38","modified_gmt":"2026-03-28T19:31:38","slug":"ta16300-temsa-avenue-lf-12","status":"publish","type":"page","link":"https:\/\/seal.transport-manager.net\/marshall\/ta16300-temsa-avenue-lf-12\/","title":{"rendered":"TA16300 &#8211; Temsa Avenue LF 12"},"content":{"rendered":"<div class=\"wp-block-image\">\n<figure class=\"aligncenter size-large\"><a href=\"https:\/\/i.ibb.co\/d0tmDr6r\/Avenue-LF12-Canard-s.png\"><img loading=\"lazy\" decoding=\"async\" width=\"1024\" height=\"401\" src=\"https:\/\/seal.transport-manager.net\/marshall\/wp-content\/uploads\/sites\/76\/2026\/03\/AvenueLF12Canard_s-1-1024x401.png\" alt=\"\" class=\"wp-image-4455\" srcset=\"https:\/\/seal.transport-manager.net\/marshall\/wp-content\/uploads\/sites\/76\/2026\/03\/AvenueLF12Canard_s-1-1024x401.png 1024w, https:\/\/seal.transport-manager.net\/marshall\/wp-content\/uploads\/sites\/76\/2026\/03\/AvenueLF12Canard_s-1-300x118.png 300w, https:\/\/seal.transport-manager.net\/marshall\/wp-content\/uploads\/sites\/76\/2026\/03\/AvenueLF12Canard_s-1-768x301.png 768w, https:\/\/seal.transport-manager.net\/marshall\/wp-content\/uploads\/sites\/76\/2026\/03\/AvenueLF12Canard_s-1-1536x602.png 1536w, https:\/\/seal.transport-manager.net\/marshall\/wp-content\/uploads\/sites\/76\/2026\/03\/AvenueLF12Canard_s-1-2048x803.png 2048w\" sizes=\"auto, (max-width: 1024px) 100vw, 1024px\" \/><\/a><figcaption class=\"wp-element-caption\"><a href=\"https:\/\/i.ibb.co\/d0tmDr6r\/Avenue-LF12-Canard-s.png\">cliquez pour agrandir<\/a><\/figcaption><\/figure>\n<\/div>\n\n\n<div class=\"wp-block-columns is-layout-flex wp-container-core-columns-is-layout-9d6595d7 wp-block-columns-is-layout-flex\">\n<div class=\"wp-block-column is-layout-flow wp-block-column-is-layout-flow\">\n<figure class=\"wp-block-table is-style-stripes\"><table class=\"has-fixed-layout\"><tbody><tr><td class=\"has-text-align-center\" data-align=\"center\">mise en service<\/td><td class=\"has-text-align-center\" data-align=\"center\">2026<\/td><\/tr><tr><td class=\"has-text-align-center\" data-align=\"center\">statut<\/td><td class=\"has-text-align-center\" data-align=\"center\">en service<\/td><\/tr><tr><td class=\"has-text-align-center\" data-align=\"center\">effectif<\/td><td class=\"has-text-align-center\" data-align=\"center\">2<\/td><\/tr><tr><td class=\"has-text-align-center\" data-align=\"center\">d\u00e9p\u00f4t<\/td><td class=\"has-text-align-center\" data-align=\"center\">Archambaud<\/td><\/tr><tr><td class=\"has-text-align-center\" data-align=\"center\">affectation<\/td><td class=\"has-text-align-center\" data-align=\"center\"><img loading=\"lazy\" decoding=\"async\" width=\"73\" height=\"73\" class=\"wp-image-1409\" style=\"width: 73px\" src=\"https:\/\/seal.transport-manager.net\/marshall\/wp-content\/uploads\/sites\/76\/2023\/02\/vier.png\" alt=\"\"><img loading=\"lazy\" decoding=\"async\" width=\"84\" height=\"73\" class=\"wp-image-1419\" style=\"width: 84px\" src=\"https:\/\/seal.transport-manager.net\/marshall\/wp-content\/uploads\/sites\/76\/2023\/02\/elf.png\" alt=\"\"><\/td><\/tr><\/tbody><\/table><\/figure>\n\n\n\n<div class=\"wp-block-columns is-layout-flex wp-container-core-columns-is-layout-9d6595d7 wp-block-columns-is-layout-flex\">\n<div class=\"wp-block-column is-layout-flow wp-block-column-is-layout-flow\"><div class=\"wp-block-image\">\n<figure class=\"aligncenter size-full\"><a href=\"https:\/\/i.ibb.co\/S4yy32Y0\/Avenue-LF12-Canard-f.png\"><img loading=\"lazy\" decoding=\"async\" width=\"900\" height=\"880\" src=\"https:\/\/seal.transport-manager.net\/marshall\/wp-content\/uploads\/sites\/76\/2026\/03\/AvenueLF12Canard_f.png\" alt=\"\" class=\"wp-image-4451\" srcset=\"https:\/\/seal.transport-manager.net\/marshall\/wp-content\/uploads\/sites\/76\/2026\/03\/AvenueLF12Canard_f.png 900w, https:\/\/seal.transport-manager.net\/marshall\/wp-content\/uploads\/sites\/76\/2026\/03\/AvenueLF12Canard_f-300x293.png 300w, https:\/\/seal.transport-manager.net\/marshall\/wp-content\/uploads\/sites\/76\/2026\/03\/AvenueLF12Canard_f-768x751.png 768w\" sizes=\"auto, (max-width: 900px) 100vw, 900px\" \/><\/a><figcaption class=\"wp-element-caption\"><a href=\"https:\/\/i.ibb.co\/S4yy32Y0\/Avenue-LF12-Canard-f.png\">cliquez pour agrandir<\/a><\/figcaption><\/figure>\n<\/div><\/div>\n\n\n\n<div class=\"wp-block-column is-layout-flow wp-block-column-is-layout-flow\"><div class=\"wp-block-image\">\n<figure class=\"aligncenter size-full\"><a href=\"https:\/\/i.ibb.co\/7dLXwxMs\/Avenue-LF12-Canard-r.png\"><img loading=\"lazy\" decoding=\"async\" width=\"900\" height=\"880\" src=\"https:\/\/seal.transport-manager.net\/marshall\/wp-content\/uploads\/sites\/76\/2026\/03\/AvenueLF12Canard_r.png\" alt=\"\" class=\"wp-image-4452\" srcset=\"https:\/\/seal.transport-manager.net\/marshall\/wp-content\/uploads\/sites\/76\/2026\/03\/AvenueLF12Canard_r.png 900w, https:\/\/seal.transport-manager.net\/marshall\/wp-content\/uploads\/sites\/76\/2026\/03\/AvenueLF12Canard_r-300x293.png 300w, https:\/\/seal.transport-manager.net\/marshall\/wp-content\/uploads\/sites\/76\/2026\/03\/AvenueLF12Canard_r-768x751.png 768w\" sizes=\"auto, (max-width: 900px) 100vw, 900px\" \/><\/a><figcaption class=\"wp-element-caption\"><a href=\"https:\/\/i.ibb.co\/7dLXwxMs\/Avenue-LF12-Canard-r.png\">cliquez pour agrandir<\/a><\/figcaption><\/figure>\n<\/div><\/div>\n<\/div>\n<\/div>\n\n\n\n<div class=\"wp-block-column is-layout-flow wp-block-column-is-layout-flow\">\n<figure class=\"wp-block-table is-style-stripes\"><table class=\"has-fixed-layout\"><tbody><tr><td class=\"has-text-align-center\" data-align=\"center\">gamme<\/td><td class=\"has-text-align-center\" data-align=\"center\">Avenue<\/td><\/tr><tr><td class=\"has-text-align-center\" data-align=\"center\">constructeur<\/td><td class=\"has-text-align-center\" data-align=\"center\"><img loading=\"lazy\" decoding=\"async\" width=\"21\" height=\"14\" class=\"wp-image-3126\" style=\"width: 21px\" src=\"https:\/\/seal.transport-manager.net\/marshall\/wp-content\/uploads\/sites\/76\/2025\/04\/Turquia.png\" alt=\"\"> Temsa<\/td><\/tr><tr><td class=\"has-text-align-center\" data-align=\"center\">cat\u00e9gorie<\/td><td class=\"has-text-align-center\" data-align=\"center\">urbain standard<\/td><\/tr><tr><td class=\"has-text-align-center\" data-align=\"center\">propulsion<\/td><td class=\"has-text-align-center\" data-align=\"center\"><img loading=\"lazy\" decoding=\"async\" width=\"61\" height=\"61\" class=\"wp-image-1029\" style=\"width: 61px\" src=\"https:\/\/seal.transport-manager.net\/marshall\/wp-content\/uploads\/sites\/76\/2022\/10\/D.png\" alt=\"\"><\/td><\/tr><tr><td class=\"has-text-align-center\" data-align=\"center\">commercialisation<\/td><td class=\"has-text-align-center\" data-align=\"center\">depuis 2015<\/td><\/tr><tr><td class=\"has-text-align-center\" data-align=\"center\">l x L x h<\/td><td class=\"has-text-align-center\" data-align=\"center\">12,0 m x 2,55 m x 3,20 m<\/td><\/tr><tr><td class=\"has-text-align-center\" data-align=\"center\">capacit\u00e9<\/td><td class=\"has-text-align-center\" data-align=\"center\">103 pax (dont 31 assis)<\/td><\/tr><tr><td class=\"has-text-align-center\" data-align=\"center\">motorisation<\/td><td class=\"has-text-align-center\" data-align=\"center\">Cummins ISB6.7<br>6.7 L 6 cylindres en ligne en position longitudinale arri\u00e8re<\/td><\/tr><tr><td class=\"has-text-align-center\" data-align=\"center\">puissance<\/td><td class=\"has-text-align-center\" data-align=\"center\">224 kW &#8211; 300 ch<\/td><\/tr><tr><td class=\"has-text-align-center\" data-align=\"center\">site de fabrication<\/td><td class=\"has-text-align-center\" data-align=\"center\"><img loading=\"lazy\" decoding=\"async\" width=\"21\" height=\"14\" class=\"wp-image-3126\" style=\"width: 21px\" src=\"https:\/\/seal.transport-manager.net\/marshall\/wp-content\/uploads\/sites\/76\/2025\/04\/Turquia.png\" alt=\"\"> Adana<\/td><\/tr><tr><td class=\"has-text-align-center\" data-align=\"center\">mod\u00e8les concurrents<br><em>(en 2026)<\/em><\/td><td class=\"has-text-align-center\" data-align=\"center\">Mercedes-Benz Citaro C2<br>Mercedes-Benz Conecto<br>Iveco Urbanway 12<br>MAN Lion&rsquo;s City 12<br>Solaris Urbino 12 IV<br>Isuzu Citiport 12<br>Otokar Kent C 12<\/td><\/tr><\/tbody><\/table><\/figure>\n<\/div>\n<\/div>\n\n\n\n<h3 class=\"wp-block-heading\">Carri\u00e8re r\u00e9sum\u00e9e<\/h3>\n\n\n\n<p>Le Avenue LF 12 est command\u00e9 en 2 exemplaires par Transports Canard en 2026 \u00e0 titre de test avant un potentiel achat plus important. Nomm\u00e9e TA16300 en interne (<strong>T<\/strong>ems<strong>a<\/strong> s\u00e9rie 16300), la s\u00e9rie est r\u00e9ceptionn\u00e9e en mars 2026. Les v\u00e9hicules sont essay\u00e9s sur les lignes Citycanard 4 et 11.<\/p>\n\n\n\n<h3 class=\"wp-block-heading\">R\u00e9f\u00e9rencement du parc<\/h3>\n\n\n\n<figure class=\"wp-block-table is-style-stripes\"><table><tbody><tr><td class=\"has-text-align-center\" data-align=\"center\">n\u00b0<\/td><td class=\"has-text-align-center\" data-align=\"center\">date de m.e.s<\/td><td class=\"has-text-align-center\" data-align=\"center\">statut<\/td><td class=\"has-text-align-center\" data-align=\"center\">affectation courante<br>\/ date de retrait<\/td><td class=\"has-text-align-center\" data-align=\"center\">immat.<\/td><td>historique des affectations<\/td><\/tr><tr><td class=\"has-text-align-center\" data-align=\"center\">TA16301<\/td><td class=\"has-text-align-center\" data-align=\"center\">20 Mars 2026<\/td><td class=\"has-text-align-center\" data-align=\"center\">en service<\/td><td class=\"has-text-align-center\" data-align=\"center\"><img loading=\"lazy\" decoding=\"async\" width=\"73\" height=\"73\" class=\"wp-image-1409\" style=\"width: 73px\" src=\"https:\/\/seal.transport-manager.net\/marshall\/wp-content\/uploads\/sites\/76\/2023\/02\/vier.png\" alt=\"\"><\/td><td class=\"has-text-align-center\" data-align=\"center\">01-659-86<\/td><td><img loading=\"lazy\" decoding=\"async\" width=\"73\" height=\"73\" class=\"wp-image-1409\" style=\"width: 36px\" src=\"https:\/\/seal.transport-manager.net\/marshall\/wp-content\/uploads\/sites\/76\/2023\/02\/vier.png\" alt=\"\">: depuis Mars 2026<\/td><\/tr><tr><td class=\"has-text-align-center\" data-align=\"center\">TA16302<\/td><td class=\"has-text-align-center\" data-align=\"center\">20 Mars 2026<\/td><td class=\"has-text-align-center\" data-align=\"center\">en service<\/td><td class=\"has-text-align-center\" data-align=\"center\"><img loading=\"lazy\" decoding=\"async\" width=\"84\" height=\"73\" class=\"wp-image-1419\" style=\"width: 84px\" src=\"https:\/\/seal.transport-manager.net\/marshall\/wp-content\/uploads\/sites\/76\/2023\/02\/elf.png\" alt=\"\"><\/td><td class=\"has-text-align-center\" data-align=\"center\">01-659-87<\/td><td><img loading=\"lazy\" decoding=\"async\" width=\"84\" height=\"73\" class=\"wp-image-1419\" style=\"width: 42px\" src=\"https:\/\/seal.transport-manager.net\/marshall\/wp-content\/uploads\/sites\/76\/2023\/02\/elf.png\" alt=\"\">: depuis Mars 2026<\/td><\/tr><\/tbody><\/table><\/figure>\n\n\n\n<p><\/p>\n","protected":false},"excerpt":{"rendered":"<p>mise en service 2026 statut en service effectif 2 d\u00e9p\u00f4t Archambaud affectation gamme Avenue constructeur Temsa cat\u00e9gorie urbain standard propulsion commercialisation depuis 2015 l x L x h 12,0 m &#8230; <a title=\"TA16300 &#8211; Temsa Avenue LF 12\" class=\"read-more\" href=\"https:\/\/seal.transport-manager.net\/marshall\/ta16300-temsa-avenue-lf-12\/\" aria-label=\"En savoir plus sur TA16300 &#8211; Temsa Avenue LF 12\">Lire la suite<\/a><\/p>\n","protected":false},"author":76,"featured_media":3655,"parent":0,"menu_order":0,"comment_status":"closed","ping_status":"closed","template":"","meta":{"footnotes":""},"class_list":["post-4442","page","type-page","status-publish","has-post-thumbnail"],"_links":{"self":[{"href":"https:\/\/seal.transport-manager.net\/marshall\/wp-json\/wp\/v2\/pages\/4442","targetHints":{"allow":["GET"]}}],"collection":[{"href":"https:\/\/seal.transport-manager.net\/marshall\/wp-json\/wp\/v2\/pages"}],"about":[{"href":"https:\/\/seal.transport-manager.net\/marshall\/wp-json\/wp\/v2\/types\/page"}],"author":[{"embeddable":true,"href":"https:\/\/seal.transport-manager.net\/marshall\/wp-json\/wp\/v2\/users\/76"}],"replies":[{"embeddable":true,"href":"https:\/\/seal.transport-manager.net\/marshall\/wp-json\/wp\/v2\/comments?post=4442"}],"version-history":[{"count":7,"href":"https:\/\/seal.transport-manager.net\/marshall\/wp-json\/wp\/v2\/pages\/4442\/revisions"}],"predecessor-version":[{"id":4469,"href":"https:\/\/seal.transport-manager.net\/marshall\/wp-json\/wp\/v2\/pages\/4442\/revisions\/4469"}],"wp:featuredmedia":[{"embeddable":true,"href":"https:\/\/seal.transport-manager.net\/marshall\/wp-json\/wp\/v2\/media\/3655"}],"wp:attachment":[{"href":"https:\/\/seal.transport-manager.net\/marshall\/wp-json\/wp\/v2\/media?parent=4442"}],"curies":[{"name":"wp","href":"https:\/\/api.w.org\/{rel}","templated":true}]}}

<div class="wp-block-image">
<figure class="aligncenter size-large"><a href="https://i.ibb.co/d0tmDr6r/Avenue-LF12-Canard-s.png"><img loading="lazy" decoding="async" width="1024" height="401" src="https://seal.transport-manager.net/marshall/wp-content/uploads/sites/76/2026/03/AvenueLF12Canard_s-1-1024x401.png" alt="" class="wp-image-4455" srcset="https://seal.transport-manager.net/marshall/wp-content/uploads/sites/76/2026/03/AvenueLF12Canard_s-1-1024x401.png 1024w, https://seal.transport-manager.net/marshall/wp-content/uploads/sites/76/2026/03/AvenueLF12Canard_s-1-300x118.png 300w, https://seal.transport-manager.net/marshall/wp-content/uploads/sites/76/2026/03/AvenueLF12Canard_s-1-768x301.png 768w, https://seal.transport-manager.net/marshall/wp-content/uploads/sites/76/2026/03/AvenueLF12Canard_s-1-1536x602.png 1536w, https://seal.transport-manager.net/marshall/wp-content/uploads/sites/76/2026/03/AvenueLF12Canard_s-1-2048x803.png 2048w" sizes="auto, (max-width: 1024px) 100vw, 1024px" /></a><figcaption class="wp-element-caption"><a href="https://i.ibb.co/d0tmDr6r/Avenue-LF12-Canard-s.png">cliquez pour agrandir</a></figcaption></figure>
</div>


<div class="wp-block-columns is-layout-flex wp-container-core-columns-is-layout-9d6595d7 wp-block-columns-is-layout-flex">
<div class="wp-block-column is-layout-flow wp-block-column-is-layout-flow">
<figure class="wp-block-table is-style-stripes"><table class="has-fixed-layout"><tbody><tr><td class="has-text-align-center" data-align="center">mise en service</td><td class="has-text-align-center" data-align="center">2026</td></tr><tr><td class="has-text-align-center" data-align="center">statut</td><td class="has-text-align-center" data-align="center">en service</td></tr><tr><td class="has-text-align-center" data-align="center">effectif</td><td class="has-text-align-center" data-align="center">2</td></tr><tr><td class="has-text-align-center" data-align="center">dépôt</td><td class="has-text-align-center" data-align="center">Archambaud</td></tr><tr><td class="has-text-align-center" data-align="center">affectation</td><td class="has-text-align-center" data-align="center"><img loading="lazy" decoding="async" width="73" height="73" class="wp-image-1409" style="width: 73px" src="https://seal.transport-manager.net/marshall/wp-content/uploads/sites/76/2023/02/vier.png" alt=""><img loading="lazy" decoding="async" width="84" height="73" class="wp-image-1419" style="width: 84px" src="https://seal.transport-manager.net/marshall/wp-content/uploads/sites/76/2023/02/elf.png" alt=""></td></tr></tbody></table></figure>



<div class="wp-block-columns is-layout-flex wp-container-core-columns-is-layout-9d6595d7 wp-block-columns-is-layout-flex">
<div class="wp-block-column is-layout-flow wp-block-column-is-layout-flow"><div class="wp-block-image">
<figure class="aligncenter size-full"><a href="https://i.ibb.co/S4yy32Y0/Avenue-LF12-Canard-f.png"><img loading="lazy" decoding="async" width="900" height="880" src="https://seal.transport-manager.net/marshall/wp-content/uploads/sites/76/2026/03/AvenueLF12Canard_f.png" alt="" class="wp-image-4451" srcset="https://seal.transport-manager.net/marshall/wp-content/uploads/sites/76/2026/03/AvenueLF12Canard_f.png 900w, https://seal.transport-manager.net/marshall/wp-content/uploads/sites/76/2026/03/AvenueLF12Canard_f-300x293.png 300w, https://seal.transport-manager.net/marshall/wp-content/uploads/sites/76/2026/03/AvenueLF12Canard_f-768x751.png 768w" sizes="auto, (max-width: 900px) 100vw, 900px" /></a><figcaption class="wp-element-caption"><a href="https://i.ibb.co/S4yy32Y0/Avenue-LF12-Canard-f.png">cliquez pour agrandir</a></figcaption></figure>
</div></div>



<div class="wp-block-column is-layout-flow wp-block-column-is-layout-flow"><div class="wp-block-image">
<figure class="aligncenter size-full"><a href="https://i.ibb.co/7dLXwxMs/Avenue-LF12-Canard-r.png"><img loading="lazy" decoding="async" width="900" height="880" src="https://seal.transport-manager.net/marshall/wp-content/uploads/sites/76/2026/03/AvenueLF12Canard_r.png" alt="" class="wp-image-4452" srcset="https://seal.transport-manager.net/marshall/wp-content/uploads/sites/76/2026/03/AvenueLF12Canard_r.png 900w, https://seal.transport-manager.net/marshall/wp-content/uploads/sites/76/2026/03/AvenueLF12Canard_r-300x293.png 300w, https://seal.transport-manager.net/marshall/wp-content/uploads/sites/76/2026/03/AvenueLF12Canard_r-768x751.png 768w" sizes="auto, (max-width: 900px) 100vw, 900px" /></a><figcaption class="wp-element-caption"><a href="https://i.ibb.co/7dLXwxMs/Avenue-LF12-Canard-r.png">cliquez pour agrandir</a></figcaption></figure>
</div></div>
</div>
</div>



<div class="wp-block-column is-layout-flow wp-block-column-is-layout-flow">
<figure class="wp-block-table is-style-stripes"><table class="has-fixed-layout"><tbody><tr><td class="has-text-align-center" data-align="center">gamme</td><td class="has-text-align-center" data-align="center">Avenue</td></tr><tr><td class="has-text-align-center" data-align="center">constructeur</td><td class="has-text-align-center" data-align="center"><img loading="lazy" decoding="async" width="21" height="14" class="wp-image-3126" style="width: 21px" src="https://seal.transport-manager.net/marshall/wp-content/uploads/sites/76/2025/04/Turquia.png" alt=""> Temsa</td></tr><tr><td class="has-text-align-center" data-align="center">catégorie</td><td class="has-text-align-center" data-align="center">urbain standard</td></tr><tr><td class="has-text-align-center" data-align="center">propulsion</td><td class="has-text-align-center" data-align="center"><img loading="lazy" decoding="async" width="61" height="61" class="wp-image-1029" style="width: 61px" src="https://seal.transport-manager.net/marshall/wp-content/uploads/sites/76/2022/10/D.png" alt=""></td></tr><tr><td class="has-text-align-center" data-align="center">commercialisation</td><td class="has-text-align-center" data-align="center">depuis 2015</td></tr><tr><td class="has-text-align-center" data-align="center">l x L x h</td><td class="has-text-align-center" data-align="center">12,0 m x 2,55 m x 3,20 m</td></tr><tr><td class="has-text-align-center" data-align="center">capacité</td><td class="has-text-align-center" data-align="center">103 pax (dont 31 assis)</td></tr><tr><td class="has-text-align-center" data-align="center">motorisation</td><td class="has-text-align-center" data-align="center">Cummins ISB6.7<br>6.7 L 6 cylindres en ligne en position longitudinale arrière</td></tr><tr><td class="has-text-align-center" data-align="center">puissance</td><td class="has-text-align-center" data-align="center">224 kW &#8211; 300 ch</td></tr><tr><td class="has-text-align-center" data-align="center">site de fabrication</td><td class="has-text-align-center" data-align="center"><img loading="lazy" decoding="async" width="21" height="14" class="wp-image-3126" style="width: 21px" src="https://seal.transport-manager.net/marshall/wp-content/uploads/sites/76/2025/04/Turquia.png" alt=""> Adana</td></tr><tr><td class="has-text-align-center" data-align="center">modèles concurrents<br><em>(en 2026)</em></td><td class="has-text-align-center" data-align="center">Mercedes-Benz Citaro C2<br>Mercedes-Benz Conecto<br>Iveco Urbanway 12<br>MAN Lion&rsquo;s City 12<br>Solaris Urbino 12 IV<br>Isuzu Citiport 12<br>Otokar Kent C 12</td></tr></tbody></table></figure>
</div>
</div>



<h3 class="wp-block-heading">Carrière résumée</h3>



<p>Le Avenue LF 12 est commandé en 2 exemplaires par Transports Canard en 2026 à titre de test avant un potentiel achat plus important. Nommée TA16300 en interne (<strong>T</strong>ems<strong>a</strong> série 16300), la série est réceptionnée en mars 2026. Les véhicules sont essayés sur les lignes Citycanard 4 et 11.</p>



<h3 class="wp-block-heading">Référencement du parc</h3>



<figure class="wp-block-table is-style-stripes"><table><tbody><tr><td class="has-text-align-center" data-align="center">n°</td><td class="has-text-align-center" data-align="center">date de m.e.s</td><td class="has-text-align-center" data-align="center">statut</td><td class="has-text-align-center" data-align="center">affectation courante<br>/ date de retrait</td><td class="has-text-align-center" data-align="center">immat.</td><td>historique des affectations</td></tr><tr><td class="has-text-align-center" data-align="center">TA16301</td><td class="has-text-align-center" data-align="center">20 Mars 2026</td><td class="has-text-align-center" data-align="center">en service</td><td class="has-text-align-center" data-align="center"><img loading="lazy" decoding="async" width="73" height="73" class="wp-image-1409" style="width: 73px" src="https://seal.transport-manager.net/marshall/wp-content/uploads/sites/76/2023/02/vier.png" alt=""></td><td class="has-text-align-center" data-align="center">01-659-86</td><td><img loading="lazy" decoding="async" width="73" height="73" class="wp-image-1409" style="width: 36px" src="https://seal.transport-manager.net/marshall/wp-content/uploads/sites/76/2023/02/vier.png" alt="">: depuis Mars 2026</td></tr><tr><td class="has-text-align-center" data-align="center">TA16302</td><td class="has-text-align-center" data-align="center">20 Mars 2026</td><td class="has-text-align-center" data-align="center">en service</td><td class="has-text-align-center" data-align="center"><img loading="lazy" decoding="async" width="84" height="73" class="wp-image-1419" style="width: 84px" src="https://seal.transport-manager.net/marshall/wp-content/uploads/sites/76/2023/02/elf.png" alt=""></td><td class="has-text-align-center" data-align="center">01-659-87</td><td><img loading="lazy" decoding="async" width="84" height="73" class="wp-image-1419" style="width: 42px" src="https://seal.transport-manager.net/marshall/wp-content/uploads/sites/76/2023/02/elf.png" alt="">: depuis Mars 2026</td></tr></tbody></table></figure>



<p></p>

<p>mise en service 2026 statut en service effectif 2 dépôt Archambaud affectation gamme Avenue constructeur Temsa catégorie urbain standard propulsion commercialisation depuis 2015 l x L x h 12,0 m &#8230; <a title="TA16300 &#8211; Temsa Avenue LF 12" class="read-more" href="https://seal.transport-manager.net/marshall/ta16300-temsa-avenue-lf-12/" aria-label="En savoir plus sur TA16300 &#8211; Temsa Avenue LF 12">Lire la suite</a></p>
