{"id":4484,"date":"2026-04-05T07:43:10","date_gmt":"2026-04-05T05:43:10","guid":{"rendered":"https:\/\/seal.transport-manager.net\/marshall\/?page_id=4484"},"modified":"2026-04-17T05:54:40","modified_gmt":"2026-04-17T03:54:40","slug":"ta16100-temsa-prestij-sx","status":"publish","type":"page","link":"https:\/\/seal.transport-manager.net\/marshall\/ta16100-temsa-prestij-sx\/","title":{"rendered":"TA16100 &#8211; Temsa Prestij SX"},"content":{"rendered":"<div class=\"wp-block-image\">\n<figure class=\"aligncenter size-large\"><a href=\"https:\/\/i.ibb.co\/wNBDxBzF\/Prestij-SXCanard-s.png\"><img loading=\"lazy\" decoding=\"async\" width=\"1024\" height=\"392\" src=\"https:\/\/seal.transport-manager.net\/marshall\/wp-content\/uploads\/sites\/76\/2026\/04\/PrestijSXCanard_s-1024x392.png\" alt=\"\" class=\"wp-image-4497\" srcset=\"https:\/\/seal.transport-manager.net\/marshall\/wp-content\/uploads\/sites\/76\/2026\/04\/PrestijSXCanard_s-1024x392.png 1024w, https:\/\/seal.transport-manager.net\/marshall\/wp-content\/uploads\/sites\/76\/2026\/04\/PrestijSXCanard_s-300x115.png 300w, https:\/\/seal.transport-manager.net\/marshall\/wp-content\/uploads\/sites\/76\/2026\/04\/PrestijSXCanard_s-768x294.png 768w, https:\/\/seal.transport-manager.net\/marshall\/wp-content\/uploads\/sites\/76\/2026\/04\/PrestijSXCanard_s-1536x588.png 1536w, https:\/\/seal.transport-manager.net\/marshall\/wp-content\/uploads\/sites\/76\/2026\/04\/PrestijSXCanard_s-2048x785.png 2048w\" sizes=\"auto, (max-width: 1024px) 100vw, 1024px\" \/><\/a><figcaption class=\"wp-element-caption\"><a href=\"https:\/\/i.ibb.co\/wNBDxBzF\/Prestij-SXCanard-s.png\">cliquez pour agrandir<\/a><\/figcaption><\/figure>\n<\/div>\n\n\n<div class=\"wp-block-columns is-layout-flex wp-container-core-columns-is-layout-9d6595d7 wp-block-columns-is-layout-flex\">\n<div class=\"wp-block-column is-layout-flow wp-block-column-is-layout-flow\">\n<figure class=\"wp-block-table is-style-stripes\"><table class=\"has-fixed-layout\"><tbody><tr><td class=\"has-text-align-center\" data-align=\"center\">mise en service<\/td><td class=\"has-text-align-center\" data-align=\"center\">2026<\/td><\/tr><tr><td class=\"has-text-align-center\" data-align=\"center\">statut<\/td><td class=\"has-text-align-center\" data-align=\"center\">en service<\/td><\/tr><tr><td class=\"has-text-align-center\" data-align=\"center\">effectif<\/td><td class=\"has-text-align-center\" data-align=\"center\">2<\/td><\/tr><tr><td class=\"has-text-align-center\" data-align=\"center\">d\u00e9p\u00f4t<\/td><td class=\"has-text-align-center\" data-align=\"center\">Delalaune<\/td><\/tr><tr><td class=\"has-text-align-center\" data-align=\"center\">affectation<\/td><td class=\"has-text-align-center\" data-align=\"center\"><img loading=\"lazy\" decoding=\"async\" width=\"111\" height=\"73\" class=\"wp-image-3979\" style=\"width: 111px\" src=\"https:\/\/seal.transport-manager.net\/marshall\/wp-content\/uploads\/sites\/76\/2025\/10\/Tour.png\" alt=\"\"><img loading=\"lazy\" decoding=\"async\" width=\"111\" height=\"73\" class=\"wp-image-3980\" style=\"width: 111px\" src=\"https:\/\/seal.transport-manager.net\/marshall\/wp-content\/uploads\/sites\/76\/2025\/10\/GT.png\" alt=\"\"><\/td><\/tr><\/tbody><\/table><\/figure>\n\n\n\n<div class=\"wp-block-columns is-layout-flex wp-container-core-columns-is-layout-9d6595d7 wp-block-columns-is-layout-flex\">\n<div class=\"wp-block-column is-layout-flow wp-block-column-is-layout-flow\"><div class=\"wp-block-image\">\n<figure class=\"aligncenter size-full\"><a href=\"https:\/\/i.ibb.co\/84MppmZK\/Prestij-SXCanard-f.png\"><img loading=\"lazy\" decoding=\"async\" width=\"800\" height=\"1000\" src=\"https:\/\/seal.transport-manager.net\/marshall\/wp-content\/uploads\/sites\/76\/2026\/04\/PrestijSXCanard_f.png\" alt=\"\" class=\"wp-image-4499\" srcset=\"https:\/\/seal.transport-manager.net\/marshall\/wp-content\/uploads\/sites\/76\/2026\/04\/PrestijSXCanard_f.png 800w, https:\/\/seal.transport-manager.net\/marshall\/wp-content\/uploads\/sites\/76\/2026\/04\/PrestijSXCanard_f-240x300.png 240w, https:\/\/seal.transport-manager.net\/marshall\/wp-content\/uploads\/sites\/76\/2026\/04\/PrestijSXCanard_f-768x960.png 768w\" sizes=\"auto, (max-width: 800px) 100vw, 800px\" \/><\/a><figcaption class=\"wp-element-caption\"><a href=\"https:\/\/i.ibb.co\/84MppmZK\/Prestij-SXCanard-f.png\">cliquez pour agrandir<\/a><\/figcaption><\/figure>\n<\/div><\/div>\n\n\n\n<div class=\"wp-block-column is-layout-flow wp-block-column-is-layout-flow\"><div class=\"wp-block-image\">\n<figure class=\"aligncenter size-full\"><a href=\"https:\/\/i.ibb.co\/Xxxt1TQb\/Prestij-SXCanard-r.png\"><img loading=\"lazy\" decoding=\"async\" width=\"800\" height=\"1000\" src=\"https:\/\/seal.transport-manager.net\/marshall\/wp-content\/uploads\/sites\/76\/2026\/04\/PrestijSXCanard_r.png\" alt=\"\" class=\"wp-image-4500\" srcset=\"https:\/\/seal.transport-manager.net\/marshall\/wp-content\/uploads\/sites\/76\/2026\/04\/PrestijSXCanard_r.png 800w, https:\/\/seal.transport-manager.net\/marshall\/wp-content\/uploads\/sites\/76\/2026\/04\/PrestijSXCanard_r-240x300.png 240w, https:\/\/seal.transport-manager.net\/marshall\/wp-content\/uploads\/sites\/76\/2026\/04\/PrestijSXCanard_r-768x960.png 768w\" sizes=\"auto, (max-width: 800px) 100vw, 800px\" \/><\/a><figcaption class=\"wp-element-caption\"><a href=\"https:\/\/i.ibb.co\/Xxxt1TQb\/Prestij-SXCanard-r.png\">cliquez pour agrandir<\/a><\/figcaption><\/figure>\n<\/div><\/div>\n<\/div>\n<\/div>\n\n\n\n<div class=\"wp-block-column is-layout-flow wp-block-column-is-layout-flow\">\n<figure class=\"wp-block-table is-style-stripes\"><table class=\"has-fixed-layout\"><tbody><tr><td class=\"has-text-align-center\" data-align=\"center\">gamme<\/td><td class=\"has-text-align-center\" data-align=\"center\">Prestij<\/td><\/tr><tr><td class=\"has-text-align-center\" data-align=\"center\">constructeur<\/td><td class=\"has-text-align-center\" data-align=\"center\"><img loading=\"lazy\" decoding=\"async\" width=\"21\" height=\"14\" class=\"wp-image-3126\" style=\"width: 21px\" src=\"https:\/\/seal.transport-manager.net\/marshall\/wp-content\/uploads\/sites\/76\/2025\/04\/Turquia.png\" alt=\"\"> Temsa<\/td><\/tr><tr><td class=\"has-text-align-center\" data-align=\"center\">cat\u00e9gorie<\/td><td class=\"has-text-align-center\" data-align=\"center\">midicar de tourisme \u00e0 gabarit tr\u00e8s r\u00e9duit<\/td><\/tr><tr><td class=\"has-text-align-center\" data-align=\"center\">propulsion<\/td><td class=\"has-text-align-center\" data-align=\"center\"><img loading=\"lazy\" decoding=\"async\" width=\"61\" height=\"61\" class=\"wp-image-1029\" style=\"width: 61px\" src=\"https:\/\/seal.transport-manager.net\/marshall\/wp-content\/uploads\/sites\/76\/2022\/10\/D.png\" alt=\"\"><\/td><\/tr><tr><td class=\"has-text-align-center\" data-align=\"center\">commercialisation<\/td><td class=\"has-text-align-center\" data-align=\"center\">2021-2026<\/td><\/tr><tr><td class=\"has-text-align-center\" data-align=\"center\">l x L x h<\/td><td class=\"has-text-align-center\" data-align=\"center\">7,17 m x 2,26 m x 3,35 m<\/td><\/tr><tr><td class=\"has-text-align-center\" data-align=\"center\">capacit\u00e9<\/td><td class=\"has-text-align-center\" data-align=\"center\">29 pax<\/td><\/tr><tr><td class=\"has-text-align-center\" data-align=\"center\">moteur<\/td><td class=\"has-text-align-center\" data-align=\"center\">Mitsubishi 4D34-TL<br>3.9 L 4 cylindres en ligne en position longitudinale avant<\/td><\/tr><tr><td class=\"has-text-align-center\" data-align=\"center\">puissance<\/td><td class=\"has-text-align-center\" data-align=\"center\">110 kW &#8211; 150 ch<\/td><\/tr><tr><td class=\"has-text-align-center\" data-align=\"center\">site de fabrication<\/td><td class=\"has-text-align-center\" data-align=\"center\"><img loading=\"lazy\" decoding=\"async\" width=\"21\" height=\"14\" class=\"wp-image-3126\" style=\"width: 21px\" src=\"https:\/\/seal.transport-manager.net\/marshall\/wp-content\/uploads\/sites\/76\/2025\/04\/Turquia.png\" alt=\"\"> Adana<\/td><\/tr><tr><td class=\"has-text-align-center\" data-align=\"center\">mod\u00e8les concurrents<br><em>(en 2026)<\/em><\/td><td class=\"has-text-align-center\" data-align=\"center\">Isuzu Novo<\/td><\/tr><\/tbody><\/table><\/figure>\n<\/div>\n<\/div>\n\n\n\n<h3 class=\"wp-block-heading\">Carri\u00e8re r\u00e9sum\u00e9e<\/h3>\n\n\n\n<p>Le Prestij SX de premi\u00e8re g\u00e9n\u00e9ration est command\u00e9 en 2 exemplaires par Transports Canard en 2026. Nomm\u00e9e TA16100 en interne (<strong>T<\/strong>ems<strong>a<\/strong> s\u00e9rie 16100), la s\u00e9rie est re\u00e7ue en avril 2026 et int\u00e8gre la filiale touristique Transports Canard Standing. Les Prestij SX sont destin\u00e9s aux transports de petits groupes sur des itin\u00e9raires \u00e9troits ou en milieu urbain dense et n&rsquo;ont ainsi pas de pr\u00e9c\u00e9dent dans la flotte de Transports Canard.<\/p>\n\n\n\n<h3 class=\"wp-block-heading\">R\u00e9f\u00e9rencement du parc<\/h3>\n\n\n\n<figure class=\"wp-block-table is-style-stripes\"><table><tbody><tr><td class=\"has-text-align-center\" data-align=\"center\">n\u00b0<\/td><td class=\"has-text-align-center\" data-align=\"center\">date de m.e.s<\/td><td class=\"has-text-align-center\" data-align=\"center\">statut<\/td><td class=\"has-text-align-center\" data-align=\"center\">affectation courante<br>\/ date de retrait<\/td><td class=\"has-text-align-center\" data-align=\"center\">immat.<\/td><td>historique des affectations<\/td><\/tr><tr><td class=\"has-text-align-center\" data-align=\"center\">TA16101<\/td><td class=\"has-text-align-center\" data-align=\"center\">6 Avril 2026<\/td><td class=\"has-text-align-center\" data-align=\"center\">en service<\/td><td class=\"has-text-align-center\" data-align=\"center\"><img loading=\"lazy\" decoding=\"async\" width=\"111\" height=\"73\" class=\"wp-image-3979\" style=\"width: 111px\" src=\"https:\/\/seal.transport-manager.net\/marshall\/wp-content\/uploads\/sites\/76\/2025\/10\/Tour.png\" alt=\"\"><img loading=\"lazy\" decoding=\"async\" width=\"111\" height=\"73\" class=\"wp-image-3980\" style=\"width: 111px\" src=\"https:\/\/seal.transport-manager.net\/marshall\/wp-content\/uploads\/sites\/76\/2025\/10\/GT.png\" alt=\"\"><\/td><td class=\"has-text-align-center\" data-align=\"center\">01-676-45<\/td><td><img loading=\"lazy\" decoding=\"async\" width=\"111\" height=\"73\" class=\"wp-image-3979\" style=\"width: 55px\" src=\"https:\/\/seal.transport-manager.net\/marshall\/wp-content\/uploads\/sites\/76\/2025\/10\/Tour.png\" alt=\"\"><img loading=\"lazy\" decoding=\"async\" width=\"111\" height=\"73\" class=\"wp-image-3980\" style=\"width: 55px\" src=\"https:\/\/seal.transport-manager.net\/marshall\/wp-content\/uploads\/sites\/76\/2025\/10\/GT.png\" alt=\"\">: depuis Avril 2026<\/td><\/tr><tr><td class=\"has-text-align-center\" data-align=\"center\">TA16102<\/td><td class=\"has-text-align-center\" data-align=\"center\">6 Avril 2026<\/td><td class=\"has-text-align-center\" data-align=\"center\">en service<\/td><td class=\"has-text-align-center\" data-align=\"center\"><img loading=\"lazy\" decoding=\"async\" width=\"111\" height=\"73\" class=\"wp-image-3979\" style=\"width: 111px\" src=\"https:\/\/seal.transport-manager.net\/marshall\/wp-content\/uploads\/sites\/76\/2025\/10\/Tour.png\" alt=\"\"><img loading=\"lazy\" decoding=\"async\" width=\"111\" height=\"73\" class=\"wp-image-3980\" style=\"width: 111px\" src=\"https:\/\/seal.transport-manager.net\/marshall\/wp-content\/uploads\/sites\/76\/2025\/10\/GT.png\" alt=\"\"><\/td><td class=\"has-text-align-center\" data-align=\"center\">01-676-46<\/td><td><img loading=\"lazy\" decoding=\"async\" width=\"111\" height=\"73\" class=\"wp-image-3979\" style=\"width: 55px\" src=\"https:\/\/seal.transport-manager.net\/marshall\/wp-content\/uploads\/sites\/76\/2025\/10\/Tour.png\" alt=\"\"><img loading=\"lazy\" decoding=\"async\" width=\"111\" height=\"73\" class=\"wp-image-3980\" style=\"width: 55px\" src=\"https:\/\/seal.transport-manager.net\/marshall\/wp-content\/uploads\/sites\/76\/2025\/10\/GT.png\" alt=\"\">: depuis Avril 2026<\/td><\/tr><\/tbody><\/table><\/figure>\n","protected":false},"excerpt":{"rendered":"<p>mise en service 2026 statut en service effectif 2 d\u00e9p\u00f4t Delalaune affectation gamme Prestij constructeur Temsa cat\u00e9gorie midicar de tourisme \u00e0 gabarit tr\u00e8s r\u00e9duit propulsion commercialisation 2021-2026 l x L &#8230; <a title=\"TA16100 &#8211; Temsa Prestij SX\" class=\"read-more\" href=\"https:\/\/seal.transport-manager.net\/marshall\/ta16100-temsa-prestij-sx\/\" aria-label=\"En savoir plus sur TA16100 &#8211; Temsa Prestij SX\">Lire la suite<\/a><\/p>\n","protected":false},"author":76,"featured_media":3655,"parent":0,"menu_order":0,"comment_status":"closed","ping_status":"closed","template":"","meta":{"footnotes":""},"class_list":["post-4484","page","type-page","status-publish","has-post-thumbnail"],"_links":{"self":[{"href":"https:\/\/seal.transport-manager.net\/marshall\/wp-json\/wp\/v2\/pages\/4484","targetHints":{"allow":["GET"]}}],"collection":[{"href":"https:\/\/seal.transport-manager.net\/marshall\/wp-json\/wp\/v2\/pages"}],"about":[{"href":"https:\/\/seal.transport-manager.net\/marshall\/wp-json\/wp\/v2\/types\/page"}],"author":[{"embeddable":true,"href":"https:\/\/seal.transport-manager.net\/marshall\/wp-json\/wp\/v2\/users\/76"}],"replies":[{"embeddable":true,"href":"https:\/\/seal.transport-manager.net\/marshall\/wp-json\/wp\/v2\/comments?post=4484"}],"version-history":[{"count":5,"href":"https:\/\/seal.transport-manager.net\/marshall\/wp-json\/wp\/v2\/pages\/4484\/revisions"}],"predecessor-version":[{"id":4506,"href":"https:\/\/seal.transport-manager.net\/marshall\/wp-json\/wp\/v2\/pages\/4484\/revisions\/4506"}],"wp:featuredmedia":[{"embeddable":true,"href":"https:\/\/seal.transport-manager.net\/marshall\/wp-json\/wp\/v2\/media\/3655"}],"wp:attachment":[{"href":"https:\/\/seal.transport-manager.net\/marshall\/wp-json\/wp\/v2\/media?parent=4484"}],"curies":[{"name":"wp","href":"https:\/\/api.w.org\/{rel}","templated":true}]}}

<div class="wp-block-image">
<figure class="aligncenter size-large"><a href="https://i.ibb.co/wNBDxBzF/Prestij-SXCanard-s.png"><img loading="lazy" decoding="async" width="1024" height="392" src="https://seal.transport-manager.net/marshall/wp-content/uploads/sites/76/2026/04/PrestijSXCanard_s-1024x392.png" alt="" class="wp-image-4497" srcset="https://seal.transport-manager.net/marshall/wp-content/uploads/sites/76/2026/04/PrestijSXCanard_s-1024x392.png 1024w, https://seal.transport-manager.net/marshall/wp-content/uploads/sites/76/2026/04/PrestijSXCanard_s-300x115.png 300w, https://seal.transport-manager.net/marshall/wp-content/uploads/sites/76/2026/04/PrestijSXCanard_s-768x294.png 768w, https://seal.transport-manager.net/marshall/wp-content/uploads/sites/76/2026/04/PrestijSXCanard_s-1536x588.png 1536w, https://seal.transport-manager.net/marshall/wp-content/uploads/sites/76/2026/04/PrestijSXCanard_s-2048x785.png 2048w" sizes="auto, (max-width: 1024px) 100vw, 1024px" /></a><figcaption class="wp-element-caption"><a href="https://i.ibb.co/wNBDxBzF/Prestij-SXCanard-s.png">cliquez pour agrandir</a></figcaption></figure>
</div>


<div class="wp-block-columns is-layout-flex wp-container-core-columns-is-layout-9d6595d7 wp-block-columns-is-layout-flex">
<div class="wp-block-column is-layout-flow wp-block-column-is-layout-flow">
<figure class="wp-block-table is-style-stripes"><table class="has-fixed-layout"><tbody><tr><td class="has-text-align-center" data-align="center">mise en service</td><td class="has-text-align-center" data-align="center">2026</td></tr><tr><td class="has-text-align-center" data-align="center">statut</td><td class="has-text-align-center" data-align="center">en service</td></tr><tr><td class="has-text-align-center" data-align="center">effectif</td><td class="has-text-align-center" data-align="center">2</td></tr><tr><td class="has-text-align-center" data-align="center">dépôt</td><td class="has-text-align-center" data-align="center">Delalaune</td></tr><tr><td class="has-text-align-center" data-align="center">affectation</td><td class="has-text-align-center" data-align="center"><img loading="lazy" decoding="async" width="111" height="73" class="wp-image-3979" style="width: 111px" src="https://seal.transport-manager.net/marshall/wp-content/uploads/sites/76/2025/10/Tour.png" alt=""><img loading="lazy" decoding="async" width="111" height="73" class="wp-image-3980" style="width: 111px" src="https://seal.transport-manager.net/marshall/wp-content/uploads/sites/76/2025/10/GT.png" alt=""></td></tr></tbody></table></figure>



<div class="wp-block-columns is-layout-flex wp-container-core-columns-is-layout-9d6595d7 wp-block-columns-is-layout-flex">
<div class="wp-block-column is-layout-flow wp-block-column-is-layout-flow"><div class="wp-block-image">
<figure class="aligncenter size-full"><a href="https://i.ibb.co/84MppmZK/Prestij-SXCanard-f.png"><img loading="lazy" decoding="async" width="800" height="1000" src="https://seal.transport-manager.net/marshall/wp-content/uploads/sites/76/2026/04/PrestijSXCanard_f.png" alt="" class="wp-image-4499" srcset="https://seal.transport-manager.net/marshall/wp-content/uploads/sites/76/2026/04/PrestijSXCanard_f.png 800w, https://seal.transport-manager.net/marshall/wp-content/uploads/sites/76/2026/04/PrestijSXCanard_f-240x300.png 240w, https://seal.transport-manager.net/marshall/wp-content/uploads/sites/76/2026/04/PrestijSXCanard_f-768x960.png 768w" sizes="auto, (max-width: 800px) 100vw, 800px" /></a><figcaption class="wp-element-caption"><a href="https://i.ibb.co/84MppmZK/Prestij-SXCanard-f.png">cliquez pour agrandir</a></figcaption></figure>
</div></div>



<div class="wp-block-column is-layout-flow wp-block-column-is-layout-flow"><div class="wp-block-image">
<figure class="aligncenter size-full"><a href="https://i.ibb.co/Xxxt1TQb/Prestij-SXCanard-r.png"><img loading="lazy" decoding="async" width="800" height="1000" src="https://seal.transport-manager.net/marshall/wp-content/uploads/sites/76/2026/04/PrestijSXCanard_r.png" alt="" class="wp-image-4500" srcset="https://seal.transport-manager.net/marshall/wp-content/uploads/sites/76/2026/04/PrestijSXCanard_r.png 800w, https://seal.transport-manager.net/marshall/wp-content/uploads/sites/76/2026/04/PrestijSXCanard_r-240x300.png 240w, https://seal.transport-manager.net/marshall/wp-content/uploads/sites/76/2026/04/PrestijSXCanard_r-768x960.png 768w" sizes="auto, (max-width: 800px) 100vw, 800px" /></a><figcaption class="wp-element-caption"><a href="https://i.ibb.co/Xxxt1TQb/Prestij-SXCanard-r.png">cliquez pour agrandir</a></figcaption></figure>
</div></div>
</div>
</div>



<div class="wp-block-column is-layout-flow wp-block-column-is-layout-flow">
<figure class="wp-block-table is-style-stripes"><table class="has-fixed-layout"><tbody><tr><td class="has-text-align-center" data-align="center">gamme</td><td class="has-text-align-center" data-align="center">Prestij</td></tr><tr><td class="has-text-align-center" data-align="center">constructeur</td><td class="has-text-align-center" data-align="center"><img loading="lazy" decoding="async" width="21" height="14" class="wp-image-3126" style="width: 21px" src="https://seal.transport-manager.net/marshall/wp-content/uploads/sites/76/2025/04/Turquia.png" alt=""> Temsa</td></tr><tr><td class="has-text-align-center" data-align="center">catégorie</td><td class="has-text-align-center" data-align="center">midicar de tourisme à gabarit très réduit</td></tr><tr><td class="has-text-align-center" data-align="center">propulsion</td><td class="has-text-align-center" data-align="center"><img loading="lazy" decoding="async" width="61" height="61" class="wp-image-1029" style="width: 61px" src="https://seal.transport-manager.net/marshall/wp-content/uploads/sites/76/2022/10/D.png" alt=""></td></tr><tr><td class="has-text-align-center" data-align="center">commercialisation</td><td class="has-text-align-center" data-align="center">2021-2026</td></tr><tr><td class="has-text-align-center" data-align="center">l x L x h</td><td class="has-text-align-center" data-align="center">7,17 m x 2,26 m x 3,35 m</td></tr><tr><td class="has-text-align-center" data-align="center">capacité</td><td class="has-text-align-center" data-align="center">29 pax</td></tr><tr><td class="has-text-align-center" data-align="center">moteur</td><td class="has-text-align-center" data-align="center">Mitsubishi 4D34-TL<br>3.9 L 4 cylindres en ligne en position longitudinale avant</td></tr><tr><td class="has-text-align-center" data-align="center">puissance</td><td class="has-text-align-center" data-align="center">110 kW &#8211; 150 ch</td></tr><tr><td class="has-text-align-center" data-align="center">site de fabrication</td><td class="has-text-align-center" data-align="center"><img loading="lazy" decoding="async" width="21" height="14" class="wp-image-3126" style="width: 21px" src="https://seal.transport-manager.net/marshall/wp-content/uploads/sites/76/2025/04/Turquia.png" alt=""> Adana</td></tr><tr><td class="has-text-align-center" data-align="center">modèles concurrents<br><em>(en 2026)</em></td><td class="has-text-align-center" data-align="center">Isuzu Novo</td></tr></tbody></table></figure>
</div>
</div>



<h3 class="wp-block-heading">Carrière résumée</h3>



<p>Le Prestij SX de première génération est commandé en 2 exemplaires par Transports Canard en 2026. Nommée TA16100 en interne (<strong>T</strong>ems<strong>a</strong> série 16100), la série est reçue en avril 2026 et intègre la filiale touristique Transports Canard Standing. Les Prestij SX sont destinés aux transports de petits groupes sur des itinéraires étroits ou en milieu urbain dense et n&rsquo;ont ainsi pas de précédent dans la flotte de Transports Canard.</p>



<h3 class="wp-block-heading">Référencement du parc</h3>



<figure class="wp-block-table is-style-stripes"><table><tbody><tr><td class="has-text-align-center" data-align="center">n°</td><td class="has-text-align-center" data-align="center">date de m.e.s</td><td class="has-text-align-center" data-align="center">statut</td><td class="has-text-align-center" data-align="center">affectation courante<br>/ date de retrait</td><td class="has-text-align-center" data-align="center">immat.</td><td>historique des affectations</td></tr><tr><td class="has-text-align-center" data-align="center">TA16101</td><td class="has-text-align-center" data-align="center">6 Avril 2026</td><td class="has-text-align-center" data-align="center">en service</td><td class="has-text-align-center" data-align="center"><img loading="lazy" decoding="async" width="111" height="73" class="wp-image-3979" style="width: 111px" src="https://seal.transport-manager.net/marshall/wp-content/uploads/sites/76/2025/10/Tour.png" alt=""><img loading="lazy" decoding="async" width="111" height="73" class="wp-image-3980" style="width: 111px" src="https://seal.transport-manager.net/marshall/wp-content/uploads/sites/76/2025/10/GT.png" alt=""></td><td class="has-text-align-center" data-align="center">01-676-45</td><td><img loading="lazy" decoding="async" width="111" height="73" class="wp-image-3979" style="width: 55px" src="https://seal.transport-manager.net/marshall/wp-content/uploads/sites/76/2025/10/Tour.png" alt=""><img loading="lazy" decoding="async" width="111" height="73" class="wp-image-3980" style="width: 55px" src="https://seal.transport-manager.net/marshall/wp-content/uploads/sites/76/2025/10/GT.png" alt="">: depuis Avril 2026</td></tr><tr><td class="has-text-align-center" data-align="center">TA16102</td><td class="has-text-align-center" data-align="center">6 Avril 2026</td><td class="has-text-align-center" data-align="center">en service</td><td class="has-text-align-center" data-align="center"><img loading="lazy" decoding="async" width="111" height="73" class="wp-image-3979" style="width: 111px" src="https://seal.transport-manager.net/marshall/wp-content/uploads/sites/76/2025/10/Tour.png" alt=""><img loading="lazy" decoding="async" width="111" height="73" class="wp-image-3980" style="width: 111px" src="https://seal.transport-manager.net/marshall/wp-content/uploads/sites/76/2025/10/GT.png" alt=""></td><td class="has-text-align-center" data-align="center">01-676-46</td><td><img loading="lazy" decoding="async" width="111" height="73" class="wp-image-3979" style="width: 55px" src="https://seal.transport-manager.net/marshall/wp-content/uploads/sites/76/2025/10/Tour.png" alt=""><img loading="lazy" decoding="async" width="111" height="73" class="wp-image-3980" style="width: 55px" src="https://seal.transport-manager.net/marshall/wp-content/uploads/sites/76/2025/10/GT.png" alt="">: depuis Avril 2026</td></tr></tbody></table></figure>

<p>mise en service 2026 statut en service effectif 2 dépôt Delalaune affectation gamme Prestij constructeur Temsa catégorie midicar de tourisme à gabarit très réduit propulsion commercialisation 2021-2026 l x L &#8230; <a title="TA16100 &#8211; Temsa Prestij SX" class="read-more" href="https://seal.transport-manager.net/marshall/ta16100-temsa-prestij-sx/" aria-label="En savoir plus sur TA16100 &#8211; Temsa Prestij SX">Lire la suite</a></p>
