{"id":149,"date":"2021-11-02T19:15:27","date_gmt":"2021-11-02T18:15:27","guid":{"rendered":"https:\/\/seal.transport-manager.net\/melkon\/?page_id=149"},"modified":"2021-11-02T19:15:28","modified_gmt":"2021-11-02T18:15:28","slug":"covid-19","status":"publish","type":"page","link":"https:\/\/seal.transport-manager.net\/melkon\/covid-19\/","title":{"rendered":"Covid-19"},"content":{"rendered":"\n<div class=\"wp-block-columns is-layout-flex wp-container-core-columns-is-layout-9d6595d7 wp-block-columns-is-layout-flex\">\n<div class=\"wp-block-column is-layout-flow wp-block-column-is-layout-flow\">\n<div class=\"wp-block-image\"><figure class=\"aligncenter\"><img decoding=\"async\" src=\"https:\/\/lh3.googleusercontent.com\/YjpCOlO67MoMmeBnbpw4-RWo5GKi1qN7Ce6OLp1esVqwkoJ5sVbc_ZXtf1nT9yQdSLORq-vcqacd_Czj5zl1DWwhOb2DnFN68NRj62EcNHgdkJFvk4qKH60eqHKaQdei4g=w1280\" alt=\"\" \/><\/figure><\/div>\n\n\n\n<p class=\"has-text-align-center\">Face au covid M\u00e9ditrans prend des mesures afin d&rsquo;\u00e9viter sa propagation<\/p>\n<\/div>\n\n\n\n<div class=\"wp-block-column is-layout-flow wp-block-column-is-layout-flow\">\n<div class=\"wp-block-image\"><figure class=\"aligncenter is-resized\"><img loading=\"lazy\" decoding=\"async\" src=\"https:\/\/lh5.googleusercontent.com\/Z7Nqpt9GHRlUhJLNeoiVxYtOvzYJNFZKsj1X8x3pr0tUkz1inTfDXQf4yygtv8lF02kzhZa9qDo6w4WB87wHWCSKJxCqMEZFY3_OtFccVwfBQuHktx_T2TgbOJdOaNtyxw=w1280\" alt=\"\" width=\"169\" height=\"169\" \/><\/figure><\/div>\n\n\n\n<p class=\"has-text-align-center\">Port du masque obligatoire \u00e0 partir de 11 ans et dans tous nos v\u00e9hicules<\/p>\n<\/div>\n\n\n\n<div class=\"wp-block-column is-layout-flow wp-block-column-is-layout-flow\">\n<div class=\"wp-block-image\"><figure class=\"aligncenter is-resized\"><img loading=\"lazy\" decoding=\"async\" src=\"https:\/\/lh3.googleusercontent.com\/1g7y2rrhoGL_oiAETnpnQtz4WiD7R-Xr0Sbf7k58SIlp_o92DPW6KHfQ4kWiEoJxbM0ggrJUKCtvFudRgQCwD3AQYybXxt9MKU87KIRJSjA7L60fPNB5JOVpkna35s0UkA=w1280\" alt=\"\" width=\"217\" height=\"166\" \/><\/figure><\/div>\n\n\n\n<p class=\"has-text-align-center\">Application des gestes barri\u00e8res. Distributeur de gel hydroalcolique dans nos v\u00e9hicules<\/p>\n<\/div>\n<\/div>\n","protected":false},"excerpt":{"rendered":"<p>Face au covid M\u00e9ditrans prend des mesures afin d&rsquo;\u00e9viter sa propagation Port du masque obligatoire \u00e0 partir de 11 ans et dans tous nos v\u00e9hicules Application des gestes barri\u00e8res. Distributeur &hellip; <\/p>\n<p class=\"link-more\"><a href=\"https:\/\/seal.transport-manager.net\/melkon\/covid-19\/\" class=\"more-link\">Continuer la lecture<span class=\"screen-reader-text\"> de &laquo;&nbsp;Covid-19&nbsp;&raquo;<\/span><\/a><\/p>\n","protected":false},"author":140,"featured_media":0,"parent":0,"menu_order":0,"comment_status":"closed","ping_status":"closed","template":"","meta":{"footnotes":""},"class_list":["post-149","page","type-page","status-publish","hentry"],"_links":{"self":[{"href":"https:\/\/seal.transport-manager.net\/melkon\/wp-json\/wp\/v2\/pages\/149","targetHints":{"allow":["GET"]}}],"collection":[{"href":"https:\/\/seal.transport-manager.net\/melkon\/wp-json\/wp\/v2\/pages"}],"about":[{"href":"https:\/\/seal.transport-manager.net\/melkon\/wp-json\/wp\/v2\/types\/page"}],"author":[{"embeddable":true,"href":"https:\/\/seal.transport-manager.net\/melkon\/wp-json\/wp\/v2\/users\/140"}],"replies":[{"embeddable":true,"href":"https:\/\/seal.transport-manager.net\/melkon\/wp-json\/wp\/v2\/comments?post=149"}],"version-history":[{"count":1,"href":"https:\/\/seal.transport-manager.net\/melkon\/wp-json\/wp\/v2\/pages\/149\/revisions"}],"predecessor-version":[{"id":150,"href":"https:\/\/seal.transport-manager.net\/melkon\/wp-json\/wp\/v2\/pages\/149\/revisions\/150"}],"wp:attachment":[{"href":"https:\/\/seal.transport-manager.net\/melkon\/wp-json\/wp\/v2\/media?parent=149"}],"curies":[{"name":"wp","href":"https:\/\/api.w.org\/{rel}","templated":true}]}}