{"id":154,"date":"2025-12-01T15:00:00","date_gmt":"2025-12-01T14:00:00","guid":{"rendered":"https:\/\/seal.transport-manager.net\/miko\/?page_id=154"},"modified":"2025-12-02T16:21:03","modified_gmt":"2025-12-02T15:21:03","slug":"nos-agences","status":"publish","type":"page","link":"https:\/\/seal.transport-manager.net\/miko\/nos-agences\/","title":{"rendered":"Nos Agences"},"content":{"rendered":"\n<p class=\"has-black-color has-white-background-color has-text-color has-background has-link-color wp-elements-9dd3dce3e1ad377734d3210ccf70b77e\">Nos 5 agences vous proposes les services suivants :<\/p>\n\n\n\n<div class=\"wp-block-columns are-vertically-aligned-center is-layout-flex wp-container-core-columns-is-layout-9d6595d7 wp-block-columns-is-layout-flex\">\n<div class=\"wp-block-column is-vertically-aligned-center has-black-color has-white-background-color has-text-color has-background has-link-color wp-elements-1621a9f3a5b30c9948766450905b6f93 is-layout-flow wp-block-column-is-layout-flow\" style=\"flex-basis:100%\">\n<ul class=\"wp-block-list\">\n<li class=\"has-black-color has-text-color has-link-color wp-elements-f0806d1abe30fd7758f7c52449dc7f7b\">Espace Info<\/li>\n\n\n\n<li class=\"has-black-color has-text-color has-link-color wp-elements-feb5a5ad62c3c3fb479a205ffe13efe4\">Espace Conseils<\/li>\n\n\n\n<li class=\"has-black-color has-text-color has-link-color wp-elements-3800141a1e33c82ab4e8270e91da1a59\">Espace Vente<\/li>\n\n\n\n<li class=\"has-black-color has-text-color has-link-color wp-elements-10c212c596c483619b6b857232343272\">Espace Abonnements<\/li>\n<\/ul>\n<\/div>\n<\/div>\n\n\n\n<p class=\"has-black-color has-white-background-color has-text-color has-background has-link-color wp-elements-d7251d3b2d4784bfd0b42592ca4c0aad\">Voici les horaires d&rsquo;ouvertures de nos 5 agences :<\/p>\n\n\n\n<figure class=\"wp-block-table is-style-regular\"><table class=\"has-black-color has-white-background-color has-text-color has-background has-link-color has-fixed-layout\"><tbody><tr><td class=\"has-text-align-center\" data-align=\"center\"><strong>Agences<\/strong><\/td><td class=\"has-text-align-center\" data-align=\"center\"><strong>Lundi &#8211; Vendredi<\/strong><\/td><td class=\"has-text-align-center\" data-align=\"center\"><strong>Samedi<\/strong><\/td><td class=\"has-text-align-center\" data-align=\"center\"><strong>Dimanche<\/strong> <strong>&amp; JF<\/strong><\/td><\/tr><tr><td class=\"has-text-align-center\" data-align=\"center\">Gare Centrale<\/td><td class=\"has-text-align-center\" data-align=\"center\">Ouvert<\/td><td class=\"has-text-align-center\" data-align=\"center\">Ouvert<\/td><td class=\"has-text-align-center\" data-align=\"center\">Ouvert<\/td><\/tr><tr><td class=\"has-text-align-center\" data-align=\"center\">Campus Marthe Gautier<\/td><td class=\"has-text-align-center\" data-align=\"center\">Ouvert<\/td><td class=\"has-text-align-center\" data-align=\"center\">Ouvert<\/td><td class=\"has-text-align-center\" data-align=\"center\">Ouvert<\/td><\/tr><tr><td class=\"has-text-align-center\" data-align=\"center\">A\u00e9roport<\/td><td class=\"has-text-align-center\" data-align=\"center\">Ouvert<\/td><td class=\"has-text-align-center\" data-align=\"center\">Ouvert<\/td><td class=\"has-text-align-center\" data-align=\"center\">Ouvert<\/td><\/tr><tr><td class=\"has-text-align-center\" data-align=\"center\">Campus Alan Turing<\/td><td class=\"has-text-align-center\" data-align=\"center\">Ouvert<\/td><td class=\"has-text-align-center\" data-align=\"center\">Ouvert<\/td><td class=\"has-text-align-center\" data-align=\"center\">Ouvert<\/td><\/tr><tr><td class=\"has-text-align-center\" data-align=\"center\">Gare de l&rsquo;Ouest<\/td><td class=\"has-text-align-center\" data-align=\"center\">Ouvert<\/td><td class=\"has-text-align-center\" data-align=\"center\">Ouvert<\/td><td class=\"has-text-align-center\" data-align=\"center\">Ouvert<br><\/td><\/tr><\/tbody><\/table><\/figure>\n\n\n\n<p>VLR\u00c9, toujours \u00e0 vos c\u00f4t\u00e9s !<\/p>\n\n\n\n<figure class=\"wp-block-image size-large\"><img loading=\"lazy\" decoding=\"async\" width=\"1024\" height=\"341\" src=\"https:\/\/seal.transport-manager.net\/miko\/wp-content\/uploads\/sites\/471\/2025\/12\/2-1024x341.png\" alt=\"\" class=\"wp-image-403\" srcset=\"https:\/\/seal.transport-manager.net\/miko\/wp-content\/uploads\/sites\/471\/2025\/12\/2-1024x341.png 1024w, https:\/\/seal.transport-manager.net\/miko\/wp-content\/uploads\/sites\/471\/2025\/12\/2-300x100.png 300w, https:\/\/seal.transport-manager.net\/miko\/wp-content\/uploads\/sites\/471\/2025\/12\/2-768x256.png 768w, https:\/\/seal.transport-manager.net\/miko\/wp-content\/uploads\/sites\/471\/2025\/12\/2-1232x411.png 1232w, https:\/\/seal.transport-manager.net\/miko\/wp-content\/uploads\/sites\/471\/2025\/12\/2.png 1500w\" sizes=\"auto, (max-width: 1024px) 100vw, 1024px\" \/><\/figure>\n","protected":false},"excerpt":{"rendered":"<p>Nos 5 agences vous proposes les services suivants : Voici les horaires d&rsquo;ouvertures de nos 5 agences : Agences Lundi &#8211; Vendredi Samedi Dimanche &amp; JF Gare Centrale Ouvert Ouvert&nbsp;&hellip;<\/p>\n","protected":false},"author":439,"featured_media":430,"parent":0,"menu_order":0,"comment_status":"closed","ping_status":"closed","template":"","meta":{"footnotes":""},"class_list":["post-154","page","type-page","status-publish","has-post-thumbnail","hentry"],"_links":{"self":[{"href":"https:\/\/seal.transport-manager.net\/miko\/wp-json\/wp\/v2\/pages\/154","targetHints":{"allow":["GET"]}}],"collection":[{"href":"https:\/\/seal.transport-manager.net\/miko\/wp-json\/wp\/v2\/pages"}],"about":[{"href":"https:\/\/seal.transport-manager.net\/miko\/wp-json\/wp\/v2\/types\/page"}],"author":[{"embeddable":true,"href":"https:\/\/seal.transport-manager.net\/miko\/wp-json\/wp\/v2\/users\/439"}],"replies":[{"embeddable":true,"href":"https:\/\/seal.transport-manager.net\/miko\/wp-json\/wp\/v2\/comments?post=154"}],"version-history":[{"count":9,"href":"https:\/\/seal.transport-manager.net\/miko\/wp-json\/wp\/v2\/pages\/154\/revisions"}],"predecessor-version":[{"id":406,"href":"https:\/\/seal.transport-manager.net\/miko\/wp-json\/wp\/v2\/pages\/154\/revisions\/406"}],"wp:featuredmedia":[{"embeddable":true,"href":"https:\/\/seal.transport-manager.net\/miko\/wp-json\/wp\/v2\/media\/430"}],"wp:attachment":[{"href":"https:\/\/seal.transport-manager.net\/miko\/wp-json\/wp\/v2\/media?parent=154"}],"curies":[{"name":"wp","href":"https:\/\/api.w.org\/{rel}","templated":true}]}}