{"id":224,"date":"2025-12-01T15:00:00","date_gmt":"2025-12-01T14:00:00","guid":{"rendered":"https:\/\/seal.transport-manager.net\/miko\/?page_id=224"},"modified":"2026-03-17T20:04:10","modified_gmt":"2026-03-17T19:04:10","slug":"nos-equipes","status":"publish","type":"page","link":"https:\/\/seal.transport-manager.net\/miko\/nos-equipes\/","title":{"rendered":"Nos \u00c9quipes"},"content":{"rendered":"\n<p class=\"has-black-color has-white-background-color has-text-color has-background has-link-color wp-elements-5f38a5c137b7e6a684233c19e41693cb\">D\u00e9couvrez tout nos m\u00e9tiers dans notre entreprise VLR\u00c9 !<\/p>\n\n\n\n<figure class=\"wp-block-table\"><table class=\"has-black-color has-white-background-color has-text-color has-background has-link-color has-fixed-layout\"><tbody><tr><td class=\"has-text-align-center\" data-align=\"center\"><strong>CONDUCTEUR<\/strong><\/td><td class=\"has-text-align-center\" data-align=\"center\"><strong>CONTR\u00d4LEUR<\/strong><\/td><td class=\"has-text-align-center\" data-align=\"center\"><strong>MECANICIEN<\/strong><\/td><td class=\"has-text-align-center\" data-align=\"center\"><strong>COMMERCIAL<\/strong><\/td><td class=\"has-text-align-center\" data-align=\"center\"><strong>VENDEUR<\/strong><\/td><\/tr><tr><td class=\"has-text-align-center\" data-align=\"center\">224<\/td><td class=\"has-text-align-center\" data-align=\"center\">12<\/td><td class=\"has-text-align-center\" data-align=\"center\">2<\/td><td class=\"has-text-align-center\" data-align=\"center\">3<\/td><td class=\"has-text-align-center\" data-align=\"center\">25<\/td><\/tr><\/tbody><\/table><\/figure>\n\n\n\n<figure class=\"wp-block-table\"><table class=\"has-black-color has-white-background-color has-text-color has-background has-link-color has-fixed-layout\"><tbody><tr><td class=\"has-text-align-center\" data-align=\"center\"><strong>SALAIRE MOYENS<\/strong><\/td><td class=\"has-text-align-center\" data-align=\"center\"><strong>\u00c2GE MOYENS<\/strong><\/td><td class=\"has-text-align-center\" data-align=\"center\"><strong>PARIT\u00c9 FEMMES\/HOMMES<\/strong><\/td><\/tr><tr><td class=\"has-text-align-center\" data-align=\"center\">1 410\u20ac<\/td><td class=\"has-text-align-center\" data-align=\"center\">28 Ans<\/td><td class=\"has-text-align-center\" data-align=\"center\">69%<\/td><\/tr><\/tbody><\/table><\/figure>\n\n\n\n<p><\/p>\n","protected":false},"excerpt":{"rendered":"<p>D\u00e9couvrez tout nos m\u00e9tiers dans notre entreprise VLR\u00c9 ! CONDUCTEUR CONTR\u00d4LEUR MECANICIEN COMMERCIAL VENDEUR 224 12 2 3 25 SALAIRE MOYENS \u00c2GE MOYENS PARIT\u00c9 FEMMES\/HOMMES 1 410\u20ac 28 Ans 69%<\/p>\n","protected":false},"author":439,"featured_media":432,"parent":0,"menu_order":0,"comment_status":"closed","ping_status":"closed","template":"","meta":{"footnotes":""},"class_list":["post-224","page","type-page","status-publish","has-post-thumbnail","hentry"],"_links":{"self":[{"href":"https:\/\/seal.transport-manager.net\/miko\/wp-json\/wp\/v2\/pages\/224","targetHints":{"allow":["GET"]}}],"collection":[{"href":"https:\/\/seal.transport-manager.net\/miko\/wp-json\/wp\/v2\/pages"}],"about":[{"href":"https:\/\/seal.transport-manager.net\/miko\/wp-json\/wp\/v2\/types\/page"}],"author":[{"embeddable":true,"href":"https:\/\/seal.transport-manager.net\/miko\/wp-json\/wp\/v2\/users\/439"}],"replies":[{"embeddable":true,"href":"https:\/\/seal.transport-manager.net\/miko\/wp-json\/wp\/v2\/comments?post=224"}],"version-history":[{"count":21,"href":"https:\/\/seal.transport-manager.net\/miko\/wp-json\/wp\/v2\/pages\/224\/revisions"}],"predecessor-version":[{"id":500,"href":"https:\/\/seal.transport-manager.net\/miko\/wp-json\/wp\/v2\/pages\/224\/revisions\/500"}],"wp:featuredmedia":[{"embeddable":true,"href":"https:\/\/seal.transport-manager.net\/miko\/wp-json\/wp\/v2\/media\/432"}],"wp:attachment":[{"href":"https:\/\/seal.transport-manager.net\/miko\/wp-json\/wp\/v2\/media?parent=224"}],"curies":[{"name":"wp","href":"https:\/\/api.w.org\/{rel}","templated":true}]}}