{"id":52,"date":"2021-07-20T22:32:09","date_gmt":"2021-07-20T20:32:09","guid":{"rendered":"https:\/\/seal.transport-manager.net\/mobibus\/?page_id=52"},"modified":"2023-07-17T19:25:58","modified_gmt":"2023-07-17T17:25:58","slug":"accueil","status":"publish","type":"page","link":"https:\/\/seal.transport-manager.net\/mobibus\/","title":{"rendered":"Accueil"},"content":{"rendered":"\n<div class=\"wp-block-columns is-layout-flex wp-container-core-columns-is-layout-28f84493 wp-block-columns-is-layout-flex\">\n<div class=\"wp-block-column is-layout-flow wp-block-column-is-layout-flow\" style=\"flex-basis:100%\">\n<p><strong>Vasiltrans<\/strong> est le r\u00e9seau de transport de l&rsquo;agglom\u00e9ration de <strong>Vasilebsk<\/strong>. Le <strong>r\u00e9seau<\/strong> est actuellement compos\u00e9 de <strong>13 lignes r\u00e9guli\u00e8res, et 2 lignes<\/strong> \u00e0 la <strong>demande<\/strong>. Avec <strong>plus de 130 bus<\/strong>, roulant tous au <strong>Gaz Naturel<\/strong>, ou \u00e0 l&rsquo;\u00e9lectricit\u00e9, Vasiltrans assure la <strong>desserte<\/strong> des plus <strong>grands p\u00f4les<\/strong> de la ville, tout en <strong>s&rsquo;engageant pour l\u2019environnement<\/strong> de l&rsquo;agglom\u00e9ration.<\/p>\n<\/div>\n<\/div>\n\n\n\n<div class=\"wp-block-columns is-layout-flex wp-container-core-columns-is-layout-28f84493 wp-block-columns-is-layout-flex\">\n<div class=\"wp-block-column is-layout-flow wp-block-column-is-layout-flow\" style=\"flex-basis:100%\"><\/div>\n<\/div>\n\n\n\n<p class=\"has-text-align-center has-text-color has-large-font-size\" style=\"color:#b2141e\"><strong>Informations<\/strong><\/p>\n\n\n<ul class=\"wp-block-latest-posts__list is-grid columns-5 has-dates alignwide wp-block-latest-posts\"><li><a class=\"wp-block-latest-posts__post-title\" href=\"https:\/\/seal.transport-manager.net\/mobibus\/2024\/07\/22\/navettes-jeux-des-nations\/\">Navettes Jeux des Nations<\/a><time datetime=\"2024-07-22T18:06:25+02:00\" class=\"wp-block-latest-posts__post-date\">22 juillet 2024<\/time><div class=\"wp-block-latest-posts__post-excerpt\">Les Jeux des Nations s&rsquo;installent \u00e0 Vasilebsk ! Profitez des navettes mises en place pour vous rendre aux diff\u00e9rents lieux des \u00e9preuves, ou dans la fan zone !Deux tarifs sp\u00e9ciaux sont propos\u00e9s : le ticket 1 trajet \u00e0 2\u20ac, et le Pass Journ\u00e9e \u00e0 5\u20ac. Les abonnements et autres tickets [&hellip;]<\/div><\/li>\n<li><a class=\"wp-block-latest-posts__post-title\" href=\"https:\/\/seal.transport-manager.net\/mobibus\/2024\/06\/14\/navette-plages\/\">Navette Plages<\/a><time datetime=\"2024-06-14T14:34:33+02:00\" class=\"wp-block-latest-posts__post-date\">14 juin 2024<\/time><div class=\"wp-block-latest-posts__post-excerpt\">Du 22 juin au 15 septembre, rendez vous sur les plages de Naubourg, au d\u00e9part de Vasilebsk, de mani\u00e8re \u00e9cologique (Cars roulant au Gaz Naturel) !Retrouvez les horaires ci-dessous :<\/div><\/li>\n<li><a class=\"wp-block-latest-posts__post-title\" href=\"https:\/\/seal.transport-manager.net\/mobibus\/2024\/02\/21\/deplacement-de-larret-gare-centrale\/\">D\u00e9placement de l&rsquo;arr\u00eat \u00ab\u00a0Gare Centrale\u00a0\u00bb<\/a><time datetime=\"2024-02-21T12:12:11+01:00\" class=\"wp-block-latest-posts__post-date\">21 f\u00e9vrier 2024<\/time><div class=\"wp-block-latest-posts__post-excerpt\">Les travaux du nouveau P\u00f4le d&rsquo;\u00c9change Multimodal de la Gare Centrale \u00e9tant finis, les lignes du r\u00e9seau le r\u00e9int\u00e9grerons selon le plan ci-dessous. L&rsquo;arr\u00eat provisoire mis en place ne sera donc plus desservi.<\/div><\/li>\n<\/ul>","protected":false},"excerpt":{"rendered":"<p>Vasiltrans est le r\u00e9seau de transport de l&rsquo;agglom\u00e9ration de Vasilebsk. Le r\u00e9seau est actuellement compos\u00e9 de 13 lignes r\u00e9guli\u00e8res, et 2 lignes \u00e0 la demande. Avec plus de 130 bus, roulant tous au Gaz Naturel, ou \u00e0 l&rsquo;\u00e9lectricit\u00e9, Vasiltrans assure la desserte des plus grands p\u00f4les de la ville, tout [&hellip;]<\/p>\n","protected":false},"author":33,"featured_media":0,"parent":0,"menu_order":0,"comment_status":"closed","ping_status":"closed","template":"","meta":{"footnotes":""},"class_list":["post-52","page","type-page","status-publish","hentry"],"_links":{"self":[{"href":"https:\/\/seal.transport-manager.net\/mobibus\/wp-json\/wp\/v2\/pages\/52","targetHints":{"allow":["GET"]}}],"collection":[{"href":"https:\/\/seal.transport-manager.net\/mobibus\/wp-json\/wp\/v2\/pages"}],"about":[{"href":"https:\/\/seal.transport-manager.net\/mobibus\/wp-json\/wp\/v2\/types\/page"}],"author":[{"embeddable":true,"href":"https:\/\/seal.transport-manager.net\/mobibus\/wp-json\/wp\/v2\/users\/33"}],"replies":[{"embeddable":true,"href":"https:\/\/seal.transport-manager.net\/mobibus\/wp-json\/wp\/v2\/comments?post=52"}],"version-history":[{"count":21,"href":"https:\/\/seal.transport-manager.net\/mobibus\/wp-json\/wp\/v2\/pages\/52\/revisions"}],"predecessor-version":[{"id":269,"href":"https:\/\/seal.transport-manager.net\/mobibus\/wp-json\/wp\/v2\/pages\/52\/revisions\/269"}],"wp:attachment":[{"href":"https:\/\/seal.transport-manager.net\/mobibus\/wp-json\/wp\/v2\/media?parent=52"}],"curies":[{"name":"wp","href":"https:\/\/api.w.org\/{rel}","templated":true}]}}