{"id":31,"date":"2024-02-28T23:05:53","date_gmt":"2024-02-28T22:05:53","guid":{"rendered":"https:\/\/seal.transport-manager.net\/mrexx\/?page_id=31"},"modified":"2024-05-29T13:31:50","modified_gmt":"2024-05-29T11:31:50","slug":"%f0%9f%8e%ab-nos-ticket","status":"publish","type":"page","link":"https:\/\/seal.transport-manager.net\/mrexx\/%f0%9f%8e%ab-nos-ticket\/","title":{"rendered":"\ud83c\udfab NOS Ticket"},"content":{"rendered":"\n<p><strong>MOBILIX<\/strong>&nbsp;propose deux types de billets pour faciliter vos d\u00e9placements :<\/p>\n\n\n\n<ol class=\"wp-block-list\">\n<li><strong>MOBIFLEX<\/strong>&nbsp;(ticket unitaire) : Ce billet est valable pendant&nbsp;<strong>2 heures<\/strong>&nbsp;et vous permet de voyager librement sur l\u2019ensemble du r\u00e9seau, sans contrainte de trajet ni de correspondance.<\/li>\n\n\n\n<li><strong>MOBIDAY<\/strong>&nbsp;(ticket 24 heures) : Ce billet vous offre une journ\u00e9e compl\u00e8te de d\u00e9placements illimit\u00e9s sur tous les itin\u00e9raires de notre r\u00e9seau.<\/li>\n<\/ol>\n\n\n\n<p>Profitez de la flexibilit\u00e9 de nos billets pour explorer la ville en toute libert\u00e9 ! \ud83d\ude8c\ud83c\udfab<\/p>\n\n\n\n<figure class=\"wp-block-table is-style-regular\"><table class=\"has-black-color has-cool-to-warm-spectrum-gradient-background has-text-color has-background has-link-color has-fixed-layout\"><thead><tr><th class=\"has-text-align-center\" data-align=\"center\"><strong>Titre<\/strong><\/th><th class=\"has-text-align-center\" data-align=\"center\"><strong>dur\u00e9e de validit\u00e9<\/strong><\/th><th class=\"has-text-align-center\" data-align=\"center\"><strong>Tarif 2022-2023<\/strong><\/th><th class=\"has-text-align-center\" data-align=\"center\"><strong> images de nos tickets<\/strong><\/th><\/tr><\/thead><tbody><tr><td class=\"has-text-align-center\" data-align=\"center\"><strong>MOBIFLEX<\/strong>&nbsp;<\/td><td class=\"has-text-align-center\" data-align=\"center\">valable <strong>2h30<\/strong><\/td><td class=\"has-text-align-center\" data-align=\"center\">1,70 \u20ac<\/td><td class=\"has-text-align-center\" data-align=\"center\"><img loading=\"lazy\" decoding=\"async\" width=\"1449\" height=\"596\" class=\"wp-image-145\" style=\"width: 150px\" src=\"https:\/\/seal.transport-manager.net\/mrexx\/wp-content\/uploads\/sites\/403\/2024\/05\/Group-230.png\" alt=\"\" srcset=\"https:\/\/seal.transport-manager.net\/mrexx\/wp-content\/uploads\/sites\/403\/2024\/05\/Group-230.png 1449w, https:\/\/seal.transport-manager.net\/mrexx\/wp-content\/uploads\/sites\/403\/2024\/05\/Group-230-300x123.png 300w, https:\/\/seal.transport-manager.net\/mrexx\/wp-content\/uploads\/sites\/403\/2024\/05\/Group-230-1024x421.png 1024w, https:\/\/seal.transport-manager.net\/mrexx\/wp-content\/uploads\/sites\/403\/2024\/05\/Group-230-768x316.png 768w, https:\/\/seal.transport-manager.net\/mrexx\/wp-content\/uploads\/sites\/403\/2024\/05\/Group-230-1232x507.png 1232w\" sizes=\"auto, (max-width: 1449px) 100vw, 1449px\" \/><\/td><\/tr><tr><td class=\"has-text-align-center\" data-align=\"center\"><strong>MOBIDAY<\/strong>&nbsp;<\/td><td class=\"has-text-align-center\" data-align=\"center\">valable <strong>24h <\/strong><\/td><td class=\"has-text-align-center\" data-align=\"center\">5,00 \u20ac<\/td><td class=\"has-text-align-center\" data-align=\"center\"><img loading=\"lazy\" decoding=\"async\" width=\"1449\" height=\"596\" class=\"wp-image-146\" style=\"width: 150px\" src=\"https:\/\/seal.transport-manager.net\/mrexx\/wp-content\/uploads\/sites\/403\/2024\/05\/Group-231.png\" alt=\"\" srcset=\"https:\/\/seal.transport-manager.net\/mrexx\/wp-content\/uploads\/sites\/403\/2024\/05\/Group-231.png 1449w, https:\/\/seal.transport-manager.net\/mrexx\/wp-content\/uploads\/sites\/403\/2024\/05\/Group-231-300x123.png 300w, https:\/\/seal.transport-manager.net\/mrexx\/wp-content\/uploads\/sites\/403\/2024\/05\/Group-231-1024x421.png 1024w, https:\/\/seal.transport-manager.net\/mrexx\/wp-content\/uploads\/sites\/403\/2024\/05\/Group-231-768x316.png 768w, https:\/\/seal.transport-manager.net\/mrexx\/wp-content\/uploads\/sites\/403\/2024\/05\/Group-231-1232x507.png 1232w\" sizes=\"auto, (max-width: 1449px) 100vw, 1449px\" \/><\/td><\/tr><\/tbody><\/table><\/figure>\n","protected":false},"excerpt":{"rendered":"<p>MOBILIX&nbsp;propose deux types de billets pour faciliter vos d\u00e9placements : Profitez de la flexibilit\u00e9 de nos billets pour explorer la ville en toute libert\u00e9 ! \ud83d\ude8c\ud83c\udfab Titre dur\u00e9e de validit\u00e9&nbsp;&hellip;<\/p>\n","protected":false},"author":446,"featured_media":42,"parent":0,"menu_order":0,"comment_status":"closed","ping_status":"closed","template":"","meta":{"footnotes":""},"class_list":["post-31","page","type-page","status-publish","has-post-thumbnail","hentry"],"_links":{"self":[{"href":"https:\/\/seal.transport-manager.net\/mrexx\/wp-json\/wp\/v2\/pages\/31","targetHints":{"allow":["GET"]}}],"collection":[{"href":"https:\/\/seal.transport-manager.net\/mrexx\/wp-json\/wp\/v2\/pages"}],"about":[{"href":"https:\/\/seal.transport-manager.net\/mrexx\/wp-json\/wp\/v2\/types\/page"}],"author":[{"embeddable":true,"href":"https:\/\/seal.transport-manager.net\/mrexx\/wp-json\/wp\/v2\/users\/446"}],"replies":[{"embeddable":true,"href":"https:\/\/seal.transport-manager.net\/mrexx\/wp-json\/wp\/v2\/comments?post=31"}],"version-history":[{"count":4,"href":"https:\/\/seal.transport-manager.net\/mrexx\/wp-json\/wp\/v2\/pages\/31\/revisions"}],"predecessor-version":[{"id":148,"href":"https:\/\/seal.transport-manager.net\/mrexx\/wp-json\/wp\/v2\/pages\/31\/revisions\/148"}],"wp:featuredmedia":[{"embeddable":true,"href":"https:\/\/seal.transport-manager.net\/mrexx\/wp-json\/wp\/v2\/media\/42"}],"wp:attachment":[{"href":"https:\/\/seal.transport-manager.net\/mrexx\/wp-json\/wp\/v2\/media?parent=31"}],"curies":[{"name":"wp","href":"https:\/\/api.w.org\/{rel}","templated":true}]}}