{"id":31,"date":"2022-07-14T22:41:06","date_gmt":"2022-07-14T20:41:06","guid":{"rendered":"https:\/\/seal.transport-manager.net\/mrrinbod\/?page_id=31"},"modified":"2022-09-27T13:06:20","modified_gmt":"2022-09-27T11:06:20","slug":"notre-histoire","status":"publish","type":"page","link":"https:\/\/seal.transport-manager.net\/mrrinbod\/notre-histoire\/","title":{"rendered":"R&rsquo;Mobilit\u00e9 Story"},"content":{"rendered":"\n<p>R&rsquo;Mobilit\u00e9 \u00e0 \u00e9t\u00e9 cr\u00e9e en 2022 pour suivre les objectifs de la nouvelle m\u00e9tropole constitu\u00e9e de Rinbodville et ses alentours (R&rsquo;M\u00e9tropole) et faisant suite \u00e0 la derni\u00e8re soci\u00e9t\u00e9 de transport qui avait fait faillite en 2020.<br>Nous avons de nombreux objectifs sociaux, soci\u00e9taux et environnementaux pour rendre la vie plus agr\u00e9able \u00e0 Rinbodville<br>La soci\u00e9t\u00e9 de transport est aujourd&rsquo;hui dirig\u00e9e par MrRinbod.<\/p>\n\n\n\n<p>R&rsquo;Mobilit\u00e9 fait partie de l&rsquo;alliance Lut\u00e8ce Group depuis le 8 septembre 2022.<\/p>\n","protected":false},"excerpt":{"rendered":"<p>R&rsquo;Mobilit\u00e9 \u00e0 \u00e9t\u00e9 cr\u00e9e en 2022 pour suivre les objectifs de la nouvelle m\u00e9tropole constitu\u00e9e de Rinbodville et ses alentours (R&rsquo;M\u00e9tropole) et faisant suite \u00e0 la derni\u00e8re soci\u00e9t\u00e9 de transport&nbsp;&hellip;<\/p>\n","protected":false},"author":260,"featured_media":0,"parent":0,"menu_order":4,"comment_status":"closed","ping_status":"closed","template":"page-no-separators","meta":{"footnotes":""},"class_list":["post-31","page","type-page","status-publish","hentry"],"_links":{"self":[{"href":"https:\/\/seal.transport-manager.net\/mrrinbod\/wp-json\/wp\/v2\/pages\/31","targetHints":{"allow":["GET"]}}],"collection":[{"href":"https:\/\/seal.transport-manager.net\/mrrinbod\/wp-json\/wp\/v2\/pages"}],"about":[{"href":"https:\/\/seal.transport-manager.net\/mrrinbod\/wp-json\/wp\/v2\/types\/page"}],"author":[{"embeddable":true,"href":"https:\/\/seal.transport-manager.net\/mrrinbod\/wp-json\/wp\/v2\/users\/260"}],"replies":[{"embeddable":true,"href":"https:\/\/seal.transport-manager.net\/mrrinbod\/wp-json\/wp\/v2\/comments?post=31"}],"version-history":[{"count":5,"href":"https:\/\/seal.transport-manager.net\/mrrinbod\/wp-json\/wp\/v2\/pages\/31\/revisions"}],"predecessor-version":[{"id":320,"href":"https:\/\/seal.transport-manager.net\/mrrinbod\/wp-json\/wp\/v2\/pages\/31\/revisions\/320"}],"wp:attachment":[{"href":"https:\/\/seal.transport-manager.net\/mrrinbod\/wp-json\/wp\/v2\/media?parent=31"}],"curies":[{"name":"wp","href":"https:\/\/api.w.org\/{rel}","templated":true}]}}